{"id":10019,"date":"2023-05-15T16:33:07","date_gmt":"2023-05-15T19:33:07","guid":{"rendered":"https:\/\/www.fira.edu.br\/repositorio\/?post_type=tnc_col_5_item&#038;p=10019"},"modified":"2023-05-15T16:40:24","modified_gmt":"2023-05-15T19:40:24","slug":"perimetro-e-areas-de-figuras-geometricas-planas","status":"publish","type":"tnc_col_5_item","link":"https:\/\/www.fira.edu.br\/repositorio\/artigos\/perimetro-e-areas-de-figuras-geometricas-planas\/","title":{"rendered":"PER\u00cdMETRO E \u00c1REAS DE FIGURAS GEOM\u00c9TRICAS PLANAS"},"content":{"rendered":"<p>Este trabalho trata-se de um estudo sobre \u00e1rea e per\u00edmetro das figuras planas, tendo como objetivo detectar os erros e acertos dos alunos referentes \u00e1 este conte\u00fado, propondo uma  discuss\u00e3o para analisar a raz\u00e3o dos erros cometidos e encontrar poss\u00edveis maneiras para a  compreens\u00e3o do conte\u00fado, mostrando aos alunos uma forma mais simples e direta ,  desenvolvendo exerc\u00edcios para um melhor alcance deste objetivo.<\/p>\n","protected":false},"featured_media":10022,"parent":0,"menu_order":0,"comment_status":"closed","ping_status":"closed","template":"","format":"standard","class_list":["post-10019","tnc_col_5_item","type-tnc_col_5_item","status-publish","format-standard","has-post-thumbnail","hentry"],"_links":{"self":[{"href":"https:\/\/www.fira.edu.br\/repositorio\/wp-json\/wp\/v2\/tnc_col_5_item\/10019","targetHints":{"allow":["GET"]}}],"collection":[{"href":"https:\/\/www.fira.edu.br\/repositorio\/wp-json\/wp\/v2\/tnc_col_5_item"}],"about":[{"href":"https:\/\/www.fira.edu.br\/repositorio\/wp-json\/wp\/v2\/types\/tnc_col_5_item"}],"replies":[{"embeddable":true,"href":"https:\/\/www.fira.edu.br\/repositorio\/wp-json\/wp\/v2\/comments?post=10019"}],"version-history":[{"count":1,"href":"https:\/\/www.fira.edu.br\/repositorio\/wp-json\/wp\/v2\/tnc_col_5_item\/10019\/revisions"}],"predecessor-version":[{"id":10041,"href":"https:\/\/www.fira.edu.br\/repositorio\/wp-json\/wp\/v2\/tnc_col_5_item\/10019\/revisions\/10041"}],"wp:featuredmedia":[{"embeddable":true,"href":"https:\/\/www.fira.edu.br\/repositorio\/wp-json\/wp\/v2\/media\/10022"}],"wp:attachment":[{"href":"https:\/\/www.fira.edu.br\/repositorio\/wp-json\/wp\/v2\/media?parent=10019"}],"curies":[{"name":"wp","href":"https:\/\/api.w.org\/{rel}","templated":true}]}}

PERÍMETRO E ÁREAS DE FIGURAS GEOMÉTRICAS PLANAS

<p>Este trabalho trata-se de um estudo sobre área e perímetro das figuras planas, tendo como objetivo detectar os erros e acertos dos alunos referentes á este conteúdo, propondo uma  discussão para analisar a razão dos erros cometidos e encontrar possíveis maneiras para a  compreensão do conteúdo, mostrando aos alunos uma forma mais simples e direta ,  desenvolvendo exercícios para um melhor alcance deste objetivo.</p>
