{"id":10097,"date":"2023-05-22T16:39:03","date_gmt":"2023-05-22T19:39:03","guid":{"rendered":"https:\/\/www.fira.edu.br\/repositorio\/?post_type=tnc_col_5_item&#038;p=10097"},"modified":"2023-05-22T16:41:56","modified_gmt":"2023-05-22T19:41:56","slug":"a-consolidacao-da-lingua-portuguesa-no-brasil","status":"publish","type":"tnc_col_5_item","link":"https:\/\/www.fira.edu.br\/repositorio\/artigos\/a-consolidacao-da-lingua-portuguesa-no-brasil\/","title":{"rendered":"A CONSOLIDA\u00c7\u00c3O DA L\u00cdNGUA PORTUGUESA NO BRASIL"},"content":{"rendered":"<p>Uma das caracter\u00edsticas da sociedade brasileira, fruto da heran\u00e7a cultural deixada aqui pelos colonizadores portugueses, frei a l\u00edngua. A l\u00edngua portuguesa \u00e9 hoje nossa l\u00edngua oficial, e embora hoje se possa perceber a variedade de dialetos dikrentes em nosso pa\u00eds, nas escolas nos \u00e9 ensinado a norma culta de nossa l\u00edngua oficial, O portugu\u00eas. Por\u00e9m nem sempre foi assim, a princ\u00edpio era usada como l\u00edngua de comunica\u00e7\u00e3o urna l\u00edngua geral. que tinha como base de sua constru\u00e7\u00e3o l\u00ednguas dos nativos que viviam na regi\u00e3o. Com o passar do tempo, e conforme as novas necessidades, a l\u00edngua portuguesa vai ganhando espa\u00e7o na nova sociedade brasileira. Sua difus\u00e3o por esse extenso territ\u00f3rio se dar\u00e1, principalmente, com o negro, este que, for\u00e7ado a aprender essa nova l\u00edngua para conseguir se comunicar nesse ambiente em que foi inserido contra sua vontade, vai acabar a levando pelos territ\u00f3rios em que fiar requisitado. E assim vai a l\u00edngua portuguesa se consolidando nesse extenso territ\u00f3rio brasileiro.<\/p>\n","protected":false},"featured_media":10100,"parent":0,"menu_order":0,"comment_status":"closed","ping_status":"closed","template":"","format":"standard","class_list":["post-10097","tnc_col_5_item","type-tnc_col_5_item","status-publish","format-standard","has-post-thumbnail","hentry"],"_links":{"self":[{"href":"https:\/\/www.fira.edu.br\/repositorio\/wp-json\/wp\/v2\/tnc_col_5_item\/10097","targetHints":{"allow":["GET"]}}],"collection":[{"href":"https:\/\/www.fira.edu.br\/repositorio\/wp-json\/wp\/v2\/tnc_col_5_item"}],"about":[{"href":"https:\/\/www.fira.edu.br\/repositorio\/wp-json\/wp\/v2\/types\/tnc_col_5_item"}],"replies":[{"embeddable":true,"href":"https:\/\/www.fira.edu.br\/repositorio\/wp-json\/wp\/v2\/comments?post=10097"}],"version-history":[{"count":1,"href":"https:\/\/www.fira.edu.br\/repositorio\/wp-json\/wp\/v2\/tnc_col_5_item\/10097\/revisions"}],"predecessor-version":[{"id":10116,"href":"https:\/\/www.fira.edu.br\/repositorio\/wp-json\/wp\/v2\/tnc_col_5_item\/10097\/revisions\/10116"}],"wp:featuredmedia":[{"embeddable":true,"href":"https:\/\/www.fira.edu.br\/repositorio\/wp-json\/wp\/v2\/media\/10100"}],"wp:attachment":[{"href":"https:\/\/www.fira.edu.br\/repositorio\/wp-json\/wp\/v2\/media?parent=10097"}],"curies":[{"name":"wp","href":"https:\/\/api.w.org\/{rel}","templated":true}]}}

A CONSOLIDAÇÃO DA LÍNGUA PORTUGUESA NO BRASIL

<p>Uma das características da sociedade brasileira, fruto da herança cultural deixada aqui pelos colonizadores portugueses, frei a língua. A língua portuguesa é hoje nossa língua oficial, e embora hoje se possa perceber a variedade de dialetos dikrentes em nosso país, nas escolas nos é ensinado a norma culta de nossa língua oficial, O português. Porém nem sempre foi assim, a princípio era usada como língua de comunicação urna língua geral. que tinha como base de sua construção línguas dos nativos que viviam na região. Com o passar do tempo, e conforme as novas necessidades, a língua portuguesa vai ganhando espaço na nova sociedade brasileira. Sua difusão por esse extenso território se dará, principalmente, com o negro, este que, forçado a aprender essa nova língua para conseguir se comunicar nesse ambiente em que foi inserido contra sua vontade, vai acabar a levando pelos territórios em que fiar requisitado. E assim vai a língua portuguesa se consolidando nesse extenso território brasileiro.</p>
