{"id":10669,"date":"2023-07-24T15:42:58","date_gmt":"2023-07-24T18:42:58","guid":{"rendered":"https:\/\/www.fira.edu.br\/repositorio\/?post_type=tnc_col_5_item&#038;p=10669"},"modified":"2023-07-24T15:46:24","modified_gmt":"2023-07-24T18:46:24","slug":"educacao-humanitaria-conscientizacao-para-o-bem-estar-de-animais-domesticos","status":"publish","type":"tnc_col_5_item","link":"https:\/\/www.fira.edu.br\/repositorio\/artigos\/educacao-humanitaria-conscientizacao-para-o-bem-estar-de-animais-domesticos\/","title":{"rendered":"EDUCA\u00c7\u00c3O HUMANIT\u00c1RIA: CONSCIENTIZA\u00c7\u00c3O PARA O BEM ESTAR DE ANIMAIS DOM\u00c9STICOS"},"content":{"rendered":"<p>O n\u00famero de animais abandonados no Brasil aumenta a cada ano, chegando a um total de 30 milh\u00f5es. A principal causa pode ser a falta de informa\u00e7\u00e3o sobre os cuidados que promovem o bem estar animal, acarretando doen\u00e7as nos animais e humanas, o abandono e, consequentemente, a superpopula\u00e7\u00e3o destes animais nas ruas. Por isso \u00e9 importante a\u00e7\u00f5es que promovam a educa\u00e7\u00e3o humanit\u00e1ria nas escolas, ensinando os alunos os cuidados aos animais, responsabilizando-se pela sua posse. Assim, o objetivo do presente trabalho foi desenvolver uma interven\u00e7\u00e3o de educa\u00e7\u00e3o humanit\u00e1ria a fim de conscientizar alunos sobre a necessidade de cuidados aos animais, evitando maus tratos e abandono. Para tanto, foi realizada uma a\u00e7\u00e3o de conscientiza\u00e7\u00e3o com uma apresenta\u00e7\u00e3o oral seguida de uma avalia\u00e7\u00e3o do entendimento dos alunos sobre o tema. Participaram da interven\u00e7\u00e3o 174 alunos do 6\u00b0 ao 8\u00b0 ano do Ensino Fundamental, com idade entre 11 e 13 anos, que apresentaram participa\u00e7\u00e3o bastante satisfat\u00f3ria. Todos os participantes responderam adequadamente os question\u00e1rios aplicados ap\u00f3s a apresenta\u00e7\u00e3o. Diante dos resultados obtidos, acredita-se que houve uma intensa sensibiliza\u00e7\u00e3o e conscientiza\u00e7\u00e3o dos alunos participantes. Faz-se necess\u00e1rio ressaltar a import\u00e2ncia de interven\u00e7\u00f5es deste tipo, nas mais variadas faixas et\u00e1rias.<\/p>\n","protected":false},"featured_media":10672,"parent":0,"menu_order":0,"comment_status":"closed","ping_status":"closed","template":"","format":"standard","class_list":["post-10669","tnc_col_5_item","type-tnc_col_5_item","status-publish","format-standard","has-post-thumbnail","hentry"],"_links":{"self":[{"href":"https:\/\/www.fira.edu.br\/repositorio\/wp-json\/wp\/v2\/tnc_col_5_item\/10669","targetHints":{"allow":["GET"]}}],"collection":[{"href":"https:\/\/www.fira.edu.br\/repositorio\/wp-json\/wp\/v2\/tnc_col_5_item"}],"about":[{"href":"https:\/\/www.fira.edu.br\/repositorio\/wp-json\/wp\/v2\/types\/tnc_col_5_item"}],"replies":[{"embeddable":true,"href":"https:\/\/www.fira.edu.br\/repositorio\/wp-json\/wp\/v2\/comments?post=10669"}],"version-history":[{"count":1,"href":"https:\/\/www.fira.edu.br\/repositorio\/wp-json\/wp\/v2\/tnc_col_5_item\/10669\/revisions"}],"predecessor-version":[{"id":10687,"href":"https:\/\/www.fira.edu.br\/repositorio\/wp-json\/wp\/v2\/tnc_col_5_item\/10669\/revisions\/10687"}],"wp:featuredmedia":[{"embeddable":true,"href":"https:\/\/www.fira.edu.br\/repositorio\/wp-json\/wp\/v2\/media\/10672"}],"wp:attachment":[{"href":"https:\/\/www.fira.edu.br\/repositorio\/wp-json\/wp\/v2\/media?parent=10669"}],"curies":[{"name":"wp","href":"https:\/\/api.w.org\/{rel}","templated":true}]}}

EDUCAÇÃO HUMANITÁRIA: CONSCIENTIZAÇÃO PARA O BEM ESTAR DE ANIMAIS DOMÉSTICOS

<p>O número de animais abandonados no Brasil aumenta a cada ano, chegando a um total de 30 milhões. A principal causa pode ser a falta de informação sobre os cuidados que promovem o bem estar animal, acarretando doenças nos animais e humanas, o abandono e, consequentemente, a superpopulação destes animais nas ruas. Por isso é importante ações que promovam a educação humanitária nas escolas, ensinando os alunos os cuidados aos animais, responsabilizando-se pela sua posse. Assim, o objetivo do presente trabalho foi desenvolver uma intervenção de educação humanitária a fim de conscientizar alunos sobre a necessidade de cuidados aos animais, evitando maus tratos e abandono. Para tanto, foi realizada uma ação de conscientização com uma apresentação oral seguida de uma avaliação do entendimento dos alunos sobre o tema. Participaram da intervenção 174 alunos do 6° ao 8° ano do Ensino Fundamental, com idade entre 11 e 13 anos, que apresentaram participação bastante satisfatória. Todos os participantes responderam adequadamente os questionários aplicados após a apresentação. Diante dos resultados obtidos, acredita-se que houve uma intensa sensibilização e conscientização dos alunos participantes. Faz-se necessário ressaltar a importância de intervenções deste tipo, nas mais variadas faixas etárias.</p>
