{"id":10689,"date":"2023-07-24T15:46:57","date_gmt":"2023-07-24T18:46:57","guid":{"rendered":"https:\/\/www.fira.edu.br\/repositorio\/?post_type=tnc_col_5_item&#038;p=10689"},"modified":"2023-07-24T15:51:47","modified_gmt":"2023-07-24T18:51:47","slug":"levantamento-floristico-no-cerrado-paulista","status":"publish","type":"tnc_col_5_item","link":"https:\/\/www.fira.edu.br\/repositorio\/artigos\/levantamento-floristico-no-cerrado-paulista\/","title":{"rendered":"LEVANTAMENTO FLOR\u00cdSTICO NO CERRADO PAULISTA."},"content":{"rendered":"<p>Seis grandes biomas constituem o territ\u00f3rio brasileiro, todos sistematicamente definidos, organizados e situados pelo Instituto Brasileiro de Geografia e Estat\u00edstica (IBGE), em parceria com o Minist\u00e9rio do Meio Ambiente (MMA), sendo: Amaz\u00f4nia, Cerrado, Caatinga, Mata Atl\u00e2ntica, Pantanal e Pampa (MIRANDA, FONSECA, 2013).<\/p>\n","protected":false},"featured_media":10692,"parent":0,"menu_order":0,"comment_status":"closed","ping_status":"closed","template":"","format":"standard","class_list":["post-10689","tnc_col_5_item","type-tnc_col_5_item","status-publish","format-standard","has-post-thumbnail","hentry"],"_links":{"self":[{"href":"https:\/\/www.fira.edu.br\/repositorio\/wp-json\/wp\/v2\/tnc_col_5_item\/10689","targetHints":{"allow":["GET"]}}],"collection":[{"href":"https:\/\/www.fira.edu.br\/repositorio\/wp-json\/wp\/v2\/tnc_col_5_item"}],"about":[{"href":"https:\/\/www.fira.edu.br\/repositorio\/wp-json\/wp\/v2\/types\/tnc_col_5_item"}],"replies":[{"embeddable":true,"href":"https:\/\/www.fira.edu.br\/repositorio\/wp-json\/wp\/v2\/comments?post=10689"}],"version-history":[{"count":1,"href":"https:\/\/www.fira.edu.br\/repositorio\/wp-json\/wp\/v2\/tnc_col_5_item\/10689\/revisions"}],"predecessor-version":[{"id":10719,"href":"https:\/\/www.fira.edu.br\/repositorio\/wp-json\/wp\/v2\/tnc_col_5_item\/10689\/revisions\/10719"}],"wp:featuredmedia":[{"embeddable":true,"href":"https:\/\/www.fira.edu.br\/repositorio\/wp-json\/wp\/v2\/media\/10692"}],"wp:attachment":[{"href":"https:\/\/www.fira.edu.br\/repositorio\/wp-json\/wp\/v2\/media?parent=10689"}],"curies":[{"name":"wp","href":"https:\/\/api.w.org\/{rel}","templated":true}]}}

LEVANTAMENTO FLORÍSTICO NO CERRADO PAULISTA.

<p>Seis grandes biomas constituem o território brasileiro, todos sistematicamente definidos, organizados e situados pelo Instituto Brasileiro de Geografia e Estatística (IBGE), em parceria com o Ministério do Meio Ambiente (MMA), sendo: Amazônia, Cerrado, Caatinga, Mata Atlântica, Pantanal e Pampa (MIRANDA, FONSECA, 2013).</p>
