{"id":10721,"date":"2023-07-24T15:52:20","date_gmt":"2023-07-24T18:52:20","guid":{"rendered":"https:\/\/www.fira.edu.br\/repositorio\/?post_type=tnc_col_5_item&#038;p=10721"},"modified":"2023-07-24T15:59:21","modified_gmt":"2023-07-24T18:59:21","slug":"levantamento-de-plantas-medicinais-utilizadas-por-familiares-e-alunos-da-e-e-dr-paulo-araujo-novaes-no-municipio-de-avare-sp","status":"publish","type":"tnc_col_5_item","link":"https:\/\/www.fira.edu.br\/repositorio\/artigos\/levantamento-de-plantas-medicinais-utilizadas-por-familiares-e-alunos-da-e-e-dr-paulo-araujo-novaes-no-municipio-de-avare-sp\/","title":{"rendered":"LEVANTAMENTO DE PLANTAS MEDICINAIS UTILIZADAS POR FAMILIARES E ALUNOS DA E. E. Dr. PAULO ARA\u00daJO NOVAES NO MUNIC\u00cdPIO DE AVAR\u00c9 &#8211; SP"},"content":{"rendered":"<p>Uma planta caracteriza-se como medicinal quando tem em sua composi\u00e7\u00e3o subst\u00e2ncias qu\u00edmicas com fun\u00e7\u00e3o biol\u00f3gica que podem ser utilizadas para aliviar dores ou curar doen\u00e7as. A maioria das pessoas preferem o uso destas plantas por acreditar em sua seguran\u00e7a e pela facilidade na obten\u00e7\u00e3o da grande maioria delas, o que contribui para o uso indevido e sem orienta\u00e7\u00e3o profissional. Assim, torna-se necess\u00e1rio resgatar o conhecimento acerca das plantas medicinais a fim de contribuir para seu uso consciente e a valoriza\u00e7\u00e3o da medicina popular. Nesse contexto, este estudo objetivou realizar o levantamento das plantas medicinais utilizadas pelos familiares e alunos da E.E. Dr. Paulo Ara\u00fajo Novaes em Avar\u00e9-SP. Para tanto, foram aplicados 210 question\u00e1rios entre alunos do 6\u00b0 e 8\u00b0 anos. Estes question\u00e1rios foram respondidos em suas resid\u00eancias e os dados apresentados como n\u00famero de cita\u00e7\u00e3o das plantas medicinais e forma de uso da mesma. Foram recolhidos 92 question\u00e1rios devidamente respondidos sendo que as plantas mais citadas, em ordem decrescente de cita\u00e7\u00e3o, foram: Alho (89,13%), Hortel\u00e3 e Camomila (82,60%), Canela e Erva-Doce (75%), Erva-Cidreira (71,74%), Boldo (65,21%), Gengibre (58,69%), Babosa (53,26%), Guaco (50%), Alecrim (47,82%), Quebra-Pedra (42,39%), Manjerona (40,21%), Capim-Lim\u00e3o (32,60%), Alfavaca (26,08%), Erva de Santa Maria, Poejo e Carqueja (23,25%) e Cal\u00eandula (11,95%). Foram obtidos relatos das mais diversas formas de preparo sendo a mais citada o ch\u00e1 (62,34%), seguida pelo uso nas receitas culin\u00e1rias (26,93%), est\u00e9tica (4,36%), xarope (2,87%), ferimentos e\/ou queimaduras (2%) e suco (1,5%). Conclui-se que os alunos da E.E. Dr. Paulo Ara\u00fajo Novaes junto de seus familiares reconhecem e utilizam algumas plantas medicinais, principalmente na forma de ch\u00e1, podendo servir este estudo como importante ferramenta de escolha para plantas a serem cultivadas em uma horta escolar.<\/p>\n","protected":false},"featured_media":10724,"parent":0,"menu_order":0,"comment_status":"closed","ping_status":"closed","template":"","format":"standard","class_list":["post-10721","tnc_col_5_item","type-tnc_col_5_item","status-publish","format-standard","has-post-thumbnail","hentry"],"_links":{"self":[{"href":"https:\/\/www.fira.edu.br\/repositorio\/wp-json\/wp\/v2\/tnc_col_5_item\/10721","targetHints":{"allow":["GET"]}}],"collection":[{"href":"https:\/\/www.fira.edu.br\/repositorio\/wp-json\/wp\/v2\/tnc_col_5_item"}],"about":[{"href":"https:\/\/www.fira.edu.br\/repositorio\/wp-json\/wp\/v2\/types\/tnc_col_5_item"}],"replies":[{"embeddable":true,"href":"https:\/\/www.fira.edu.br\/repositorio\/wp-json\/wp\/v2\/comments?post=10721"}],"version-history":[{"count":1,"href":"https:\/\/www.fira.edu.br\/repositorio\/wp-json\/wp\/v2\/tnc_col_5_item\/10721\/revisions"}],"predecessor-version":[{"id":10739,"href":"https:\/\/www.fira.edu.br\/repositorio\/wp-json\/wp\/v2\/tnc_col_5_item\/10721\/revisions\/10739"}],"wp:featuredmedia":[{"embeddable":true,"href":"https:\/\/www.fira.edu.br\/repositorio\/wp-json\/wp\/v2\/media\/10724"}],"wp:attachment":[{"href":"https:\/\/www.fira.edu.br\/repositorio\/wp-json\/wp\/v2\/media?parent=10721"}],"curies":[{"name":"wp","href":"https:\/\/api.w.org\/{rel}","templated":true}]}}

LEVANTAMENTO DE PLANTAS MEDICINAIS UTILIZADAS POR FAMILIARES E ALUNOS DA E. E. Dr. PAULO ARAÚJO NOVAES NO MUNICÍPIO DE AVARÉ &#8211; SP

<p>Uma planta caracteriza-se como medicinal quando tem em sua composição substâncias químicas com função biológica que podem ser utilizadas para aliviar dores ou curar doenças. A maioria das pessoas preferem o uso destas plantas por acreditar em sua segurança e pela facilidade na obtenção da grande maioria delas, o que contribui para o uso indevido e sem orientação profissional. Assim, torna-se necessário resgatar o conhecimento acerca das plantas medicinais a fim de contribuir para seu uso consciente e a valorização da medicina popular. Nesse contexto, este estudo objetivou realizar o levantamento das plantas medicinais utilizadas pelos familiares e alunos da E.E. Dr. Paulo Araújo Novaes em Avaré-SP. Para tanto, foram aplicados 210 questionários entre alunos do 6° e 8° anos. Estes questionários foram respondidos em suas residências e os dados apresentados como número de citação das plantas medicinais e forma de uso da mesma. Foram recolhidos 92 questionários devidamente respondidos sendo que as plantas mais citadas, em ordem decrescente de citação, foram: Alho (89,13%), Hortelã e Camomila (82,60%), Canela e Erva-Doce (75%), Erva-Cidreira (71,74%), Boldo (65,21%), Gengibre (58,69%), Babosa (53,26%), Guaco (50%), Alecrim (47,82%), Quebra-Pedra (42,39%), Manjerona (40,21%), Capim-Limão (32,60%), Alfavaca (26,08%), Erva de Santa Maria, Poejo e Carqueja (23,25%) e Calêndula (11,95%). Foram obtidos relatos das mais diversas formas de preparo sendo a mais citada o chá (62,34%), seguida pelo uso nas receitas culinárias (26,93%), estética (4,36%), xarope (2,87%), ferimentos e/ou queimaduras (2%) e suco (1,5%). Conclui-se que os alunos da E.E. Dr. Paulo Araújo Novaes junto de seus familiares reconhecem e utilizam algumas plantas medicinais, principalmente na forma de chá, podendo servir este estudo como importante ferramenta de escolha para plantas a serem cultivadas em uma horta escolar.</p>
