{"id":12536,"date":"2024-01-31T15:27:34","date_gmt":"2024-01-31T18:27:34","guid":{"rendered":"https:\/\/www.fira.edu.br\/repositorio\/?post_type=tnc_col_5_item&#038;p=12536"},"modified":"2024-01-31T15:32:17","modified_gmt":"2024-01-31T18:32:17","slug":"principais-causas-da-epicondilite-no-tenis-de-campo-amador-e-profissional-uma-revisao-de-literatura","status":"publish","type":"tnc_col_5_item","link":"https:\/\/www.fira.edu.br\/repositorio\/artigos\/principais-causas-da-epicondilite-no-tenis-de-campo-amador-e-profissional-uma-revisao-de-literatura\/","title":{"rendered":"PRINCIPAIS CAUSAS DA EPICONDILITE NO T\u00caNIS DE CAMPO AMADOR E PROFISSIONAL: UMA REVIS\u00c3O DE LITERATURA"},"content":{"rendered":"<p>O t\u00eanis de campo durante toda sua historia vem sofrendo varias mudan\u00e7as e com essas altera\u00e7\u00f5es vem conquistando diversos adeptos que est\u00e3o em busca de performance, com isso inevitavelmente surgem les\u00f5es, a principal delas \u00e9 denominada como epicondilite lateral. O presente estudo tem como objetivo identificar na literatura as principais causas da epicondilite no t\u00eanis de campo amador e profissional. Foi realizada uma revis\u00e3o narrativa de literatura na base de busca Google Acad\u00eamico, utilizando as palavras-chave: epicondilite, t\u00eanis de campo, atleta amador, atleta profissional. Como crit\u00e9rio de inclus\u00e3o para a busca dos artigos foram selecionados artigos cient\u00edficos publicados em peri\u00f3dicos nacionais e internacionais que respeitassem o per\u00edodo de publica\u00e7\u00e3o de 2003 a 2023, bem como artigos publicados na l\u00edngua portuguesa e inglesa. Foram exclu\u00eddos os artigos que estivessem fora do per\u00edodo escolhido (RICHARDSON, 2007). Conclui-se com o estudo, que os principais fatores que tem causado a patologia em tenistas s\u00e3o: execu\u00e7\u00e3o de fundamentos t\u00e9cnicos incorretos, excesso de movimentos repetitivos sobrecarregando a articula\u00e7\u00e3o do cotovelo, fraqueza muscular e tipo de cabo e tens\u00e3o utilizada nas cordas da raquete.<\/p>\n","protected":false},"featured_media":0,"parent":0,"menu_order":0,"comment_status":"closed","ping_status":"closed","template":"","format":"standard","class_list":["post-12536","tnc_col_5_item","type-tnc_col_5_item","status-publish","format-standard","hentry"],"_links":{"self":[{"href":"https:\/\/www.fira.edu.br\/repositorio\/wp-json\/wp\/v2\/tnc_col_5_item\/12536","targetHints":{"allow":["GET"]}}],"collection":[{"href":"https:\/\/www.fira.edu.br\/repositorio\/wp-json\/wp\/v2\/tnc_col_5_item"}],"about":[{"href":"https:\/\/www.fira.edu.br\/repositorio\/wp-json\/wp\/v2\/types\/tnc_col_5_item"}],"replies":[{"embeddable":true,"href":"https:\/\/www.fira.edu.br\/repositorio\/wp-json\/wp\/v2\/comments?post=12536"}],"version-history":[{"count":1,"href":"https:\/\/www.fira.edu.br\/repositorio\/wp-json\/wp\/v2\/tnc_col_5_item\/12536\/revisions"}],"predecessor-version":[{"id":12565,"href":"https:\/\/www.fira.edu.br\/repositorio\/wp-json\/wp\/v2\/tnc_col_5_item\/12536\/revisions\/12565"}],"wp:attachment":[{"href":"https:\/\/www.fira.edu.br\/repositorio\/wp-json\/wp\/v2\/media?parent=12536"}],"curies":[{"name":"wp","href":"https:\/\/api.w.org\/{rel}","templated":true}]}}

PRINCIPAIS CAUSAS DA EPICONDILITE NO TÊNIS DE CAMPO AMADOR E PROFISSIONAL: UMA REVISÃO DE LITERATURA

<p>O tênis de campo durante toda sua historia vem sofrendo varias mudanças e com essas alterações vem conquistando diversos adeptos que estão em busca de performance, com isso inevitavelmente surgem lesões, a principal delas é denominada como epicondilite lateral. O presente estudo tem como objetivo identificar na literatura as principais causas da epicondilite no tênis de campo amador e profissional. Foi realizada uma revisão narrativa de literatura na base de busca Google Acadêmico, utilizando as palavras-chave: epicondilite, tênis de campo, atleta amador, atleta profissional. Como critério de inclusão para a busca dos artigos foram selecionados artigos científicos publicados em periódicos nacionais e internacionais que respeitassem o período de publicação de 2003 a 2023, bem como artigos publicados na língua portuguesa e inglesa. Foram excluídos os artigos que estivessem fora do período escolhido (RICHARDSON, 2007). Conclui-se com o estudo, que os principais fatores que tem causado a patologia em tenistas são: execução de fundamentos técnicos incorretos, excesso de movimentos repetitivos sobrecarregando a articulação do cotovelo, fraqueza muscular e tipo de cabo e tensão utilizada nas cordas da raquete.</p>
