{"id":12567,"date":"2024-01-31T15:34:29","date_gmt":"2024-01-31T18:34:29","guid":{"rendered":"https:\/\/www.fira.edu.br\/repositorio\/?post_type=tnc_col_5_item&#038;p=12567"},"modified":"2024-01-31T15:39:50","modified_gmt":"2024-01-31T18:39:50","slug":"os-efeitos-do-metodo-pilates-no-periodo-gestacional","status":"publish","type":"tnc_col_5_item","link":"https:\/\/www.fira.edu.br\/repositorio\/artigos\/os-efeitos-do-metodo-pilates-no-periodo-gestacional\/","title":{"rendered":"OS EFEITOS DO M\u00c9TODO PILATES NO PER\u00cdODO GESTACIONAL"},"content":{"rendered":"<p>O p\u00fablico gestante vem crescendo sem ter consci\u00eancia dos efeitos ben\u00e9ficos que o m\u00e9todo Pilates \u00e9 capaz de proporcionar com a orienta\u00e7\u00e3o de um   profissional de educa\u00e7\u00e3o f\u00edsica e   um  treinamento     especifico. O objetivo desse estudo foi identificar na literatura os efeitos do m\u00e9todo Pilates durante o per\u00edodo gestacional. Foi realizada uma revis\u00e3o narrativa de literatura na base de busca Google Acad\u00eamico e Scielo, utilizando as palavras-chave: m\u00e9todo Pilates, qualidade de vida, per\u00edodo gestacional. Como crit\u00e9rio de inclus\u00e3o para a busca dos artigos foram selecionados artigos cient\u00edficos publicados em peri\u00f3dicos nacionais e internacionais que respeitassem o per\u00edodo de publica\u00e7\u00e3o de 2016 a 2022, bem como artigos publicados na l\u00edngua portuguesa e inglesa. Foram exclu\u00eddos os artigos que estivessem fora do per\u00edodo<br \/>\nescolhido. Conclui-se com o estudo, que o m\u00e9todo quando aplicado a uma gestante possui efeitos ben\u00e9ficos sobre a qualidade de vida dela, melhorando aspectos biomec\u00e2nicos, fisiol\u00f3gicos e psicol\u00f3gicos.<\/p>\n","protected":false},"featured_media":0,"parent":0,"menu_order":0,"comment_status":"closed","ping_status":"closed","template":"","format":"standard","class_list":["post-12567","tnc_col_5_item","type-tnc_col_5_item","status-publish","format-standard","hentry"],"_links":{"self":[{"href":"https:\/\/www.fira.edu.br\/repositorio\/wp-json\/wp\/v2\/tnc_col_5_item\/12567","targetHints":{"allow":["GET"]}}],"collection":[{"href":"https:\/\/www.fira.edu.br\/repositorio\/wp-json\/wp\/v2\/tnc_col_5_item"}],"about":[{"href":"https:\/\/www.fira.edu.br\/repositorio\/wp-json\/wp\/v2\/types\/tnc_col_5_item"}],"replies":[{"embeddable":true,"href":"https:\/\/www.fira.edu.br\/repositorio\/wp-json\/wp\/v2\/comments?post=12567"}],"version-history":[{"count":1,"href":"https:\/\/www.fira.edu.br\/repositorio\/wp-json\/wp\/v2\/tnc_col_5_item\/12567\/revisions"}],"predecessor-version":[{"id":12593,"href":"https:\/\/www.fira.edu.br\/repositorio\/wp-json\/wp\/v2\/tnc_col_5_item\/12567\/revisions\/12593"}],"wp:attachment":[{"href":"https:\/\/www.fira.edu.br\/repositorio\/wp-json\/wp\/v2\/media?parent=12567"}],"curies":[{"name":"wp","href":"https:\/\/api.w.org\/{rel}","templated":true}]}}

OS EFEITOS DO MÉTODO PILATES NO PERÍODO GESTACIONAL

<p>O público gestante vem crescendo sem ter consciência dos efeitos benéficos que o método Pilates é capaz de proporcionar com a orientação de um   profissional de educação física e   um  treinamento     especifico. O objetivo desse estudo foi identificar na literatura os efeitos do método Pilates durante o período gestacional. Foi realizada uma revisão narrativa de literatura na base de busca Google Acadêmico e Scielo, utilizando as palavras-chave: método Pilates, qualidade de vida, período gestacional. Como critério de inclusão para a busca dos artigos foram selecionados artigos científicos publicados em periódicos nacionais e internacionais que respeitassem o período de publicação de 2016 a 2022, bem como artigos publicados na língua portuguesa e inglesa. Foram excluídos os artigos que estivessem fora do período<br />
escolhido. Conclui-se com o estudo, que o método quando aplicado a uma gestante possui efeitos benéficos sobre a qualidade de vida dela, melhorando aspectos biomecânicos, fisiológicos e psicológicos.</p>
