{"id":12777,"date":"2024-02-02T16:04:48","date_gmt":"2024-02-02T19:04:48","guid":{"rendered":"https:\/\/www.fira.edu.br\/repositorio\/?post_type=tnc_col_5_item&#038;p=12777"},"modified":"2024-02-02T16:11:54","modified_gmt":"2024-02-02T19:11:54","slug":"machado-de-assis-dom-casmurro-ambiguidade","status":"publish","type":"tnc_col_5_item","link":"https:\/\/www.fira.edu.br\/repositorio\/artigos\/machado-de-assis-dom-casmurro-ambiguidade\/","title":{"rendered":"MACHADO DE ASSIS, DOM CASMURRO, AMBIGUIDADE"},"content":{"rendered":"<p>O presente trabalho tem como objetivo, analisar como Machado de Assis trabalha a ambiguidade em Dom Casmurro (1899), ou seja, apresenta um construto narrativo com possibilidades de diferentes interpreta\u00e7\u00f5es entre o dizer e o dito. Dessa forma, Machado possibilita o surgimento da d\u00favida, pois os elementos lingu\u00edsticos usados na escrita produzem, em alguns momentos, uma linguagem amb\u00edgua, assim, foram identificados e descritos na narrativa machadiana atrav\u00e9s da an\u00e1lise, compara\u00e7\u00e3o e interpreta\u00e7\u00e3o dos cr\u00edticos liter\u00e1rios. Tais elementos s\u00e3o, a met\u00e1fora e a ironia.<\/p>\n","protected":false},"featured_media":0,"parent":0,"menu_order":0,"comment_status":"closed","ping_status":"closed","template":"","format":"standard","class_list":["post-12777","tnc_col_5_item","type-tnc_col_5_item","status-publish","format-standard","hentry"],"_links":{"self":[{"href":"https:\/\/www.fira.edu.br\/repositorio\/wp-json\/wp\/v2\/tnc_col_5_item\/12777","targetHints":{"allow":["GET"]}}],"collection":[{"href":"https:\/\/www.fira.edu.br\/repositorio\/wp-json\/wp\/v2\/tnc_col_5_item"}],"about":[{"href":"https:\/\/www.fira.edu.br\/repositorio\/wp-json\/wp\/v2\/types\/tnc_col_5_item"}],"replies":[{"embeddable":true,"href":"https:\/\/www.fira.edu.br\/repositorio\/wp-json\/wp\/v2\/comments?post=12777"}],"version-history":[{"count":1,"href":"https:\/\/www.fira.edu.br\/repositorio\/wp-json\/wp\/v2\/tnc_col_5_item\/12777\/revisions"}],"predecessor-version":[{"id":12792,"href":"https:\/\/www.fira.edu.br\/repositorio\/wp-json\/wp\/v2\/tnc_col_5_item\/12777\/revisions\/12792"}],"wp:attachment":[{"href":"https:\/\/www.fira.edu.br\/repositorio\/wp-json\/wp\/v2\/media?parent=12777"}],"curies":[{"name":"wp","href":"https:\/\/api.w.org\/{rel}","templated":true}]}}

<p>O presente trabalho tem como objetivo, analisar como Machado de Assis trabalha a ambiguidade em Dom Casmurro (1899), ou seja, apresenta um construto narrativo com possibilidades de diferentes interpretações entre o dizer e o dito. Dessa forma, Machado possibilita o surgimento da dúvida, pois os elementos linguísticos usados na escrita produzem, em alguns momentos, uma linguagem ambígua, assim, foram identificados e descritos na narrativa machadiana através da análise, comparação e interpretação dos críticos literários. Tais elementos são, a metáfora e a ironia.</p>
