{"id":12794,"date":"2024-02-02T16:13:22","date_gmt":"2024-02-02T19:13:22","guid":{"rendered":"https:\/\/www.fira.edu.br\/repositorio\/?post_type=tnc_col_5_item&#038;p=12794"},"modified":"2024-02-02T16:16:44","modified_gmt":"2024-02-02T19:16:44","slug":"um-olhar-sobre-o-castigo-escolar-no-conto-da-escola-de-machado-de-assis-a-luz-da-legislacao-atual","status":"publish","type":"tnc_col_5_item","link":"https:\/\/www.fira.edu.br\/repositorio\/artigos\/um-olhar-sobre-o-castigo-escolar-no-conto-da-escola-de-machado-de-assis-a-luz-da-legislacao-atual\/","title":{"rendered":"UM OLHAR SOBRE O CASTIGO ESCOLAR NO CONTO DA ESCOLA DE MACHADO DE ASSIS \u00c0 LUZ DA LEGISLA\u00c7\u00c3O ATUAL"},"content":{"rendered":"<p>O presente artigo tem como objetivo lan\u00e7ar um olhar sobre o Conto de Escola de Machado de Assis, publicado em 1884, mostrando o castigo aplicado aso alunos na escola e comparando as caracter\u00edsticas da metodologia autoritarista de ensino utilizada na \u00e9poca, que ainda aplicava puni\u00e7\u00f5es f\u00edsicas nos estudantes, com o que se entende atualmente \u00e0 luz da legisla\u00e7\u00e3o em vigor. Este trabalho vai destacar trechos da obra citada nos quais se evidencia o modo opressor e violento do qual alguns professores faziam uso no processo educacional, como por exemplo o uso da palmat\u00f3ria, pe\u00e7a de madeira utilizada pelos professores para punir os alunos que cometessem algum erro, algo que \u00e9 totalmente arcaico para o entendimento atual levando em considera\u00e7\u00e3o teorias pedag\u00f3gicas modernas, sem falar do fato de que o castigo f\u00edsico nas escolas \u00e9, hoje em dia, considerado crime. No que diz respeito \u00e0 legisla\u00e7\u00e3o que fala dos maus tratos \u00e0 crian\u00e7a e ao adolescente, o artigo buscar\u00e1 essencialmente na lei mais espec\u00edfica em rela\u00e7\u00e3o a tal assunto, o Estatuto da Crian\u00e7a e Adolescente , o ECA de 1990.<\/p>\n","protected":false},"featured_media":0,"parent":0,"menu_order":0,"comment_status":"closed","ping_status":"closed","template":"","format":"standard","class_list":["post-12794","tnc_col_5_item","type-tnc_col_5_item","status-publish","format-standard","hentry"],"_links":{"self":[{"href":"https:\/\/www.fira.edu.br\/repositorio\/wp-json\/wp\/v2\/tnc_col_5_item\/12794","targetHints":{"allow":["GET"]}}],"collection":[{"href":"https:\/\/www.fira.edu.br\/repositorio\/wp-json\/wp\/v2\/tnc_col_5_item"}],"about":[{"href":"https:\/\/www.fira.edu.br\/repositorio\/wp-json\/wp\/v2\/types\/tnc_col_5_item"}],"replies":[{"embeddable":true,"href":"https:\/\/www.fira.edu.br\/repositorio\/wp-json\/wp\/v2\/comments?post=12794"}],"version-history":[{"count":1,"href":"https:\/\/www.fira.edu.br\/repositorio\/wp-json\/wp\/v2\/tnc_col_5_item\/12794\/revisions"}],"predecessor-version":[{"id":12808,"href":"https:\/\/www.fira.edu.br\/repositorio\/wp-json\/wp\/v2\/tnc_col_5_item\/12794\/revisions\/12808"}],"wp:attachment":[{"href":"https:\/\/www.fira.edu.br\/repositorio\/wp-json\/wp\/v2\/media?parent=12794"}],"curies":[{"name":"wp","href":"https:\/\/api.w.org\/{rel}","templated":true}]}}

UM OLHAR SOBRE O CASTIGO ESCOLAR NO CONTO DA ESCOLA DE MACHADO DE ASSIS À LUZ DA LEGISLAÇÃO ATUAL

<p>O presente artigo tem como objetivo lançar um olhar sobre o Conto de Escola de Machado de Assis, publicado em 1884, mostrando o castigo aplicado aso alunos na escola e comparando as características da metodologia autoritarista de ensino utilizada na época, que ainda aplicava punições físicas nos estudantes, com o que se entende atualmente à luz da legislação em vigor. Este trabalho vai destacar trechos da obra citada nos quais se evidencia o modo opressor e violento do qual alguns professores faziam uso no processo educacional, como por exemplo o uso da palmatória, peça de madeira utilizada pelos professores para punir os alunos que cometessem algum erro, algo que é totalmente arcaico para o entendimento atual levando em consideração teorias pedagógicas modernas, sem falar do fato de que o castigo físico nas escolas é, hoje em dia, considerado crime. No que diz respeito à legislação que fala dos maus tratos à criança e ao adolescente, o artigo buscará essencialmente na lei mais específica em relação a tal assunto, o Estatuto da Criança e Adolescente , o ECA de 1990.</p>
