{"id":12811,"date":"2024-02-08T16:36:19","date_gmt":"2024-02-08T19:36:19","guid":{"rendered":"https:\/\/www.fira.edu.br\/repositorio\/?post_type=tnc_col_5_item&#038;p=12811"},"modified":"2024-02-08T16:41:38","modified_gmt":"2024-02-08T19:41:38","slug":"as-aplicacoes-do-aplicativo-graphmatica-no-ensino-de-funcao-do-1-grau-para-a-p-serie-do-ensino-medio","status":"publish","type":"tnc_col_5_item","link":"https:\/\/www.fira.edu.br\/repositorio\/artigos\/as-aplicacoes-do-aplicativo-graphmatica-no-ensino-de-funcao-do-1-grau-para-a-p-serie-do-ensino-medio\/","title":{"rendered":"AS APLICA\u00c7\u00d5ES DO APLICATIVO GRAPHMATICA NO ENSINO DE FUN\u00c7\u00c3O DO 1\u00b0 GRAU PARA A 1\u00aa S\u00c9RIE DO ENSINO M\u00c9DIO"},"content":{"rendered":"<p>O presente trabalho busca demonstrar a interfer\u00eancia do software de representa\u00e7\u00e3o de fun\u00e7\u00f5es Graphmatica na interpreta\u00e7\u00e3o de gr\u00e1ficos, e associa\u00e7\u00e3o da fun\u00e7\u00e3o do 1\u00b0 grau a situa\u00e7\u00f5es do cotidiano, al\u00e9m dos benef\u00edcios de sua aplica\u00e7\u00e3o em sala de aula, principalmente para alunos da 1a s\u00e9rie do Ensino M\u00e9dio. Al\u00e9m disso, o artigo procura trazer um pouco da hist\u00f3ria das fun\u00e7\u00f5es e conhecimentos b\u00e1sicos, tanto acerca das fun\u00e7\u00f5es quanto dos softwares utilizados. Sabe-se hoje que as tecnologias fazem cada vez mais parte do cotidiano dos alunos, sendo o objetivo deste artigo mostrar que elas podem ter um impacto positivo na aprendizagem dos alunos a respeito do tema referido atrav\u00e9s de uma pesquisa de campo aplicada em sala de aula.<\/p>\n","protected":false},"featured_media":0,"parent":0,"menu_order":0,"comment_status":"closed","ping_status":"closed","template":"","format":"standard","class_list":["post-12811","tnc_col_5_item","type-tnc_col_5_item","status-publish","format-standard","hentry"],"_links":{"self":[{"href":"https:\/\/www.fira.edu.br\/repositorio\/wp-json\/wp\/v2\/tnc_col_5_item\/12811","targetHints":{"allow":["GET"]}}],"collection":[{"href":"https:\/\/www.fira.edu.br\/repositorio\/wp-json\/wp\/v2\/tnc_col_5_item"}],"about":[{"href":"https:\/\/www.fira.edu.br\/repositorio\/wp-json\/wp\/v2\/types\/tnc_col_5_item"}],"replies":[{"embeddable":true,"href":"https:\/\/www.fira.edu.br\/repositorio\/wp-json\/wp\/v2\/comments?post=12811"}],"version-history":[{"count":6,"href":"https:\/\/www.fira.edu.br\/repositorio\/wp-json\/wp\/v2\/tnc_col_5_item\/12811\/revisions"}],"predecessor-version":[{"id":12839,"href":"https:\/\/www.fira.edu.br\/repositorio\/wp-json\/wp\/v2\/tnc_col_5_item\/12811\/revisions\/12839"}],"wp:attachment":[{"href":"https:\/\/www.fira.edu.br\/repositorio\/wp-json\/wp\/v2\/media?parent=12811"}],"curies":[{"name":"wp","href":"https:\/\/api.w.org\/{rel}","templated":true}]}}

AS APLICAÇÕES DO APLICATIVO GRAPHMATICA NO ENSINO DE FUNÇÃO DO 1° GRAU PARA A 1ª SÉRIE DO ENSINO MÉDIO

<p>O presente trabalho busca demonstrar a interferência do software de representação de funções Graphmatica na interpretação de gráficos, e associação da função do 1° grau a situações do cotidiano, além dos benefícios de sua aplicação em sala de aula, principalmente para alunos da 1a série do Ensino Médio. Além disso, o artigo procura trazer um pouco da história das funções e conhecimentos básicos, tanto acerca das funções quanto dos softwares utilizados. Sabe-se hoje que as tecnologias fazem cada vez mais parte do cotidiano dos alunos, sendo o objetivo deste artigo mostrar que elas podem ter um impacto positivo na aprendizagem dos alunos a respeito do tema referido através de uma pesquisa de campo aplicada em sala de aula.</p>
