{"id":12887,"date":"2024-02-09T17:01:10","date_gmt":"2024-02-09T20:01:10","guid":{"rendered":"https:\/\/www.fira.edu.br\/repositorio\/?post_type=tnc_col_5_item&#038;p=12887"},"modified":"2024-02-09T17:03:58","modified_gmt":"2024-02-09T20:03:58","slug":"a-contacao-de-historia-como-estrategia-para-a-alfabetizacao-nos-anos-iniciais","status":"publish","type":"tnc_col_5_item","link":"https:\/\/www.fira.edu.br\/repositorio\/artigos\/a-contacao-de-historia-como-estrategia-para-a-alfabetizacao-nos-anos-iniciais\/","title":{"rendered":"A CONTA\u00c7\u00c1O DE HIST\u00d3RIA COMO ESTRAT\u00c9GIA PARA A ALFABETIZA\u00c7\u00c3O NOS ANOS INICIAIS"},"content":{"rendered":"<p>A alfabetiza\u00e7\u00e3o \u00e9 um dos pontos de partida para a forma\u00e7\u00e3o da crian\u00e7a, pois atrav\u00e9s desse processo o aluno ter\u00e1 forma\u00e7\u00e3o plena e diversas possibilidades no \u00e2mbito educacional, cultural e econ\u00f4mico. Sendo assim, diversas s\u00e3o as estrat\u00e9gias que auxiliam nesse processo. De acordo com as quest\u00f5es supracitadas o objetivo principal do estudo foi, por meio da pesquisa bibliogr\u00e1fica, identificar e analisar como a conta\u00e7\u00e3o de hist\u00f3rias contribui para o desenvolvimento do aluno e o auxilia no processo de alfabetiza\u00e7\u00e3o. Foi realizada uma pesquisa qualitativa com base na revis\u00e3o bibliogr\u00e1fica de modo a verificar-se que a conta\u00e7\u00e3o de hist\u00f3ria auxilia no processo de forma\u00e7\u00e3o do indiv\u00edduo, estimulando a imagina\u00e7\u00e3o, senso cr\u00edtico e moral, al\u00e9m de ser um aparato para o desenvolvimento da linguagem.<\/p>\n","protected":false},"featured_media":0,"parent":0,"menu_order":0,"comment_status":"closed","ping_status":"closed","template":"","format":"standard","class_list":["post-12887","tnc_col_5_item","type-tnc_col_5_item","status-publish","format-standard","hentry"],"_links":{"self":[{"href":"https:\/\/www.fira.edu.br\/repositorio\/wp-json\/wp\/v2\/tnc_col_5_item\/12887","targetHints":{"allow":["GET"]}}],"collection":[{"href":"https:\/\/www.fira.edu.br\/repositorio\/wp-json\/wp\/v2\/tnc_col_5_item"}],"about":[{"href":"https:\/\/www.fira.edu.br\/repositorio\/wp-json\/wp\/v2\/types\/tnc_col_5_item"}],"replies":[{"embeddable":true,"href":"https:\/\/www.fira.edu.br\/repositorio\/wp-json\/wp\/v2\/comments?post=12887"}],"version-history":[{"count":1,"href":"https:\/\/www.fira.edu.br\/repositorio\/wp-json\/wp\/v2\/tnc_col_5_item\/12887\/revisions"}],"predecessor-version":[{"id":12904,"href":"https:\/\/www.fira.edu.br\/repositorio\/wp-json\/wp\/v2\/tnc_col_5_item\/12887\/revisions\/12904"}],"wp:attachment":[{"href":"https:\/\/www.fira.edu.br\/repositorio\/wp-json\/wp\/v2\/media?parent=12887"}],"curies":[{"name":"wp","href":"https:\/\/api.w.org\/{rel}","templated":true}]}}

A CONTAÇÁO DE HISTÓRIA COMO ESTRATÉGIA PARA A ALFABETIZAÇÃO NOS ANOS INICIAIS

<p>A alfabetização é um dos pontos de partida para a formação da criança, pois através desse processo o aluno terá formação plena e diversas possibilidades no âmbito educacional, cultural e econômico. Sendo assim, diversas são as estratégias que auxiliam nesse processo. De acordo com as questões supracitadas o objetivo principal do estudo foi, por meio da pesquisa bibliográfica, identificar e analisar como a contação de histórias contribui para o desenvolvimento do aluno e o auxilia no processo de alfabetização. Foi realizada uma pesquisa qualitativa com base na revisão bibliográfica de modo a verificar-se que a contação de história auxilia no processo de formação do indivíduo, estimulando a imaginação, senso crítico e moral, além de ser um aparato para o desenvolvimento da linguagem.</p>
