{"id":12919,"date":"2024-02-09T17:09:32","date_gmt":"2024-02-09T20:09:32","guid":{"rendered":"https:\/\/www.fira.edu.br\/repositorio\/?post_type=tnc_col_5_item&#038;p=12919"},"modified":"2024-02-09T17:37:52","modified_gmt":"2024-02-09T20:37:52","slug":"12919-2","status":"publish","type":"tnc_col_5_item","link":"https:\/\/www.fira.edu.br\/repositorio\/artigos\/12919-2\/","title":{"rendered":"OS DESAFIOS DOS DOCENTES NO ENSINO PARA ALUNOS SURDOS"},"content":{"rendered":"<p>A an\u00e1lise deste artigo \u00e9 resultado de uma revis\u00e3o bibliogr\u00e1fica sobre desafios que os professores enfrentam ao ensinar alunos com surdez. Foi descrito, tamb\u00e9m, um pouco sobre como surgiram pessoas com defici\u00eancia auditiva e como eram tratadas at\u00e9 chegar aos dias atuais, sobretudo no que se refere \u00e0 educa\u00e7\u00e3o escolar, com o surgimento do col\u00e9gio Instituto Nacional de Surdos \u2014 INES localizada no Rio de Janeiro. Este trabalho tem como objetivo, analisar os desafios que os docentes mais encontram ao ministrar uma aula com um aluno surdo, com ou sem ajuda de um int\u00e9rprete de Libras. (L\u00edngua Brasileira de Sinais).<\/p>\n","protected":false},"featured_media":0,"parent":0,"menu_order":0,"comment_status":"closed","ping_status":"closed","template":"","format":"standard","class_list":["post-12919","tnc_col_5_item","type-tnc_col_5_item","status-publish","format-standard","hentry"],"_links":{"self":[{"href":"https:\/\/www.fira.edu.br\/repositorio\/wp-json\/wp\/v2\/tnc_col_5_item\/12919","targetHints":{"allow":["GET"]}}],"collection":[{"href":"https:\/\/www.fira.edu.br\/repositorio\/wp-json\/wp\/v2\/tnc_col_5_item"}],"about":[{"href":"https:\/\/www.fira.edu.br\/repositorio\/wp-json\/wp\/v2\/types\/tnc_col_5_item"}],"replies":[{"embeddable":true,"href":"https:\/\/www.fira.edu.br\/repositorio\/wp-json\/wp\/v2\/comments?post=12919"}],"version-history":[{"count":2,"href":"https:\/\/www.fira.edu.br\/repositorio\/wp-json\/wp\/v2\/tnc_col_5_item\/12919\/revisions"}],"predecessor-version":[{"id":12932,"href":"https:\/\/www.fira.edu.br\/repositorio\/wp-json\/wp\/v2\/tnc_col_5_item\/12919\/revisions\/12932"}],"wp:attachment":[{"href":"https:\/\/www.fira.edu.br\/repositorio\/wp-json\/wp\/v2\/media?parent=12919"}],"curies":[{"name":"wp","href":"https:\/\/api.w.org\/{rel}","templated":true}]}}

<p>A análise deste artigo é resultado de uma revisão bibliográfica sobre desafios que os professores enfrentam ao ensinar alunos com surdez. Foi descrito, também, um pouco sobre como surgiram pessoas com deficiência auditiva e como eram tratadas até chegar aos dias atuais, sobretudo no que se refere à educação escolar, com o surgimento do colégio Instituto Nacional de Surdos — INES localizada no Rio de Janeiro. Este trabalho tem como objetivo, analisar os desafios que os docentes mais encontram ao ministrar uma aula com um aluno surdo, com ou sem ajuda de um intérprete de Libras. (Língua Brasileira de Sinais).</p>
