{"id":12957,"date":"2024-02-09T17:42:06","date_gmt":"2024-02-09T20:42:06","guid":{"rendered":"https:\/\/www.fira.edu.br\/repositorio\/?post_type=tnc_col_5_item&#038;p=12957"},"modified":"2024-02-09T17:45:18","modified_gmt":"2024-02-09T20:45:18","slug":"pedagogo-hospitalar-dificuldades-e-desafios-na-sua-pratica-profissional","status":"publish","type":"tnc_col_5_item","link":"https:\/\/www.fira.edu.br\/repositorio\/artigos\/pedagogo-hospitalar-dificuldades-e-desafios-na-sua-pratica-profissional\/","title":{"rendered":"PEDAGOGO HOSPITALAR: DIFICULDADES E DESAFIOS NA SUA PR\u00c1TICA PROFISSIONAL."},"content":{"rendered":"<p>O presente trabalho discorre sobre a necessidade de conhecer as ramifica\u00e7\u00f5es da Pedagogia, em destaque a Pedagogia Hospitalar. Tem por objetivo apontar as dificuldades\/desafios enfrentados pelos pedagogos no trabalho pedag\u00f3gico com crian\u00e7as e adolescentes hospitalizados. Acredita-se que a concilia\u00e7\u00e3o do ensino-aprendizagem juntamente a melhora cl\u00ednica da crian\u00e7a\/adolescente, pode se considerar como um ato de esperan\u00e7a e solidariedade sobre as dificuldades.<\/p>\n","protected":false},"featured_media":0,"parent":0,"menu_order":0,"comment_status":"closed","ping_status":"closed","template":"","format":"standard","class_list":["post-12957","tnc_col_5_item","type-tnc_col_5_item","status-publish","format-standard","hentry"],"_links":{"self":[{"href":"https:\/\/www.fira.edu.br\/repositorio\/wp-json\/wp\/v2\/tnc_col_5_item\/12957","targetHints":{"allow":["GET"]}}],"collection":[{"href":"https:\/\/www.fira.edu.br\/repositorio\/wp-json\/wp\/v2\/tnc_col_5_item"}],"about":[{"href":"https:\/\/www.fira.edu.br\/repositorio\/wp-json\/wp\/v2\/types\/tnc_col_5_item"}],"replies":[{"embeddable":true,"href":"https:\/\/www.fira.edu.br\/repositorio\/wp-json\/wp\/v2\/comments?post=12957"}],"version-history":[{"count":1,"href":"https:\/\/www.fira.edu.br\/repositorio\/wp-json\/wp\/v2\/tnc_col_5_item\/12957\/revisions"}],"predecessor-version":[{"id":12970,"href":"https:\/\/www.fira.edu.br\/repositorio\/wp-json\/wp\/v2\/tnc_col_5_item\/12957\/revisions\/12970"}],"wp:attachment":[{"href":"https:\/\/www.fira.edu.br\/repositorio\/wp-json\/wp\/v2\/media?parent=12957"}],"curies":[{"name":"wp","href":"https:\/\/api.w.org\/{rel}","templated":true}]}}

PEDAGOGO HOSPITALAR: DIFICULDADES E DESAFIOS NA SUA PRÁTICA PROFISSIONAL.

<p>O presente trabalho discorre sobre a necessidade de conhecer as ramificações da Pedagogia, em destaque a Pedagogia Hospitalar. Tem por objetivo apontar as dificuldades/desafios enfrentados pelos pedagogos no trabalho pedagógico com crianças e adolescentes hospitalizados. Acredita-se que a conciliação do ensino-aprendizagem juntamente a melhora clínica da criança/adolescente, pode se considerar como um ato de esperança e solidariedade sobre as dificuldades.</p>
