{"id":13122,"date":"2025-07-08T17:35:38","date_gmt":"2025-07-08T20:35:38","guid":{"rendered":"https:\/\/www.fira.edu.br\/repositorio\/?post_type=tnc_col_5_item&#038;p=13122"},"modified":"2025-07-08T17:42:08","modified_gmt":"2025-07-08T20:42:08","slug":"o-espartilho-e-a-arte-de-tecer-equivocos","status":"publish","type":"tnc_col_5_item","link":"https:\/\/www.fira.edu.br\/repositorio\/artigos\/o-espartilho-e-a-arte-de-tecer-equivocos\/","title":{"rendered":"O ESPARTILHO E A ARTE DE TECER EQU\u00cdVOCOS"},"content":{"rendered":"<p>O artigo explora como as representa\u00e7\u00f5es art\u00edsticas, especialmente em obras audiovisuais, moldam nosso entendimento cultural e hist\u00f3rico. Focando no espartilho como s\u00edmbolo, s\u00e3o discutidas sua representa\u00e7\u00e3o no cinema como met\u00e1fora de opress\u00e3o feminina, a necessidade de contextualizar produ\u00e7\u00f5es para evitar distor\u00e7\u00f5es hist\u00f3ricas e de que formas o audiovisual pode perpetuar clich\u00eas e estere\u00f3tipos. Al\u00e9m disso, a discuss\u00e3o se amplia para questionar como os meios de comunica\u00e7\u00e3o influenciam e s\u00e3o influenciados por interesses sociais e econ\u00f4micos, frequentemente refor\u00e7ando vis\u00f5es hegem\u00f4nicas e limitadas. O texto \u00e9 um convite \u00e0 reflex\u00e3o cr\u00edtica sobre as narrativas art\u00edsticas, como maneira de promover uma compreens\u00e3o mais diversificada e aut\u00eantica da sociedade.<\/p>\n","protected":false},"featured_media":0,"parent":0,"menu_order":0,"comment_status":"closed","ping_status":"closed","template":"","format":"standard","class_list":["post-13122","tnc_col_5_item","type-tnc_col_5_item","status-publish","format-standard","hentry"],"_links":{"self":[{"href":"https:\/\/www.fira.edu.br\/repositorio\/wp-json\/wp\/v2\/tnc_col_5_item\/13122","targetHints":{"allow":["GET"]}}],"collection":[{"href":"https:\/\/www.fira.edu.br\/repositorio\/wp-json\/wp\/v2\/tnc_col_5_item"}],"about":[{"href":"https:\/\/www.fira.edu.br\/repositorio\/wp-json\/wp\/v2\/types\/tnc_col_5_item"}],"replies":[{"embeddable":true,"href":"https:\/\/www.fira.edu.br\/repositorio\/wp-json\/wp\/v2\/comments?post=13122"}],"version-history":[{"count":1,"href":"https:\/\/www.fira.edu.br\/repositorio\/wp-json\/wp\/v2\/tnc_col_5_item\/13122\/revisions"}],"predecessor-version":[{"id":13136,"href":"https:\/\/www.fira.edu.br\/repositorio\/wp-json\/wp\/v2\/tnc_col_5_item\/13122\/revisions\/13136"}],"wp:attachment":[{"href":"https:\/\/www.fira.edu.br\/repositorio\/wp-json\/wp\/v2\/media?parent=13122"}],"curies":[{"name":"wp","href":"https:\/\/api.w.org\/{rel}","templated":true}]}}

O ESPARTILHO E A ARTE DE TECER EQUÍVOCOS

<p>O artigo explora como as representações artísticas, especialmente em obras audiovisuais, moldam nosso entendimento cultural e histórico. Focando no espartilho como símbolo, são discutidas sua representação no cinema como metáfora de opressão feminina, a necessidade de contextualizar produções para evitar distorções históricas e de que formas o audiovisual pode perpetuar clichês e estereótipos. Além disso, a discussão se amplia para questionar como os meios de comunicação influenciam e são influenciados por interesses sociais e econômicos, frequentemente reforçando visões hegemônicas e limitadas. O texto é um convite à reflexão crítica sobre as narrativas artísticas, como maneira de promover uma compreensão mais diversificada e autêntica da sociedade.</p>
