{"id":3310,"date":"2022-06-24T14:41:13","date_gmt":"2022-06-24T17:41:13","guid":{"rendered":"https:\/\/www.fira.edu.br\/repositorio\/?post_type=tnc_col_5_item&#038;p=3310"},"modified":"2022-06-24T14:45:25","modified_gmt":"2022-06-24T17:45:25","slug":"a-educacao-de-jovens-e-adultos-ao-olhar-de-paulo-freire","status":"publish","type":"tnc_col_5_item","link":"https:\/\/www.fira.edu.br\/repositorio\/artigos\/a-educacao-de-jovens-e-adultos-ao-olhar-de-paulo-freire\/","title":{"rendered":"A EDUCA\u00c7\u00c3O DE JOVENS E ADULTOS AO OLHAR DE PAULO FREIRE"},"content":{"rendered":"<p>Esta pesquisa relata uma breve hist\u00f3ria da Educa\u00e7\u00e3o de Jovens e Adultos no Brasil, apontando pensamentos de Paulo Freire e seu met6do de aprendizagem, valorizando assim a bagagem que o adulto traz consigo atrav\u00e9s de suas viv\u00eancias, apontando que somos capazes de ensinar e aprender. Paulo Freire traz contribui\u00e7\u00f5es imensas na Pedagogia Libertadora, em que \u00e9 respaldada pela legisla\u00e7\u00e3o, retratando um passado marcado por v\u00e1rias hist\u00f3rias. Tem como objetivo analisar os progressos que a pedagogia libertadora de Paulo Freire traz na vida dos educandos, baseada em te\u00f3ricos que afirmam que, a motiva\u00e7\u00e3o \u00e9 a ferramenta para o desenvolvimento do ser humano.<\/p>\n","protected":false},"featured_media":3313,"parent":0,"menu_order":0,"comment_status":"closed","ping_status":"closed","template":"","format":"standard","class_list":["post-3310","tnc_col_5_item","type-tnc_col_5_item","status-publish","format-standard","has-post-thumbnail","hentry"],"_links":{"self":[{"href":"https:\/\/www.fira.edu.br\/repositorio\/wp-json\/wp\/v2\/tnc_col_5_item\/3310","targetHints":{"allow":["GET"]}}],"collection":[{"href":"https:\/\/www.fira.edu.br\/repositorio\/wp-json\/wp\/v2\/tnc_col_5_item"}],"about":[{"href":"https:\/\/www.fira.edu.br\/repositorio\/wp-json\/wp\/v2\/types\/tnc_col_5_item"}],"replies":[{"embeddable":true,"href":"https:\/\/www.fira.edu.br\/repositorio\/wp-json\/wp\/v2\/comments?post=3310"}],"version-history":[{"count":1,"href":"https:\/\/www.fira.edu.br\/repositorio\/wp-json\/wp\/v2\/tnc_col_5_item\/3310\/revisions"}],"predecessor-version":[{"id":3322,"href":"https:\/\/www.fira.edu.br\/repositorio\/wp-json\/wp\/v2\/tnc_col_5_item\/3310\/revisions\/3322"}],"wp:featuredmedia":[{"embeddable":true,"href":"https:\/\/www.fira.edu.br\/repositorio\/wp-json\/wp\/v2\/media\/3313"}],"wp:attachment":[{"href":"https:\/\/www.fira.edu.br\/repositorio\/wp-json\/wp\/v2\/media?parent=3310"}],"curies":[{"name":"wp","href":"https:\/\/api.w.org\/{rel}","templated":true}]}}

A EDUCAÇÃO DE JOVENS E ADULTOS AO OLHAR DE PAULO FREIRE

<p>Esta pesquisa relata uma breve história da Educação de Jovens e Adultos no Brasil, apontando pensamentos de Paulo Freire e seu met6do de aprendizagem, valorizando assim a bagagem que o adulto traz consigo através de suas vivências, apontando que somos capazes de ensinar e aprender. Paulo Freire traz contribuições imensas na Pedagogia Libertadora, em que é respaldada pela legislação, retratando um passado marcado por várias histórias. Tem como objetivo analisar os progressos que a pedagogia libertadora de Paulo Freire traz na vida dos educandos, baseada em teóricos que afirmam que, a motivação é a ferramenta para o desenvolvimento do ser humano.</p>
