{"id":3324,"date":"2022-06-24T14:46:20","date_gmt":"2022-06-24T17:46:20","guid":{"rendered":"https:\/\/www.fira.edu.br\/repositorio\/?post_type=tnc_col_5_item&#038;p=3324"},"modified":"2022-06-24T14:49:27","modified_gmt":"2022-06-24T17:49:27","slug":"afetividade-professor-e-aluno-no-processo-ensino-aprendizagem","status":"publish","type":"tnc_col_5_item","link":"https:\/\/www.fira.edu.br\/repositorio\/artigos\/afetividade-professor-e-aluno-no-processo-ensino-aprendizagem\/","title":{"rendered":"AFETIVIDADE: PROFESSOR E ALUNO NO PROCESSO ENSINO APRENDIZAGEM"},"content":{"rendered":"<p>O presente trabalho busca compreender, o quanto a afetividade influencia no processo de aprendizagem e destaca a import\u00e2ncia em manter um bom relacionamento entre professor e aluno. Essa din\u00e2mica ser\u00e1 abordada por meio dos conceitos de afetividade na vis\u00e3o walloniana.<\/p>\n","protected":false},"featured_media":3327,"parent":0,"menu_order":0,"comment_status":"closed","ping_status":"closed","template":"","format":"standard","class_list":["post-3324","tnc_col_5_item","type-tnc_col_5_item","status-publish","format-standard","has-post-thumbnail","hentry"],"_links":{"self":[{"href":"https:\/\/www.fira.edu.br\/repositorio\/wp-json\/wp\/v2\/tnc_col_5_item\/3324","targetHints":{"allow":["GET"]}}],"collection":[{"href":"https:\/\/www.fira.edu.br\/repositorio\/wp-json\/wp\/v2\/tnc_col_5_item"}],"about":[{"href":"https:\/\/www.fira.edu.br\/repositorio\/wp-json\/wp\/v2\/types\/tnc_col_5_item"}],"replies":[{"embeddable":true,"href":"https:\/\/www.fira.edu.br\/repositorio\/wp-json\/wp\/v2\/comments?post=3324"}],"version-history":[{"count":1,"href":"https:\/\/www.fira.edu.br\/repositorio\/wp-json\/wp\/v2\/tnc_col_5_item\/3324\/revisions"}],"predecessor-version":[{"id":3343,"href":"https:\/\/www.fira.edu.br\/repositorio\/wp-json\/wp\/v2\/tnc_col_5_item\/3324\/revisions\/3343"}],"wp:featuredmedia":[{"embeddable":true,"href":"https:\/\/www.fira.edu.br\/repositorio\/wp-json\/wp\/v2\/media\/3327"}],"wp:attachment":[{"href":"https:\/\/www.fira.edu.br\/repositorio\/wp-json\/wp\/v2\/media?parent=3324"}],"curies":[{"name":"wp","href":"https:\/\/api.w.org\/{rel}","templated":true}]}}

<p>O presente trabalho busca compreender, o quanto a afetividade influencia no processo de aprendizagem e destaca a importância em manter um bom relacionamento entre professor e aluno. Essa dinâmica será abordada por meio dos conceitos de afetividade na visão walloniana.</p>
