{"id":3377,"date":"2022-06-24T15:00:41","date_gmt":"2022-06-24T18:00:41","guid":{"rendered":"https:\/\/www.fira.edu.br\/repositorio\/?post_type=tnc_col_5_item&#038;p=3377"},"modified":"2022-06-24T15:03:39","modified_gmt":"2022-06-24T18:03:39","slug":"a-importancia-das-praticas-pedagogicas-para-reduzir-0-bullying-nas-escolas","status":"publish","type":"tnc_col_5_item","link":"https:\/\/www.fira.edu.br\/repositorio\/artigos\/a-importancia-das-praticas-pedagogicas-para-reduzir-0-bullying-nas-escolas\/","title":{"rendered":"A IMPORT\u00c2NCIA DAS PR\u00c1TICAS PEDAG\u00d3GICAS PARA REDUZIR 0 BULLYING NAS ESCOLAS"},"content":{"rendered":"<p>O bullying \u00e9 uma agress\u00e3o que pode ser f\u00edsica, verbal ou psicol\u00f3gica, praticada de maneira intencional e repetitiva. 0 objetivo desse trabalho \u00e9 refletir sobre o que esse tipo de agress\u00e3o pode causar na vida da crian\u00e7a, ocasionando traumas e transtornos ao longo dos anos, que prejudicam no desenvolvimento e aprendizagem da crian\u00e7a. Com esse enfoque no bullying no \u00e2mbito escolar, pretende-se levantar quest\u00f5es sobre como professores, pais e gestores podem trabalhar com as crian\u00e7as, para que esse tipo de problema n\u00e3o ocorra. Em busca de informa\u00e7\u00f5es que embasem poss\u00edveis respostas, o presente estudo teve como objetivo realizar um breve levantamento sobre as poss\u00edveis causas do bullying e suas consequ\u00eancias e como podemos reduzir. Pensando nisso, realizou-se uma pesquisa bibliogr\u00e1fica, a partir de falas de te\u00f3ricos e pesquisadores sobre esse assunto.<\/p>\n","protected":false},"featured_media":3380,"parent":0,"menu_order":0,"comment_status":"closed","ping_status":"closed","template":"","format":"standard","class_list":["post-3377","tnc_col_5_item","type-tnc_col_5_item","status-publish","format-standard","has-post-thumbnail","hentry"],"_links":{"self":[{"href":"https:\/\/www.fira.edu.br\/repositorio\/wp-json\/wp\/v2\/tnc_col_5_item\/3377","targetHints":{"allow":["GET"]}}],"collection":[{"href":"https:\/\/www.fira.edu.br\/repositorio\/wp-json\/wp\/v2\/tnc_col_5_item"}],"about":[{"href":"https:\/\/www.fira.edu.br\/repositorio\/wp-json\/wp\/v2\/types\/tnc_col_5_item"}],"replies":[{"embeddable":true,"href":"https:\/\/www.fira.edu.br\/repositorio\/wp-json\/wp\/v2\/comments?post=3377"}],"version-history":[{"count":1,"href":"https:\/\/www.fira.edu.br\/repositorio\/wp-json\/wp\/v2\/tnc_col_5_item\/3377\/revisions"}],"predecessor-version":[{"id":3390,"href":"https:\/\/www.fira.edu.br\/repositorio\/wp-json\/wp\/v2\/tnc_col_5_item\/3377\/revisions\/3390"}],"wp:featuredmedia":[{"embeddable":true,"href":"https:\/\/www.fira.edu.br\/repositorio\/wp-json\/wp\/v2\/media\/3380"}],"wp:attachment":[{"href":"https:\/\/www.fira.edu.br\/repositorio\/wp-json\/wp\/v2\/media?parent=3377"}],"curies":[{"name":"wp","href":"https:\/\/api.w.org\/{rel}","templated":true}]}}

A IMPORTÂNCIA DAS PRÁTICAS PEDAGÓGICAS PARA REDUZIR 0 BULLYING NAS ESCOLAS

<p>O bullying é uma agressão que pode ser física, verbal ou psicológica, praticada de maneira intencional e repetitiva. 0 objetivo desse trabalho é refletir sobre o que esse tipo de agressão pode causar na vida da criança, ocasionando traumas e transtornos ao longo dos anos, que prejudicam no desenvolvimento e aprendizagem da criança. Com esse enfoque no bullying no âmbito escolar, pretende-se levantar questões sobre como professores, pais e gestores podem trabalhar com as crianças, para que esse tipo de problema não ocorra. Em busca de informações que embasem possíveis respostas, o presente estudo teve como objetivo realizar um breve levantamento sobre as possíveis causas do bullying e suas consequências e como podemos reduzir. Pensando nisso, realizou-se uma pesquisa bibliográfica, a partir de falas de teóricos e pesquisadores sobre esse assunto.</p>
