{"id":3407,"date":"2022-06-24T15:11:57","date_gmt":"2022-06-24T18:11:57","guid":{"rendered":"https:\/\/www.fira.edu.br\/repositorio\/?post_type=tnc_col_5_item&#038;p=3407"},"modified":"2022-06-24T15:14:48","modified_gmt":"2022-06-24T18:14:48","slug":"a-educacao-de-jovens-e-adultos-na-perspectiva-educacional-e-seus-preceitos-teoricos","status":"publish","type":"tnc_col_5_item","link":"https:\/\/www.fira.edu.br\/repositorio\/artigos\/a-educacao-de-jovens-e-adultos-na-perspectiva-educacional-e-seus-preceitos-teoricos\/","title":{"rendered":"A EDUCA\u00c7\u00c3O DE JOVENS E ADULTOS NA PERSPECTIVA EDUCACIONAL E SEUS PRECEITOS TE\u00d3RICOS"},"content":{"rendered":"<p>O presente trabalho tem como objetivo analisar a Educa\u00e7\u00e3o de Jovens e Adultos na perspectiva educacional, enfatizando o processo em alfabetiza\u00e7\u00e3o e letramento. Dentro desse ponto de vista, adentraremos em conceitos de educa\u00e7\u00e3o, que apontar\u00e1 te\u00f3ricos e seus pensamentos conceituais, percorreremos pela sociedade brasileira diante da EJA em seu hist\u00f3rico at\u00e9 a d\u00e9cada de 90, discursaremos o olhar Freiriano do processo ensino-aprendizagem, nos aportando no processo educacional atual: alfabetiza\u00e7\u00e3o e letramento, com suas v\u00e1rias vertentes te\u00f3ricas.<\/p>\n","protected":false},"featured_media":3410,"parent":0,"menu_order":0,"comment_status":"closed","ping_status":"closed","template":"","format":"standard","class_list":["post-3407","tnc_col_5_item","type-tnc_col_5_item","status-publish","format-standard","has-post-thumbnail","hentry"],"_links":{"self":[{"href":"https:\/\/www.fira.edu.br\/repositorio\/wp-json\/wp\/v2\/tnc_col_5_item\/3407","targetHints":{"allow":["GET"]}}],"collection":[{"href":"https:\/\/www.fira.edu.br\/repositorio\/wp-json\/wp\/v2\/tnc_col_5_item"}],"about":[{"href":"https:\/\/www.fira.edu.br\/repositorio\/wp-json\/wp\/v2\/types\/tnc_col_5_item"}],"replies":[{"embeddable":true,"href":"https:\/\/www.fira.edu.br\/repositorio\/wp-json\/wp\/v2\/comments?post=3407"}],"version-history":[{"count":1,"href":"https:\/\/www.fira.edu.br\/repositorio\/wp-json\/wp\/v2\/tnc_col_5_item\/3407\/revisions"}],"predecessor-version":[{"id":3421,"href":"https:\/\/www.fira.edu.br\/repositorio\/wp-json\/wp\/v2\/tnc_col_5_item\/3407\/revisions\/3421"}],"wp:featuredmedia":[{"embeddable":true,"href":"https:\/\/www.fira.edu.br\/repositorio\/wp-json\/wp\/v2\/media\/3410"}],"wp:attachment":[{"href":"https:\/\/www.fira.edu.br\/repositorio\/wp-json\/wp\/v2\/media?parent=3407"}],"curies":[{"name":"wp","href":"https:\/\/api.w.org\/{rel}","templated":true}]}}

A EDUCAÇÃO DE JOVENS E ADULTOS NA PERSPECTIVA EDUCACIONAL E SEUS PRECEITOS TEÓRICOS

<p>O presente trabalho tem como objetivo analisar a Educação de Jovens e Adultos na perspectiva educacional, enfatizando o processo em alfabetização e letramento. Dentro desse ponto de vista, adentraremos em conceitos de educação, que apontará teóricos e seus pensamentos conceituais, percorreremos pela sociedade brasileira diante da EJA em seu histórico até a década de 90, discursaremos o olhar Freiriano do processo ensino-aprendizagem, nos aportando no processo educacional atual: alfabetização e letramento, com suas várias vertentes teóricas.</p>
