{"id":3423,"date":"2022-06-24T15:15:31","date_gmt":"2022-06-24T18:15:31","guid":{"rendered":"https:\/\/www.fira.edu.br\/repositorio\/?post_type=tnc_col_5_item&#038;p=3423"},"modified":"2022-06-24T15:25:12","modified_gmt":"2022-06-24T18:25:12","slug":"a-leitura-de-contos-de-fadas-contribuicoes-para-a-formacao-da-crianca","status":"publish","type":"tnc_col_5_item","link":"https:\/\/www.fira.edu.br\/repositorio\/artigos\/a-leitura-de-contos-de-fadas-contribuicoes-para-a-formacao-da-crianca\/","title":{"rendered":"A LEITURA DE CONTOS DE FADAS: CONTRIBUI\u00c7\u00d5ES PARA A FORMA\u00c7\u00c3O DA CRIAN\u00c7A"},"content":{"rendered":"<p>O presente trabalho tem como objeto de estudo promover uma reflex\u00e3o sobre a significativa import\u00e2ncia do g\u00eanero &#8220;conto de fadas&#8221; no desenvolvimento cognitivo e socioemocional da crian\u00e7a. Por meio do imagin\u00e1rio \u00e9 poss\u00edvel conduzir a crian\u00e7a para um espa\u00e7o de reflex\u00e3o sobre o mundo que a envolve. Nesse contexto, com base em uma pesquisa bibliogr\u00e1fica, salientar-se-\u00e1 os aspectos relevantes para a forma\u00e7\u00e3o das crian\u00e7as por meio da leitura desse g\u00eanero narrativo e, sobretudo, o papel da escola e do educador no desenvolvimento das habilidades e compet\u00eancia leitora para a constru\u00e7\u00e3o de um espa\u00e7o critico-reflexivo que contribua para o crescimento humano da crian\u00e7a e do seu pr\u00f3prio entendimento de mundo.<\/p>\n","protected":false},"featured_media":3426,"parent":0,"menu_order":0,"comment_status":"closed","ping_status":"closed","template":"","format":"standard","class_list":["post-3423","tnc_col_5_item","type-tnc_col_5_item","status-publish","format-standard","has-post-thumbnail","hentry"],"_links":{"self":[{"href":"https:\/\/www.fira.edu.br\/repositorio\/wp-json\/wp\/v2\/tnc_col_5_item\/3423","targetHints":{"allow":["GET"]}}],"collection":[{"href":"https:\/\/www.fira.edu.br\/repositorio\/wp-json\/wp\/v2\/tnc_col_5_item"}],"about":[{"href":"https:\/\/www.fira.edu.br\/repositorio\/wp-json\/wp\/v2\/types\/tnc_col_5_item"}],"replies":[{"embeddable":true,"href":"https:\/\/www.fira.edu.br\/repositorio\/wp-json\/wp\/v2\/comments?post=3423"}],"version-history":[{"count":1,"href":"https:\/\/www.fira.edu.br\/repositorio\/wp-json\/wp\/v2\/tnc_col_5_item\/3423\/revisions"}],"predecessor-version":[{"id":3436,"href":"https:\/\/www.fira.edu.br\/repositorio\/wp-json\/wp\/v2\/tnc_col_5_item\/3423\/revisions\/3436"}],"wp:featuredmedia":[{"embeddable":true,"href":"https:\/\/www.fira.edu.br\/repositorio\/wp-json\/wp\/v2\/media\/3426"}],"wp:attachment":[{"href":"https:\/\/www.fira.edu.br\/repositorio\/wp-json\/wp\/v2\/media?parent=3423"}],"curies":[{"name":"wp","href":"https:\/\/api.w.org\/{rel}","templated":true}]}}

A LEITURA DE CONTOS DE FADAS: CONTRIBUIÇÕES PARA A FORMAÇÃO DA CRIANÇA

<p>O presente trabalho tem como objeto de estudo promover uma reflexão sobre a significativa importância do gênero &#8220;conto de fadas&#8221; no desenvolvimento cognitivo e socioemocional da criança. Por meio do imaginário é possível conduzir a criança para um espaço de reflexão sobre o mundo que a envolve. Nesse contexto, com base em uma pesquisa bibliográfica, salientar-se-á os aspectos relevantes para a formação das crianças por meio da leitura desse gênero narrativo e, sobretudo, o papel da escola e do educador no desenvolvimento das habilidades e competência leitora para a construção de um espaço critico-reflexivo que contribua para o crescimento humano da criança e do seu próprio entendimento de mundo.</p>
