{"id":3438,"date":"2022-06-24T15:25:27","date_gmt":"2022-06-24T18:25:27","guid":{"rendered":"https:\/\/www.fira.edu.br\/repositorio\/?post_type=tnc_col_5_item&#038;p=3438"},"modified":"2022-06-24T15:30:24","modified_gmt":"2022-06-24T18:30:24","slug":"a-importancia-da-musica-para-o-aprendizado-da-crianca-na-educacao-infantil","status":"publish","type":"tnc_col_5_item","link":"https:\/\/www.fira.edu.br\/repositorio\/artigos\/a-importancia-da-musica-para-o-aprendizado-da-crianca-na-educacao-infantil\/","title":{"rendered":"A IMPORT\u00c2NCIA DA M\u00daSICA PARA O APRENDIZADO DA CRIAN\u00c7A NA EDUCA\u00c7\u00c3O INFANTIL"},"content":{"rendered":"<p>O artigo tem por objetivo apresentar a import\u00e2ncia da m\u00fasica para o aprendizado da crian\u00e7a na Educa\u00e7\u00e3o Infantil, visto que essa modalidade de ensino \u00e9 a que contribui no desenvolvimento f\u00edsico, psicol\u00f3gico, intelectual e social da crian\u00e7a. A m\u00fasica contribui com o crescimento emocional, afetivo e cognitivo da crian\u00e7a, al\u00e9m de desenvolver a coordena\u00e7\u00e3o motora, acuidade visual e auditiva, bem como mem\u00f3ria e aten\u00e7\u00e3o, e ainda criatividade e capacidade de comunica\u00e7\u00e3o. Deste modo, com o auxilio do professor a m\u00fasica faz-se necess\u00e1ria no cotidiano escolar, visando auxiliar em todas as fases dos processos de aprendizagem. E a integra\u00e7\u00e3o entre os aspectos sens\u00edveis, afetivos, est\u00e9ticos e cognitivos, assim como a promo\u00e7\u00e3o de intera\u00e7\u00e3o e comunica\u00e7\u00e3o social, conferem car\u00e1ter significativo linguagem musical. E uma das formas importantes de express\u00e3o humana, o que por si s\u00f3 enfatiza sua presen\u00e7a no contexto da educa\u00e7\u00e3o, principalmente na educa\u00e7\u00e3o infantil.<\/p>\n","protected":false},"featured_media":3441,"parent":0,"menu_order":0,"comment_status":"closed","ping_status":"closed","template":"","format":"standard","class_list":["post-3438","tnc_col_5_item","type-tnc_col_5_item","status-publish","format-standard","has-post-thumbnail","hentry"],"_links":{"self":[{"href":"https:\/\/www.fira.edu.br\/repositorio\/wp-json\/wp\/v2\/tnc_col_5_item\/3438","targetHints":{"allow":["GET"]}}],"collection":[{"href":"https:\/\/www.fira.edu.br\/repositorio\/wp-json\/wp\/v2\/tnc_col_5_item"}],"about":[{"href":"https:\/\/www.fira.edu.br\/repositorio\/wp-json\/wp\/v2\/types\/tnc_col_5_item"}],"replies":[{"embeddable":true,"href":"https:\/\/www.fira.edu.br\/repositorio\/wp-json\/wp\/v2\/comments?post=3438"}],"version-history":[{"count":1,"href":"https:\/\/www.fira.edu.br\/repositorio\/wp-json\/wp\/v2\/tnc_col_5_item\/3438\/revisions"}],"predecessor-version":[{"id":3455,"href":"https:\/\/www.fira.edu.br\/repositorio\/wp-json\/wp\/v2\/tnc_col_5_item\/3438\/revisions\/3455"}],"wp:featuredmedia":[{"embeddable":true,"href":"https:\/\/www.fira.edu.br\/repositorio\/wp-json\/wp\/v2\/media\/3441"}],"wp:attachment":[{"href":"https:\/\/www.fira.edu.br\/repositorio\/wp-json\/wp\/v2\/media?parent=3438"}],"curies":[{"name":"wp","href":"https:\/\/api.w.org\/{rel}","templated":true}]}}

A IMPORTÂNCIA DA MÚSICA PARA O APRENDIZADO DA CRIANÇA NA EDUCAÇÃO INFANTIL

<p>O artigo tem por objetivo apresentar a importância da música para o aprendizado da criança na Educação Infantil, visto que essa modalidade de ensino é a que contribui no desenvolvimento físico, psicológico, intelectual e social da criança. A música contribui com o crescimento emocional, afetivo e cognitivo da criança, além de desenvolver a coordenação motora, acuidade visual e auditiva, bem como memória e atenção, e ainda criatividade e capacidade de comunicação. Deste modo, com o auxilio do professor a música faz-se necessária no cotidiano escolar, visando auxiliar em todas as fases dos processos de aprendizagem. E a integração entre os aspectos sensíveis, afetivos, estéticos e cognitivos, assim como a promoção de interação e comunicação social, conferem caráter significativo linguagem musical. E uma das formas importantes de expressão humana, o que por si só enfatiza sua presença no contexto da educação, principalmente na educação infantil.</p>
