{"id":3577,"date":"2022-06-28T17:51:45","date_gmt":"2022-06-28T20:51:45","guid":{"rendered":"https:\/\/www.fira.edu.br\/repositorio\/?post_type=tnc_col_5_item&#038;p=3577"},"modified":"2022-06-28T17:55:48","modified_gmt":"2022-06-28T20:55:48","slug":"mocambique-em-piraju-a-danca-folclorica-e-suas-tradicoes","status":"publish","type":"tnc_col_5_item","link":"https:\/\/www.fira.edu.br\/repositorio\/artigos\/mocambique-em-piraju-a-danca-folclorica-e-suas-tradicoes\/","title":{"rendered":"MO\u00c7AMBIQUE EM PIRAJU: A DAN\u00c7A FOLCL\u00d3RICA E SUAS TRADI\u00c7\u00d5ES"},"content":{"rendered":"<p>O presente trabalho de pesquisa evidencia toda parte folcl\u00f3rica e a forma como o grupo veio parar no interior, suas muta\u00e7\u00f5es, onde seres humanos, que dedicam suas vidas com um \u00fanico objetivo, de ingressarem efetivamente na vida das pessoas 0 objetivo foi evidenciar e relatar toda viv\u00eancia do grupo e a forma como os moradores do munic\u00edpio valorizam o buscando o reconhecimento e aprofundamentos no exterior passam em sua trajet\u00f3ria profissional. Trata-se de uma pesquisa de revis\u00e3o de literatura e pesquisa de campo, onde o instrumento utilizado para coleta de dados foi o question\u00e1rio aberto, contendo 4 (quatro) quest\u00f5es abertas, direcionado a 3 (tr\u00eas) moradores e apreciadores do grupo, como o mestre o diretor de cultura e uma festeira Verificou-se que os resultados do trabalho enaltecem a grande possibilidade de crescimento e reconhecimento do grupo como uma forma de eternizar toda uma hist\u00f3ria, visando a atua\u00e7\u00e3o em grandes centros art\u00edsticos, e festivais de cultura popular al\u00e9m da conquista e realiza\u00e7\u00e3o, por parte dos sujeitos em ver o quanto \u00e9 importante resgatar e valorizar a cultura do nosso povo.<\/p>\n","protected":false},"featured_media":3580,"parent":0,"menu_order":0,"comment_status":"closed","ping_status":"closed","template":"","format":"standard","class_list":["post-3577","tnc_col_5_item","type-tnc_col_5_item","status-publish","format-standard","has-post-thumbnail","hentry"],"_links":{"self":[{"href":"https:\/\/www.fira.edu.br\/repositorio\/wp-json\/wp\/v2\/tnc_col_5_item\/3577","targetHints":{"allow":["GET"]}}],"collection":[{"href":"https:\/\/www.fira.edu.br\/repositorio\/wp-json\/wp\/v2\/tnc_col_5_item"}],"about":[{"href":"https:\/\/www.fira.edu.br\/repositorio\/wp-json\/wp\/v2\/types\/tnc_col_5_item"}],"replies":[{"embeddable":true,"href":"https:\/\/www.fira.edu.br\/repositorio\/wp-json\/wp\/v2\/comments?post=3577"}],"version-history":[{"count":1,"href":"https:\/\/www.fira.edu.br\/repositorio\/wp-json\/wp\/v2\/tnc_col_5_item\/3577\/revisions"}],"predecessor-version":[{"id":3599,"href":"https:\/\/www.fira.edu.br\/repositorio\/wp-json\/wp\/v2\/tnc_col_5_item\/3577\/revisions\/3599"}],"wp:featuredmedia":[{"embeddable":true,"href":"https:\/\/www.fira.edu.br\/repositorio\/wp-json\/wp\/v2\/media\/3580"}],"wp:attachment":[{"href":"https:\/\/www.fira.edu.br\/repositorio\/wp-json\/wp\/v2\/media?parent=3577"}],"curies":[{"name":"wp","href":"https:\/\/api.w.org\/{rel}","templated":true}]}}

MOÇAMBIQUE EM PIRAJU: A DANÇA FOLCLÓRICA E SUAS TRADIÇÕES

<p>O presente trabalho de pesquisa evidencia toda parte folclórica e a forma como o grupo veio parar no interior, suas mutações, onde seres humanos, que dedicam suas vidas com um único objetivo, de ingressarem efetivamente na vida das pessoas 0 objetivo foi evidenciar e relatar toda vivência do grupo e a forma como os moradores do município valorizam o buscando o reconhecimento e aprofundamentos no exterior passam em sua trajetória profissional. Trata-se de uma pesquisa de revisão de literatura e pesquisa de campo, onde o instrumento utilizado para coleta de dados foi o questionário aberto, contendo 4 (quatro) questões abertas, direcionado a 3 (três) moradores e apreciadores do grupo, como o mestre o diretor de cultura e uma festeira Verificou-se que os resultados do trabalho enaltecem a grande possibilidade de crescimento e reconhecimento do grupo como uma forma de eternizar toda uma história, visando a atuação em grandes centros artísticos, e festivais de cultura popular além da conquista e realização, por parte dos sujeitos em ver o quanto é importante resgatar e valorizar a cultura do nosso povo.</p>
