{"id":3634,"date":"2022-06-29T15:00:14","date_gmt":"2022-06-29T18:00:14","guid":{"rendered":"https:\/\/www.fira.edu.br\/repositorio\/?post_type=tnc_col_5_item&#038;p=3634"},"modified":"2022-06-29T15:09:05","modified_gmt":"2022-06-29T18:09:05","slug":"aplicacoes-de-crescimento-e-decaimento-exponencial-com-0-uso-de-logaritmos","status":"publish","type":"tnc_col_5_item","link":"https:\/\/www.fira.edu.br\/repositorio\/artigos\/aplicacoes-de-crescimento-e-decaimento-exponencial-com-0-uso-de-logaritmos\/","title":{"rendered":"APLICA\u00c7\u00d5ES DE CRESCIMENTO E DECAIMENTO EXPONENCIAL COM 0 USO DE LOGARITMOS"},"content":{"rendered":"<p>Este trabalho visa modelar algumas aplica\u00e7\u00f5es que envolvam crescimento ou decaimento exponencial, abordando tamb\u00e9m a ideia do logaritmo natural e equa\u00e7\u00f5es diferenciais, sendo estas, belas aplica\u00e7\u00f5es do c\u00e1lculo diferencial e integral. Estes conceitos revolucionaram n\u00e3o s\u00f3 a matem\u00e1tica, mas todas as outras \u00e1reas e campos de pesquisa, dando suporte a toda a revolu\u00e7\u00e3o tecnol\u00f3gica presente.<\/p>\n","protected":false},"featured_media":3637,"parent":0,"menu_order":0,"comment_status":"closed","ping_status":"closed","template":"","format":"standard","class_list":["post-3634","tnc_col_5_item","type-tnc_col_5_item","status-publish","format-standard","has-post-thumbnail","hentry"],"_links":{"self":[{"href":"https:\/\/www.fira.edu.br\/repositorio\/wp-json\/wp\/v2\/tnc_col_5_item\/3634","targetHints":{"allow":["GET"]}}],"collection":[{"href":"https:\/\/www.fira.edu.br\/repositorio\/wp-json\/wp\/v2\/tnc_col_5_item"}],"about":[{"href":"https:\/\/www.fira.edu.br\/repositorio\/wp-json\/wp\/v2\/types\/tnc_col_5_item"}],"replies":[{"embeddable":true,"href":"https:\/\/www.fira.edu.br\/repositorio\/wp-json\/wp\/v2\/comments?post=3634"}],"version-history":[{"count":1,"href":"https:\/\/www.fira.edu.br\/repositorio\/wp-json\/wp\/v2\/tnc_col_5_item\/3634\/revisions"}],"predecessor-version":[{"id":3657,"href":"https:\/\/www.fira.edu.br\/repositorio\/wp-json\/wp\/v2\/tnc_col_5_item\/3634\/revisions\/3657"}],"wp:featuredmedia":[{"embeddable":true,"href":"https:\/\/www.fira.edu.br\/repositorio\/wp-json\/wp\/v2\/media\/3637"}],"wp:attachment":[{"href":"https:\/\/www.fira.edu.br\/repositorio\/wp-json\/wp\/v2\/media?parent=3634"}],"curies":[{"name":"wp","href":"https:\/\/api.w.org\/{rel}","templated":true}]}}

APLICAÇÕES DE CRESCIMENTO E DECAIMENTO EXPONENCIAL COM 0 USO DE LOGARITMOS

<p>Este trabalho visa modelar algumas aplicações que envolvam crescimento ou decaimento exponencial, abordando também a ideia do logaritmo natural e equações diferenciais, sendo estas, belas aplicações do cálculo diferencial e integral. Estes conceitos revolucionaram não só a matemática, mas todas as outras áreas e campos de pesquisa, dando suporte a toda a revolução tecnológica presente.</p>
