{"id":3659,"date":"2022-06-29T15:12:02","date_gmt":"2022-06-29T18:12:02","guid":{"rendered":"https:\/\/www.fira.edu.br\/repositorio\/?post_type=tnc_col_5_item&#038;p=3659"},"modified":"2022-06-29T15:17:43","modified_gmt":"2022-06-29T18:17:43","slug":"logica-matematica-uma-abordagem-teorica","status":"publish","type":"tnc_col_5_item","link":"https:\/\/www.fira.edu.br\/repositorio\/artigos\/logica-matematica-uma-abordagem-teorica\/","title":{"rendered":"L\u00d3GICA MATEM\u00c1TICA: UMA ABORDAGEM TE\u00d3RICA"},"content":{"rendered":"<p>A l\u00f3gica \u00e9 intr\u00ednseca ao pensamento humano e h\u00e1 v\u00e1rios s\u00e9culos t\u00eam sido estudada e pesquisada visando ajudar a compreender e resolver problemas nas diversas \u00e1reas do o conhecimento. considerada por muitos um assunto dif\u00edcil por exigir conhecimento te\u00f3rico e racioc\u00ednio &#8220;matem\u00e1tico&#8221;. Neste contexto, este trabalho tem como objetivos apresentar um resumo te\u00f3rico da l\u00f3gica matem\u00e1tica e apresentar algumas, situa\u00e7\u00f5es, baseadas na literatura, visando mostrar a sua import\u00e2ncia em situa\u00e7\u00f5es do cotidiano e tamb\u00e9m nas diversas \u00e1reas do conhecimento, como ci\u00eancia da computa\u00e7\u00e3o, psicologia e direito.<\/p>\n","protected":false},"featured_media":3662,"parent":0,"menu_order":0,"comment_status":"closed","ping_status":"closed","template":"","format":"standard","class_list":["post-3659","tnc_col_5_item","type-tnc_col_5_item","status-publish","format-standard","has-post-thumbnail","hentry"],"_links":{"self":[{"href":"https:\/\/www.fira.edu.br\/repositorio\/wp-json\/wp\/v2\/tnc_col_5_item\/3659","targetHints":{"allow":["GET"]}}],"collection":[{"href":"https:\/\/www.fira.edu.br\/repositorio\/wp-json\/wp\/v2\/tnc_col_5_item"}],"about":[{"href":"https:\/\/www.fira.edu.br\/repositorio\/wp-json\/wp\/v2\/types\/tnc_col_5_item"}],"replies":[{"embeddable":true,"href":"https:\/\/www.fira.edu.br\/repositorio\/wp-json\/wp\/v2\/comments?post=3659"}],"version-history":[{"count":1,"href":"https:\/\/www.fira.edu.br\/repositorio\/wp-json\/wp\/v2\/tnc_col_5_item\/3659\/revisions"}],"predecessor-version":[{"id":3673,"href":"https:\/\/www.fira.edu.br\/repositorio\/wp-json\/wp\/v2\/tnc_col_5_item\/3659\/revisions\/3673"}],"wp:featuredmedia":[{"embeddable":true,"href":"https:\/\/www.fira.edu.br\/repositorio\/wp-json\/wp\/v2\/media\/3662"}],"wp:attachment":[{"href":"https:\/\/www.fira.edu.br\/repositorio\/wp-json\/wp\/v2\/media?parent=3659"}],"curies":[{"name":"wp","href":"https:\/\/api.w.org\/{rel}","templated":true}]}}

LÓGICA MATEMÁTICA: UMA ABORDAGEM TEÓRICA

<p>A lógica é intrínseca ao pensamento humano e há vários séculos têm sido estudada e pesquisada visando ajudar a compreender e resolver problemas nas diversas áreas do o conhecimento. considerada por muitos um assunto difícil por exigir conhecimento teórico e raciocínio &#8220;matemático&#8221;. Neste contexto, este trabalho tem como objetivos apresentar um resumo teórico da lógica matemática e apresentar algumas, situações, baseadas na literatura, visando mostrar a sua importância em situações do cotidiano e também nas diversas áreas do conhecimento, como ciência da computação, psicologia e direito.</p>
