{"id":3741,"date":"2022-06-29T18:35:30","date_gmt":"2022-06-29T21:35:30","guid":{"rendered":"https:\/\/www.fira.edu.br\/repositorio\/?post_type=tnc_col_5_item&#038;p=3741"},"modified":"2022-06-29T18:47:48","modified_gmt":"2022-06-29T21:47:48","slug":"a-obesidade-no-ensino-fundamental-i-e-0-papel-da-educacao-fisica-na-prevencao-e-controle-da-doenca","status":"publish","type":"tnc_col_5_item","link":"https:\/\/www.fira.edu.br\/repositorio\/artigos\/a-obesidade-no-ensino-fundamental-i-e-0-papel-da-educacao-fisica-na-prevencao-e-controle-da-doenca\/","title":{"rendered":"A OBESIDADE NO ENSINO FUNDAMENTAL I E 0 PAPEL DA EDUCA\u00c7\u00c3O F\u00cdSICA NA PREVEN\u00c7\u00c3O E CONTROLE DA DOEN\u00c7A"},"content":{"rendered":"<p>Pesquisas atuais indicam taxas alarmantes de incid\u00eancia e preval\u00eancia de obesidade infantil, o que traz s\u00e9rias consequ\u00eancias para o desenvolvimento f\u00edsico e mental dos indiv\u00edduos. No Brasil, segundo a OMS, 10,8 % das crian\u00e7as e adolescentes s\u00e3o obesas. Sendo assim, o objetivo geral do presente artigo foi realizar uma revis\u00e3o bibliogr\u00e1fica para apresentar dados sobre a obesidade infantil, especificamente entre alunos do Ensino Fundamental I, bem como falar sobre o papel da educa\u00e7\u00e3o f\u00edsica e da escola na preven\u00e7\u00e3o e controle da doen\u00e7a. Os resultados encontrados sugerem que a obesidade infantil \u00e9 multifatorial, porem, o sedentarismo e a dieta inadequada s\u00e3o fatores que mais contribuem para a doen\u00e7a. Assim, com base na pesquisa, foi poss\u00edvel destacar a import\u00e2ncia da pr\u00e1tica de exerc\u00edcios f\u00edsicos e da alimenta\u00e7\u00e3o saud\u00e1vel no cotidiano das crian\u00e7as, concluindo que o educador f\u00edsico\/professor e a escola podem atuar juntos no controle da obesidade infantil.<\/p>\n","protected":false},"featured_media":3744,"parent":0,"menu_order":0,"comment_status":"closed","ping_status":"closed","template":"","format":"standard","class_list":["post-3741","tnc_col_5_item","type-tnc_col_5_item","status-publish","format-standard","has-post-thumbnail","hentry"],"_links":{"self":[{"href":"https:\/\/www.fira.edu.br\/repositorio\/wp-json\/wp\/v2\/tnc_col_5_item\/3741","targetHints":{"allow":["GET"]}}],"collection":[{"href":"https:\/\/www.fira.edu.br\/repositorio\/wp-json\/wp\/v2\/tnc_col_5_item"}],"about":[{"href":"https:\/\/www.fira.edu.br\/repositorio\/wp-json\/wp\/v2\/types\/tnc_col_5_item"}],"replies":[{"embeddable":true,"href":"https:\/\/www.fira.edu.br\/repositorio\/wp-json\/wp\/v2\/comments?post=3741"}],"version-history":[{"count":1,"href":"https:\/\/www.fira.edu.br\/repositorio\/wp-json\/wp\/v2\/tnc_col_5_item\/3741\/revisions"}],"predecessor-version":[{"id":3760,"href":"https:\/\/www.fira.edu.br\/repositorio\/wp-json\/wp\/v2\/tnc_col_5_item\/3741\/revisions\/3760"}],"wp:featuredmedia":[{"embeddable":true,"href":"https:\/\/www.fira.edu.br\/repositorio\/wp-json\/wp\/v2\/media\/3744"}],"wp:attachment":[{"href":"https:\/\/www.fira.edu.br\/repositorio\/wp-json\/wp\/v2\/media?parent=3741"}],"curies":[{"name":"wp","href":"https:\/\/api.w.org\/{rel}","templated":true}]}}

A OBESIDADE NO ENSINO FUNDAMENTAL I E 0 PAPEL DA EDUCAÇÃO FÍSICA NA PREVENÇÃO E CONTROLE DA DOENÇA

<p>Pesquisas atuais indicam taxas alarmantes de incidência e prevalência de obesidade infantil, o que traz sérias consequências para o desenvolvimento físico e mental dos indivíduos. No Brasil, segundo a OMS, 10,8 % das crianças e adolescentes são obesas. Sendo assim, o objetivo geral do presente artigo foi realizar uma revisão bibliográfica para apresentar dados sobre a obesidade infantil, especificamente entre alunos do Ensino Fundamental I, bem como falar sobre o papel da educação física e da escola na prevenção e controle da doença. Os resultados encontrados sugerem que a obesidade infantil é multifatorial, porem, o sedentarismo e a dieta inadequada são fatores que mais contribuem para a doença. Assim, com base na pesquisa, foi possível destacar a importância da prática de exercícios físicos e da alimentação saudável no cotidiano das crianças, concluindo que o educador físico/professor e a escola podem atuar juntos no controle da obesidade infantil.</p>
