{"id":3838,"date":"2022-06-29T19:37:09","date_gmt":"2022-06-29T22:37:09","guid":{"rendered":"https:\/\/www.fira.edu.br\/repositorio\/?post_type=tnc_col_5_item&#038;p=3838"},"modified":"2022-06-29T19:42:54","modified_gmt":"2022-06-29T22:42:54","slug":"inclusao-de-alunos-especiais-um-direito-constitucional","status":"publish","type":"tnc_col_5_item","link":"https:\/\/www.fira.edu.br\/repositorio\/artigos\/inclusao-de-alunos-especiais-um-direito-constitucional\/","title":{"rendered":"INCLUS\u00c3O DE ALUNOS ESPECIAIS: UM DIREITO CONSTITUCIONAL"},"content":{"rendered":"<p>A inclus\u00e3o de alunos especiais se iniciou no Brasil por volta do s\u00e9culo XX. Foi configurada pela concep\u00e7\u00e3o medico- pedag\u00f3gica das escolas e da forma\u00e7\u00e3o de professores. No s\u00e9culo XXI, avan\u00e7ou-se nos estudos em educa\u00e7\u00e3o especial no Brasil, intensificados pela abertura de cursos de p\u00f3s-gradua\u00e7\u00e3o em educa\u00e7\u00e3o e de a\u00e7\u00f5es governamentais especificas para a educa\u00e7\u00e3o especial, que come\u00e7aram no ano de 1970. A inclus\u00e3o \u00e9 a garantia para que todos tenham acesso continuo ao espa\u00e7o comum da vida em sociedade, sociedade esta que deve ter uma boa aceita\u00e7\u00e3o das diferen\u00e7as individuais. A tentativa de ruptura das pr\u00e1ticas excludentes levou implanta\u00e7\u00e3o da pol\u00edtica de inclus\u00e3o, tema que vem sendo debatido em v\u00e1rios pa\u00edses, entre eles o Brasil. Hoje a legisla\u00e7\u00e3o brasileira, esta posicionada pelo atendimento dos alunos com necessidades educacionais especiais preferencialmente em classes comuns das escolas, em todos os n\u00edveis, etapas e modalidades de educa\u00e7\u00e3o e ensino. A educa\u00e7\u00e3o especial, portanto, insere-se nos diferentes n\u00edveis da educa\u00e7\u00e3o escolar. O objetivo dessa pesquisa \u00e9 apresentar como a demanda da educa\u00e7\u00e3o especial hoje no pais, encontra dificuldade na efetiva\u00e7\u00e3o das leis que garante o atendimento com qualidade desde publico que vem crescendo constantemente, mas que as pol\u00edticas n\u00e3o acompanham esse avan\u00e7o.<\/p>\n","protected":false},"featured_media":3841,"parent":0,"menu_order":0,"comment_status":"closed","ping_status":"closed","template":"","format":"standard","class_list":["post-3838","tnc_col_5_item","type-tnc_col_5_item","status-publish","format-standard","has-post-thumbnail","hentry"],"_links":{"self":[{"href":"https:\/\/www.fira.edu.br\/repositorio\/wp-json\/wp\/v2\/tnc_col_5_item\/3838","targetHints":{"allow":["GET"]}}],"collection":[{"href":"https:\/\/www.fira.edu.br\/repositorio\/wp-json\/wp\/v2\/tnc_col_5_item"}],"about":[{"href":"https:\/\/www.fira.edu.br\/repositorio\/wp-json\/wp\/v2\/types\/tnc_col_5_item"}],"replies":[{"embeddable":true,"href":"https:\/\/www.fira.edu.br\/repositorio\/wp-json\/wp\/v2\/comments?post=3838"}],"version-history":[{"count":1,"href":"https:\/\/www.fira.edu.br\/repositorio\/wp-json\/wp\/v2\/tnc_col_5_item\/3838\/revisions"}],"predecessor-version":[{"id":3859,"href":"https:\/\/www.fira.edu.br\/repositorio\/wp-json\/wp\/v2\/tnc_col_5_item\/3838\/revisions\/3859"}],"wp:featuredmedia":[{"embeddable":true,"href":"https:\/\/www.fira.edu.br\/repositorio\/wp-json\/wp\/v2\/media\/3841"}],"wp:attachment":[{"href":"https:\/\/www.fira.edu.br\/repositorio\/wp-json\/wp\/v2\/media?parent=3838"}],"curies":[{"name":"wp","href":"https:\/\/api.w.org\/{rel}","templated":true}]}}

INCLUSÃO DE ALUNOS ESPECIAIS: UM DIREITO CONSTITUCIONAL

<p>A inclusão de alunos especiais se iniciou no Brasil por volta do século XX. Foi configurada pela concepção medico- pedagógica das escolas e da formação de professores. No século XXI, avançou-se nos estudos em educação especial no Brasil, intensificados pela abertura de cursos de pós-graduação em educação e de ações governamentais especificas para a educação especial, que começaram no ano de 1970. A inclusão é a garantia para que todos tenham acesso continuo ao espaço comum da vida em sociedade, sociedade esta que deve ter uma boa aceitação das diferenças individuais. A tentativa de ruptura das práticas excludentes levou implantação da política de inclusão, tema que vem sendo debatido em vários países, entre eles o Brasil. Hoje a legislação brasileira, esta posicionada pelo atendimento dos alunos com necessidades educacionais especiais preferencialmente em classes comuns das escolas, em todos os níveis, etapas e modalidades de educação e ensino. A educação especial, portanto, insere-se nos diferentes níveis da educação escolar. O objetivo dessa pesquisa é apresentar como a demanda da educação especial hoje no pais, encontra dificuldade na efetivação das leis que garante o atendimento com qualidade desde publico que vem crescendo constantemente, mas que as políticas não acompanham esse avanço.</p>
