{"id":15485,"date":"2024-08-13T00:34:22","date_gmt":"2024-08-13T00:34:22","guid":{"rendered":"https:\/\/www.fira.edu.br\/site\/?page_id=15485"},"modified":"2024-08-30T18:30:44","modified_gmt":"2024-08-30T18:30:44","slug":"geografia","status":"publish","type":"page","link":"https:\/\/www.fira.edu.br\/site\/geografia\/","title":{"rendered":"Geografia"},"content":{"rendered":"\t\t<div data-elementor-type=\"wp-page\" data-elementor-id=\"15485\" class=\"elementor elementor-15485\">\n\t\t\t\t<div class=\"elementor-element elementor-element-df359e0 e-flex e-con-boxed e-con e-parent\" data-id=\"df359e0\" data-element_type=\"container\" data-e-type=\"container\">\n\t\t\t\t\t<div class=\"e-con-inner\">\n\t\t<div class=\"elementor-element elementor-element-4086bfc e-con-full e-flex e-con e-child\" data-id=\"4086bfc\" data-element_type=\"container\" data-e-type=\"container\" data-settings=\"{&quot;background_background&quot;:&quot;classic&quot;}\">\n\t\t\t\t<div class=\"elementor-element elementor-element-fb32dd8 elementor-view-default elementor-widget elementor-widget-icon\" data-id=\"fb32dd8\" data-element_type=\"widget\" data-e-type=\"widget\" data-widget_type=\"icon.default\">\n\t\t\t\t<div class=\"elementor-widget-container\">\n\t\t\t\t\t\t\t<div class=\"elementor-icon-wrapper\">\n\t\t\t<div class=\"elementor-icon\">\n\t\t\t<i aria-hidden=\"true\" class=\"icon icon-globe\"><\/i>\t\t\t<\/div>\n\t\t<\/div>\n\t\t\t\t\t\t<\/div>\n\t\t\t\t<\/div>\n\t\t\t\t<div class=\"elementor-element elementor-element-0189837 elementor-widget elementor-widget-heading\" data-id=\"0189837\" data-element_type=\"widget\" data-e-type=\"widget\" data-widget_type=\"heading.default\">\n\t\t\t\t<div class=\"elementor-widget-container\">\n\t\t\t\t\t<h2 class=\"elementor-heading-title elementor-size-default\">Geografia<\/h2>\t\t\t\t<\/div>\n\t\t\t\t<\/div>\n\t\t\t\t<\/div>\n\t\t\t\t\t<\/div>\n\t\t\t\t<\/div>\n\t\t<div class=\"elementor-element elementor-element-21fe31a e-flex e-con-boxed e-con e-parent\" data-id=\"21fe31a\" data-element_type=\"container\" data-e-type=\"container\">\n\t\t\t\t\t<div class=\"e-con-inner\">\n\t\t\t\t<div class=\"elementor-element elementor-element-d223e3b elementor-widget elementor-widget-text-editor\" data-id=\"d223e3b\" data-element_type=\"widget\" data-e-type=\"widget\" data-widget_type=\"text-editor.default\">\n\t\t\t\t<div class=\"elementor-widget-container\">\n\t\t\t\t\t\t\t\t\t<p>O curso de licenciatura em Geografia forma profissionais capacitados para lecionar na educa\u00e7\u00e3o b\u00e1sica, tanto em escolas p\u00fablicas quanto privadas. Al\u00e9m disso, \u00e9 uma excelente escolha para aqueles que desejam se dedicar \u00e0 pesquisa na \u00e1rea de Geografia ou atuar em projetos e consultorias especializadas.<\/p><p>A licenciatura em Geografia oferece uma forma\u00e7\u00e3o abrangente, com foco em tr\u00eas pilares fundamentais: dom\u00ednio dos conte\u00fados geogr\u00e1ficos, desenvolvimento de habilidades pedag\u00f3gicas e integra\u00e7\u00e3o de conhecimentos de disciplinas relacionadas.<\/p><p>Entre as disciplinas abordadas no curso, destacam-se: Cartografia Geral e Tem\u00e1tica, Climatologia B\u00e1sica e Aplicada, Geomorfologia, Geografia Econ\u00f4mica, Geopol\u00edtica e Geologia.<\/p>\t\t\t\t\t\t\t\t<\/div>\n\t\t\t\t<\/div>\n\t\t\t\t\t<\/div>\n\t\t\t\t<\/div>\n\t\t<div class=\"elementor-element elementor-element-648c713 e-flex e-con-boxed e-con e-parent\" data-id=\"648c713\" data-element_type=\"container\" data-e-type=\"container\">\n\t\t\t\t\t<div class=\"e-con-inner\">\n\t\t\t\t<div class=\"elementor-element elementor-element-b1221d6 elementor-widget elementor-widget-eael-creative-button\" data-id=\"b1221d6\" data-element_type=\"widget\" data-e-type=\"widget\" data-widget_type=\"eael-creative-button.default\">\n\t\t\t\t<div class=\"elementor-widget-container\">\n\t\t\t\t\t        <div class=\"eael-creative-button-wrapper\">\n\n            <a class=\"eael-creative-button eael-creative-button--wayra eael-cb-icon-position-left\" href=\"https:\/\/www.fira.edu.br\/site\/wp-content\/uploads\/2024\/08\/MATRIZ-CURRICULAR-GEOGRAFIA-FIRA-.pdf\" target=\"_blank\" data-text=\"\">\n            \t    \n                <div class=\"creative-button-inner\">\n\n                                            <span class=\"eael-creative-button-icon-left\"><i aria-hidden=\"true\" class=\"fas fa-graduation-cap\"><\/i><\/span>                    \n                    <span class=\"cretive-button-text\">Matriz Curricular <\/span>\n\n                                    <\/div>\n\t                        <\/a>\n        <\/div>\n        \t\t\t\t<\/div>\n\t\t\t\t<\/div>\n\t\t\t\t\t<\/div>\n\t\t\t\t<\/div>\n\t\t\t\t<\/div>\n\t\t","protected":false},"excerpt":{"rendered":"<p>Geografia O curso de licenciatura em Geografia forma profissionais capacitados para lecionar na educa\u00e7\u00e3o b\u00e1sica, tanto em escolas p\u00fablicas quanto privadas. Al\u00e9m disso, \u00e9 uma excelente escolha para aqueles que desejam se dedicar \u00e0 pesquisa na \u00e1rea de Geografia ou atuar em projetos e consultorias especializadas. A licenciatura em Geografia oferece uma forma\u00e7\u00e3o abrangente, com&hellip; <br \/> <a class=\"read-more\" href=\"https:\/\/www.fira.edu.br\/site\/geografia\/\">Leia mais<\/a><\/p>\n","protected":false},"author":2,"featured_media":0,"parent":0,"menu_order":0,"comment_status":"closed","ping_status":"closed","template":"elementor_header_footer","meta":{"_joinchat":[],"footnotes":""},"class_list":["post-15485","page","type-page","status-publish","hentry"],"yoast_head":"<!-- This site is optimized with the Yoast SEO plugin v27.4 - https:\/\/yoast.com\/product\/yoast-seo-wordpress\/ -->\n<title>Geografia - FACULDADES INTEGRADAS REGIONAIS DE AVAR\u00c9<\/title>\n<meta name=\"robots\" content=\"index, follow, max-snippet:-1, max-image-preview:large, max-video-preview:-1\" \/>\n<link rel=\"canonical\" href=\"https:\/\/www.fira.edu.br\/site\/geografia\/\" \/>\n<meta property=\"og:locale\" content=\"pt_BR\" \/>\n<meta property=\"og:type\" content=\"article\" \/>\n<meta property=\"og:title\" content=\"Geografia - FACULDADES INTEGRADAS REGIONAIS DE AVAR\u00c9\" \/>\n<meta property=\"og:description\" content=\"Geografia O curso de licenciatura em Geografia forma profissionais capacitados para lecionar na educa\u00e7\u00e3o b\u00e1sica, tanto em escolas p\u00fablicas quanto privadas. Al\u00e9m disso, \u00e9 uma excelente escolha para aqueles que desejam se dedicar \u00e0 pesquisa na \u00e1rea de Geografia ou atuar em projetos e consultorias especializadas. A licenciatura em Geografia oferece uma forma\u00e7\u00e3o abrangente, com&hellip; Leia mais\" \/>\n<meta property=\"og:url\" content=\"https:\/\/www.fira.edu.br\/site\/geografia\/\" \/>\n<meta property=\"og:site_name\" content=\"FACULDADES INTEGRADAS REGIONAIS DE AVAR\u00c9\" \/>\n<meta property=\"article:modified_time\" content=\"2024-08-30T18:30:44+00:00\" \/>\n<meta name=\"twitter:label1\" content=\"Est. tempo de leitura\" \/>\n\t<meta name=\"twitter:data1\" content=\"1 minuto\" \/>\n<script type=\"application\/ld+json\" class=\"yoast-schema-graph\">{\"@context\":\"https:\\\/\\\/schema.org\",\"@graph\":[{\"@type\":\"WebPage\",\"@id\":\"https:\\\/\\\/www.fira.edu.br\\\/site\\\/geografia\\\/\",\"url\":\"https:\\\/\\\/www.fira.edu.br\\\/site\\\/geografia\\\/\",\"name\":\"Geografia - FACULDADES INTEGRADAS REGIONAIS DE AVAR\u00c9\",\"isPartOf\":{\"@id\":\"https:\\\/\\\/www.fira.edu.br\\\/site\\\/#website\"},\"datePublished\":\"2024-08-13T00:34:22+00:00\",\"dateModified\":\"2024-08-30T18:30:44+00:00\",\"breadcrumb\":{\"@id\":\"https:\\\/\\\/www.fira.edu.br\\\/site\\\/geografia\\\/#breadcrumb\"},\"inLanguage\":\"pt-BR\",\"potentialAction\":[{\"@type\":\"ReadAction\",\"target\":[\"https:\\\/\\\/www.fira.edu.br\\\/site\\\/geografia\\\/\"]}]},{\"@type\":\"BreadcrumbList\",\"@id\":\"https:\\\/\\\/www.fira.edu.br\\\/site\\\/geografia\\\/#breadcrumb\",\"itemListElement\":[{\"@type\":\"ListItem\",\"position\":1,\"name\":\"In\u00edcio\",\"item\":\"https:\\\/\\\/www.fira.edu.br\\\/site\\\/\"},{\"@type\":\"ListItem\",\"position\":2,\"name\":\"Geografia\"}]},{\"@type\":\"WebSite\",\"@id\":\"https:\\\/\\\/www.fira.edu.br\\\/site\\\/#website\",\"url\":\"https:\\\/\\\/www.fira.edu.br\\\/site\\\/\",\"name\":\"FACULDADES INTEGRADAS REGIONAIS DE AVAR\u00c9\",\"description\":\"A tradi\u00e7\u00e3o \u00e9 nossa. A oportunidade \u00e9 sua.\",\"publisher\":{\"@id\":\"https:\\\/\\\/www.fira.edu.br\\\/site\\\/#organization\"},\"potentialAction\":[{\"@type\":\"SearchAction\",\"target\":{\"@type\":\"EntryPoint\",\"urlTemplate\":\"https:\\\/\\\/www.fira.edu.br\\\/site\\\/?s={search_term_string}\"},\"query-input\":{\"@type\":\"PropertyValueSpecification\",\"valueRequired\":true,\"valueName\":\"search_term_string\"}}],\"inLanguage\":\"pt-BR\"},{\"@type\":\"Organization\",\"@id\":\"https:\\\/\\\/www.fira.edu.br\\\/site\\\/#organization\",\"name\":\"FACULDADES INTEGRADAS REGIONAIS DE AVAR\u00c9\",\"url\":\"https:\\\/\\\/www.fira.edu.br\\\/site\\\/\",\"logo\":{\"@type\":\"ImageObject\",\"inLanguage\":\"pt-BR\",\"@id\":\"https:\\\/\\\/www.fira.edu.br\\\/site\\\/#\\\/schema\\\/logo\\\/image\\\/\",\"url\":\"https:\\\/\\\/www.fira.edu.br\\\/site\\\/wp-content\\\/uploads\\\/2020\\\/12\\\/fira-teste-.png\",\"contentUrl\":\"https:\\\/\\\/www.fira.edu.br\\\/site\\\/wp-content\\\/uploads\\\/2020\\\/12\\\/fira-teste-.png\",\"width\":105,\"height\":105,\"caption\":\"FACULDADES INTEGRADAS REGIONAIS DE AVAR\u00c9\"},\"image\":{\"@id\":\"https:\\\/\\\/www.fira.edu.br\\\/site\\\/#\\\/schema\\\/logo\\\/image\\\/\"}}]}<\/script>\n<!-- \/ Yoast SEO plugin. -->","yoast_head_json":{"title":"Geografia - FACULDADES INTEGRADAS REGIONAIS DE AVAR\u00c9","robots":{"index":"index","follow":"follow","max-snippet":"max-snippet:-1","max-image-preview":"max-image-preview:large","max-video-preview":"max-video-preview:-1"},"canonical":"https:\/\/www.fira.edu.br\/site\/geografia\/","og_locale":"pt_BR","og_type":"article","og_title":"Geografia - FACULDADES INTEGRADAS REGIONAIS DE AVAR\u00c9","og_description":"Geografia O curso de licenciatura em Geografia forma profissionais capacitados para lecionar na educa\u00e7\u00e3o b\u00e1sica, tanto em escolas p\u00fablicas quanto privadas. Al\u00e9m disso, \u00e9 uma excelente escolha para aqueles que desejam se dedicar \u00e0 pesquisa na \u00e1rea de Geografia ou atuar em projetos e consultorias especializadas. A licenciatura em Geografia oferece uma forma\u00e7\u00e3o abrangente, com&hellip; Leia mais","og_url":"https:\/\/www.fira.edu.br\/site\/geografia\/","og_site_name":"FACULDADES INTEGRADAS REGIONAIS DE AVAR\u00c9","article_modified_time":"2024-08-30T18:30:44+00:00","twitter_misc":{"Est. tempo de leitura":"1 minuto"},"schema":{"@context":"https:\/\/schema.org","@graph":[{"@type":"WebPage","@id":"https:\/\/www.fira.edu.br\/site\/geografia\/","url":"https:\/\/www.fira.edu.br\/site\/geografia\/","name":"Geografia - FACULDADES INTEGRADAS REGIONAIS DE AVAR\u00c9","isPartOf":{"@id":"https:\/\/www.fira.edu.br\/site\/#website"},"datePublished":"2024-08-13T00:34:22+00:00","dateModified":"2024-08-30T18:30:44+00:00","breadcrumb":{"@id":"https:\/\/www.fira.edu.br\/site\/geografia\/#breadcrumb"},"inLanguage":"pt-BR","potentialAction":[{"@type":"ReadAction","target":["https:\/\/www.fira.edu.br\/site\/geografia\/"]}]},{"@type":"BreadcrumbList","@id":"https:\/\/www.fira.edu.br\/site\/geografia\/#breadcrumb","itemListElement":[{"@type":"ListItem","position":1,"name":"In\u00edcio","item":"https:\/\/www.fira.edu.br\/site\/"},{"@type":"ListItem","position":2,"name":"Geografia"}]},{"@type":"WebSite","@id":"https:\/\/www.fira.edu.br\/site\/#website","url":"https:\/\/www.fira.edu.br\/site\/","name":"FACULDADES INTEGRADAS REGIONAIS DE AVAR\u00c9","description":"A tradi\u00e7\u00e3o \u00e9 nossa. A oportunidade \u00e9 sua.","publisher":{"@id":"https:\/\/www.fira.edu.br\/site\/#organization"},"potentialAction":[{"@type":"SearchAction","target":{"@type":"EntryPoint","urlTemplate":"https:\/\/www.fira.edu.br\/site\/?s={search_term_string}"},"query-input":{"@type":"PropertyValueSpecification","valueRequired":true,"valueName":"search_term_string"}}],"inLanguage":"pt-BR"},{"@type":"Organization","@id":"https:\/\/www.fira.edu.br\/site\/#organization","name":"FACULDADES INTEGRADAS REGIONAIS DE AVAR\u00c9","url":"https:\/\/www.fira.edu.br\/site\/","logo":{"@type":"ImageObject","inLanguage":"pt-BR","@id":"https:\/\/www.fira.edu.br\/site\/#\/schema\/logo\/image\/","url":"https:\/\/www.fira.edu.br\/site\/wp-content\/uploads\/2020\/12\/fira-teste-.png","contentUrl":"https:\/\/www.fira.edu.br\/site\/wp-content\/uploads\/2020\/12\/fira-teste-.png","width":105,"height":105,"caption":"FACULDADES INTEGRADAS REGIONAIS DE AVAR\u00c9"},"image":{"@id":"https:\/\/www.fira.edu.br\/site\/#\/schema\/logo\/image\/"}}]}},"jetpack_sharing_enabled":true,"_links":{"self":[{"href":"https:\/\/www.fira.edu.br\/site\/wp-json\/wp\/v2\/pages\/15485","targetHints":{"allow":["GET"]}}],"collection":[{"href":"https:\/\/www.fira.edu.br\/site\/wp-json\/wp\/v2\/pages"}],"about":[{"href":"https:\/\/www.fira.edu.br\/site\/wp-json\/wp\/v2\/types\/page"}],"author":[{"embeddable":true,"href":"https:\/\/www.fira.edu.br\/site\/wp-json\/wp\/v2\/users\/2"}],"replies":[{"embeddable":true,"href":"https:\/\/www.fira.edu.br\/site\/wp-json\/wp\/v2\/comments?post=15485"}],"version-history":[{"count":17,"href":"https:\/\/www.fira.edu.br\/site\/wp-json\/wp\/v2\/pages\/15485\/revisions"}],"predecessor-version":[{"id":15544,"href":"https:\/\/www.fira.edu.br\/site\/wp-json\/wp\/v2\/pages\/15485\/revisions\/15544"}],"wp:attachment":[{"href":"https:\/\/www.fira.edu.br\/site\/wp-json\/wp\/v2\/media?parent=15485"}],"curies":[{"name":"wp","href":"https:\/\/api.w.org\/{rel}","templated":true}]}}

<div data-elementor-type="wp-page" data-elementor-id="15485" class="elementor elementor-15485">
				<div class="elementor-element elementor-element-df359e0 e-flex e-con-boxed e-con e-parent" data-id="df359e0" data-element_type="container" data-e-type="container">
					<div class="e-con-inner">
		<div class="elementor-element elementor-element-4086bfc e-con-full e-flex e-con e-child" data-id="4086bfc" data-element_type="container" data-e-type="container" data-settings="{&quot;background_background&quot;:&quot;classic&quot;}">
				<div class="elementor-element elementor-element-fb32dd8 elementor-view-default elementor-widget elementor-widget-icon" data-id="fb32dd8" data-element_type="widget" data-e-type="widget" data-widget_type="icon.default">
				<div class="elementor-widget-container">
							<div class="elementor-icon-wrapper">
			<div class="elementor-icon">
			<i aria-hidden="true" class="icon icon-globe"></i>			</div>
		</div>
						</div>
				</div>
				<div class="elementor-element elementor-element-0189837 elementor-widget elementor-widget-heading" data-id="0189837" data-element_type="widget" data-e-type="widget" data-widget_type="heading.default">
				<div class="elementor-widget-container">
					<h2 class="elementor-heading-title elementor-size-default">Geografia</h2>				</div>
				</div>
				</div>
					</div>
				</div>
		<div class="elementor-element elementor-element-21fe31a e-flex e-con-boxed e-con e-parent" data-id="21fe31a" data-element_type="container" data-e-type="container">
					<div class="e-con-inner">
				<div class="elementor-element elementor-element-d223e3b elementor-widget elementor-widget-text-editor" data-id="d223e3b" data-element_type="widget" data-e-type="widget" data-widget_type="text-editor.default">
				<div class="elementor-widget-container">
									<p>O curso de licenciatura em Geografia forma profissionais capacitados para lecionar na educação básica, tanto em escolas públicas quanto privadas. Além disso, é uma excelente escolha para aqueles que desejam se dedicar à pesquisa na área de Geografia ou atuar em projetos e consultorias especializadas.</p><p>A licenciatura em Geografia oferece uma formação abrangente, com foco em três pilares fundamentais: domínio dos conteúdos geográficos, desenvolvimento de habilidades pedagógicas e integração de conhecimentos de disciplinas relacionadas.</p><p>Entre as disciplinas abordadas no curso, destacam-se: Cartografia Geral e Temática, Climatologia Básica e Aplicada, Geomorfologia, Geografia Econômica, Geopolítica e Geologia.</p>								</div>
				</div>
					</div>
				</div>
		<div class="elementor-element elementor-element-648c713 e-flex e-con-boxed e-con e-parent" data-id="648c713" data-element_type="container" data-e-type="container">
					<div class="e-con-inner">
				<div class="elementor-element elementor-element-b1221d6 elementor-widget elementor-widget-eael-creative-button" data-id="b1221d6" data-element_type="widget" data-e-type="widget" data-widget_type="eael-creative-button.default">
				<div class="elementor-widget-container">
					        <div class="eael-creative-button-wrapper">

            <a class="eael-creative-button eael-creative-button--wayra eael-cb-icon-position-left" href="https://www.fira.edu.br/site/wp-content/uploads/2024/08/MATRIZ-CURRICULAR-GEOGRAFIA-FIRA-.pdf" target="_blank" data-text="">
            	    
                <div class="creative-button-inner">

                                            <span class="eael-creative-button-icon-left"><i aria-hidden="true" class="fas fa-graduation-cap"></i></span>                    
                    <span class="cretive-button-text">Matriz Curricular </span>

                                    </div>
	                        </a>
        </div>
        				</div>
				</div>
					</div>
				</div>
				</div>

<p>Geografia O curso de licenciatura em Geografia forma profissionais capacitados para lecionar na educação básica, tanto em escolas públicas quanto privadas. Além disso, é uma excelente escolha para aqueles que desejam se dedicar à pesquisa na área de Geografia ou atuar em projetos e consultorias especializadas. A licenciatura em Geografia oferece uma formação abrangente, com&hellip; <br /> <a class="read-more" href="https://www.fira.edu.br/site/geografia/">Leia mais</a></p>

<!-- This site is optimized with the Yoast SEO plugin v27.4 - https://yoast.com/product/yoast-seo-wordpress/ -->
<title>Geografia - FACULDADES INTEGRADAS REGIONAIS DE AVARÉ</title>
<meta name="robots" content="index, follow, max-snippet:-1, max-image-preview:large, max-video-preview:-1" />
<link rel="canonical" href="https://www.fira.edu.br/site/geografia/" />
<meta property="og:locale" content="pt_BR" />
<meta property="og:type" content="article" />
<meta property="og:title" content="Geografia - FACULDADES INTEGRADAS REGIONAIS DE AVARÉ" />
<meta property="og:description" content="Geografia O curso de licenciatura em Geografia forma profissionais capacitados para lecionar na educação básica, tanto em escolas públicas quanto privadas. Além disso, é uma excelente escolha para aqueles que desejam se dedicar à pesquisa na área de Geografia ou atuar em projetos e consultorias especializadas. A licenciatura em Geografia oferece uma formação abrangente, com&hellip; Leia mais" />
<meta property="og:url" content="https://www.fira.edu.br/site/geografia/" />
<meta property="og:site_name" content="FACULDADES INTEGRADAS REGIONAIS DE AVARÉ" />
<meta property="article:modified_time" content="2024-08-30T18:30:44+00:00" />
<meta name="twitter:label1" content="Est. tempo de leitura" />
	<meta name="twitter:data1" content="1 minuto" />
<script type="application/ld+json" class="yoast-schema-graph">{"@context":"https:\/\/schema.org","@graph":[{"@type":"WebPage","@id":"https:\/\/www.fira.edu.br\/site\/geografia\/","url":"https:\/\/www.fira.edu.br\/site\/geografia\/","name":"Geografia - FACULDADES INTEGRADAS REGIONAIS DE AVARÉ","isPartOf":{"@id":"https:\/\/www.fira.edu.br\/site\/#website"},"datePublished":"2024-08-13T00:34:22+00:00","dateModified":"2024-08-30T18:30:44+00:00","breadcrumb":{"@id":"https:\/\/www.fira.edu.br\/site\/geografia\/#breadcrumb"},"inLanguage":"pt-BR","potentialAction":[{"@type":"ReadAction","target":["https:\/\/www.fira.edu.br\/site\/geografia\/"]}]},{"@type":"BreadcrumbList","@id":"https:\/\/www.fira.edu.br\/site\/geografia\/#breadcrumb","itemListElement":[{"@type":"ListItem","position":1,"name":"Início","item":"https:\/\/www.fira.edu.br\/site\/"},{"@type":"ListItem","position":2,"name":"Geografia"}]},{"@type":"WebSite","@id":"https:\/\/www.fira.edu.br\/site\/#website","url":"https:\/\/www.fira.edu.br\/site\/","name":"FACULDADES INTEGRADAS REGIONAIS DE AVARÉ","description":"A tradição é nossa. A oportunidade é sua.","publisher":{"@id":"https:\/\/www.fira.edu.br\/site\/#organization"},"potentialAction":[{"@type":"SearchAction","target":{"@type":"EntryPoint","urlTemplate":"https:\/\/www.fira.edu.br\/site\/?s={search_term_string}"},"query-input":{"@type":"PropertyValueSpecification","valueRequired":true,"valueName":"search_term_string"}}],"inLanguage":"pt-BR"},{"@type":"Organization","@id":"https:\/\/www.fira.edu.br\/site\/#organization","name":"FACULDADES INTEGRADAS REGIONAIS DE AVARÉ","url":"https:\/\/www.fira.edu.br\/site\/","logo":{"@type":"ImageObject","inLanguage":"pt-BR","@id":"https:\/\/www.fira.edu.br\/site\/#\/schema\/logo\/image\/","url":"https:\/\/www.fira.edu.br\/site\/wp-content\/uploads\/2020\/12\/fira-teste-.png","contentUrl":"https:\/\/www.fira.edu.br\/site\/wp-content\/uploads\/2020\/12\/fira-teste-.png","width":105,"height":105,"caption":"FACULDADES INTEGRADAS REGIONAIS DE AVARÉ"},"image":{"@id":"https:\/\/www.fira.edu.br\/site\/#\/schema\/logo\/image\/"}}]}</script>
<!-- / Yoast SEO plugin. -->

Geografia - FACULDADES INTEGRADAS REGIONAIS DE AVARÉ

Geografia O curso de licenciatura em Geografia forma profissionais capacitados para lecionar na educação básica, tanto em escolas públicas quanto privadas. Além disso, é uma excelente escolha para aqueles que desejam se dedicar à pesquisa na área de Geografia ou atuar em projetos e consultorias especializadas. A licenciatura em Geografia oferece uma formação abrangente, com&hellip; Leia mais

FACULDADES INTEGRADAS REGIONAIS DE AVARÉ

Início

A tradição é nossa. A oportunidade é sua.
