{"id":15918,"date":"2025-07-15T20:57:29","date_gmt":"2025-07-15T20:57:29","guid":{"rendered":"https:\/\/www.fira.edu.br\/site\/?page_id=15918"},"modified":"2025-07-16T16:57:14","modified_gmt":"2025-07-16T16:57:14","slug":"alunos-egressos","status":"publish","type":"page","link":"https:\/\/www.fira.edu.br\/site\/alunos-egressos\/","title":{"rendered":"Alunos Egressos"},"content":{"rendered":"\t\t<div data-elementor-type=\"wp-page\" data-elementor-id=\"15918\" class=\"elementor elementor-15918\">\n\t\t\t\t<div class=\"elementor-element elementor-element-153031a e-flex e-con-boxed e-con e-parent\" data-id=\"153031a\" data-element_type=\"container\" data-e-type=\"container\" data-settings=\"{&quot;background_background&quot;:&quot;classic&quot;}\">\n\t\t\t\t\t<div class=\"e-con-inner\">\n\t\t<div class=\"elementor-element elementor-element-66a2f41 e-con-full e-flex e-con e-child\" data-id=\"66a2f41\" data-element_type=\"container\" data-e-type=\"container\" data-settings=\"{&quot;background_background&quot;:&quot;classic&quot;}\">\n\t\t\t\t<div class=\"elementor-element elementor-element-8226080 elementor-widget elementor-widget-heading\" data-id=\"8226080\" data-element_type=\"widget\" data-e-type=\"widget\" data-widget_type=\"heading.default\">\n\t\t\t\t<div class=\"elementor-widget-container\">\n\t\t\t\t\t<h2 class=\"elementor-heading-title elementor-size-default\">Question\u00e1rio eletr\u00f4nico Egressos da FREA FIRA<\/h2>\t\t\t\t<\/div>\n\t\t\t\t<\/div>\n\t\t\t\t<\/div>\n\t\t<div class=\"elementor-element elementor-element-f70ef90 e-con-full e-flex e-con e-child\" data-id=\"f70ef90\" data-element_type=\"container\" data-e-type=\"container\">\n\t\t\t\t<div class=\"elementor-element elementor-element-821543d elementor-widget elementor-widget-button\" data-id=\"821543d\" data-element_type=\"widget\" data-e-type=\"widget\" data-widget_type=\"button.default\">\n\t\t\t\t<div class=\"elementor-widget-container\">\n\t\t\t\t\t\t\t\t\t<div class=\"elementor-button-wrapper\">\n\t\t\t\t\t<a class=\"elementor-button elementor-button-link elementor-size-sm\" href=\"https:\/\/forms.office.com\/r\/V0fLJ6iyaF\" target=\"_blank\">\n\t\t\t\t\t\t<span class=\"elementor-button-content-wrapper\">\n\t\t\t\t\t\t\t\t\t<span class=\"elementor-button-text\">Clique aqui<\/span>\n\t\t\t\t\t<\/span>\n\t\t\t\t\t<\/a>\n\t\t\t\t<\/div>\n\t\t\t\t\t\t\t\t<\/div>\n\t\t\t\t<\/div>\n\t\t\t\t<\/div>\n\t\t\t\t\t<\/div>\n\t\t\t\t<\/div>\n\t\t<div class=\"elementor-element elementor-element-812efef e-flex e-con-boxed e-con e-parent\" data-id=\"812efef\" data-element_type=\"container\" data-e-type=\"container\">\n\t\t\t\t\t<div class=\"e-con-inner\">\n\t\t\t\t<div class=\"elementor-element elementor-element-dfbb6da elementor-widget elementor-widget-heading\" data-id=\"dfbb6da\" data-element_type=\"widget\" data-e-type=\"widget\" data-widget_type=\"heading.default\">\n\t\t\t\t<div class=\"elementor-widget-container\">\n\t\t\t\t\t<h2 class=\"elementor-heading-title elementor-size-default\">ALUNOS EGRESSOS 2022 A 2025<\/h2>\t\t\t\t<\/div>\n\t\t\t\t<\/div>\n\t\t\t\t\t<\/div>\n\t\t\t\t<\/div>\n\t\t<div class=\"elementor-element elementor-element-67892ab e-flex e-con-boxed e-con e-parent\" data-id=\"67892ab\" data-element_type=\"container\" data-e-type=\"container\">\n\t\t\t\t\t<div class=\"e-con-inner\">\n\t\t\t\t<div class=\"elementor-element elementor-element-1b8e518 elementor-widget elementor-widget-eael-adv-accordion\" data-id=\"1b8e518\" data-element_type=\"widget\" data-e-type=\"widget\" data-widget_type=\"eael-adv-accordion.default\">\n\t\t\t\t<div class=\"elementor-widget-container\">\n\t\t\t\t\t            <div class=\"eael-adv-accordion\" id=\"eael-adv-accordion-1b8e518\" data-scroll-on-click=\"no\" data-scroll-speed=\"300\" data-accordion-id=\"1b8e518\" data-accordion-type=\"accordion\" data-toogle-speed=\"300\">\n            <div class=\"eael-accordion-list\">\n\t\t\t\t\t<div id=\"artes\" class=\"elementor-tab-title eael-accordion-header\" tabindex=\"0\" data-tab=\"1\" aria-controls=\"elementor-tab-content-2881\"><span class=\"eael-advanced-accordion-icon-closed\"><i aria-hidden=\"true\" class=\"fa-accordion-icon fas fa-plus\"><\/i><\/span><span class=\"eael-advanced-accordion-icon-opened\"><i aria-hidden=\"true\" class=\"fa-accordion-icon fas fa-minus\"><\/i><\/span><span class=\"eael-accordion-tab-title\">Artes<\/span><i aria-hidden=\"true\" class=\"fa-toggle fas fa-angle-right\"><\/i><\/div><div id=\"elementor-tab-content-2881\" class=\"eael-accordion-content clearfix\" data-tab=\"1\" aria-labelledby=\"artes\"><table><tbody><tr><td>Anisio Gregorio Troia Ferreira<\/td><\/tr><tr><td>Camila Dantas Lopes Prudencio<\/td><\/tr><tr><td>Carolina Braz Marinho<\/td><\/tr><tr><td>Gabriel de Andrade Dias<\/td><\/tr><tr><td>Gustavo dos Santos Pereira<\/td><\/tr><tr><td>Kaynan Mendes Leite<\/td><\/tr><\/tbody><\/table><\/div>\n\t\t\t\t\t<\/div><div class=\"eael-accordion-list\">\n\t\t\t\t\t<div id=\"educao-fsica-bacharelado\" class=\"elementor-tab-title eael-accordion-header\" tabindex=\"0\" data-tab=\"2\" aria-controls=\"elementor-tab-content-2882\"><span class=\"eael-advanced-accordion-icon-closed\"><i aria-hidden=\"true\" class=\"fa-accordion-icon fas fa-plus\"><\/i><\/span><span class=\"eael-advanced-accordion-icon-opened\"><i aria-hidden=\"true\" class=\"fa-accordion-icon fas fa-minus\"><\/i><\/span><span class=\"eael-accordion-tab-title\">Educa\u00e7\u00e3o F\u00edsica Bacharelado<\/span><i aria-hidden=\"true\" class=\"fa-toggle fas fa-angle-right\"><\/i><\/div><div id=\"elementor-tab-content-2882\" class=\"eael-accordion-content clearfix\" data-tab=\"2\" aria-labelledby=\"educao-fsica-bacharelado\"><table><tbody><tr><td><p>Almir Rogerio Maciel Correa de Oliveira Jr.<\/p><\/td><\/tr><tr><td><p>Anderson Augusto Taconha<\/p><\/td><\/tr><tr><td><p>Andre Paulo Rosolen<\/p><\/td><\/tr><tr><td><p>Aparecido Fernandes Junior<\/p><\/td><\/tr><tr><td><p>Bruno Gilberto Pires<\/p><\/td><\/tr><tr><td><p>Caroliny Stefany Carvalho da Luz<\/p><\/td><\/tr><tr><td><p>David da Silva Gomes<\/p><\/td><\/tr><tr><td><p>D\u00e9bora Gon\u00e7alves Soares<\/p><\/td><\/tr><tr><td><p>Diego Gomes<\/p><\/td><\/tr><tr><td><p>Diego Henrique Teodoro Stelzer<\/p><\/td><\/tr><tr><td><p>Dilson Santana da Silva Junior<\/p><\/td><\/tr><tr><td><p>Diogo Afonso dos Reis Batista<\/p><\/td><\/tr><tr><td><p>\u00camilly de Sousa Ferreira<\/p><\/td><\/tr><tr><td><p>\u00camilly Estanislau Silvestre<\/p><\/td><\/tr><tr><td><p>Eric Santana Gicus<\/p><\/td><\/tr><tr><td><p>Gabriel Carvalho de Sousa<\/p><\/td><\/tr><tr><td><p>Gabriel Leme Faria<\/p><\/td><\/tr><tr><td><p>Gabriela de Carvalho Bergamo<\/p><\/td><\/tr><tr><td><p>Heitor Bassan Souza<\/p><\/td><\/tr><tr><td><p>Jayme Ferreira Sanches<\/p><\/td><\/tr><tr><td><p>Jean dos Santos Dias<\/p><\/td><\/tr><tr><td><p>Jhonatan Willian de Oliveira<\/p><\/td><\/tr><tr><td><p>Jo\u00e3o Francisco Coelho Neto<\/p><\/td><\/tr><tr><td><p>Jo\u00e3o Pedro Arduino Duarte<\/p><\/td><\/tr><tr><td><p>Jose Sidnei de Oliveira Junior<\/p><\/td><\/tr><tr><td><p>Karina Fernanda Gon\u00e7alves<\/p><\/td><\/tr><tr><td><p>Kauan Mateus Alves Rodrigues<\/p><\/td><\/tr><tr><td><p>Larissa Carvalho Morgato<\/p><\/td><\/tr><tr><td><p>Larissa Goretti dos Santos Guimar\u00e3es<\/p><\/td><\/tr><tr><td><p>Luan Garcia Fernandes de Almeida<\/p><\/td><\/tr><tr><td><p>Luis Felipe Oliveira Moraes<\/p><\/td><\/tr><tr><td><p>Luis Gustavo Garbeloti de Camargo<\/p><\/td><\/tr><tr><td><p>Luiz Felipe Garcia Dias<\/p><\/td><\/tr><tr><td><p>Luma Alves Rodrigues de Souza<\/p><\/td><\/tr><tr><td><p>Mahmoud Jamil Srour Neto<\/p><\/td><\/tr><tr><td><p>Marcela Mileni Roncon de Lima<\/p><\/td><\/tr><tr><td><p>Marciele da Silva Batista<\/p><\/td><\/tr><tr><td><p>Matheus Alves Leonel<\/p><\/td><\/tr><tr><td><p>Matheus Henrique Salom\u00e3o Alves<\/p><\/td><\/tr><tr><td><p>Matheus Henrique Teodoro Neves Antunes<\/p><\/td><\/tr><tr><td><p>Mikaela Lopes Marinho<\/p><\/td><\/tr><tr><td><p>Murilo Afonso Pancioni<\/p><\/td><\/tr><tr><td><p>Nath\u00e1lia Caroline de Oliveira<\/p><\/td><\/tr><tr><td><p>Ot\u00e1vio Jos\u00e9 Greggio<\/p><\/td><\/tr><tr><td><p>Peter Cavalcante Silva<\/p><\/td><\/tr><tr><td><p>Rafael Lu\u00eds de Oliveira<\/p><\/td><\/tr><tr><td><p>Rafael Rinaldi Valeriano<\/p><\/td><\/tr><tr><td><p>Renato Soares de Oliveira Neto<\/p><\/td><\/tr><tr><td><p>Renato Victor Gomes<\/p><\/td><\/tr><tr><td><p>Rodolfo Augusto Tavares Foga\u00e7a<\/p><\/td><\/tr><tr><td><p>Rodrigo Junior Felisberto dos Santos<\/p><\/td><\/tr><tr><td><p>Tamires Campos Conde<\/p><\/td><\/tr><tr><td><p>Thiago Dato<\/p><\/td><\/tr><tr><td><p>Thiago Honorio dos Santos Pais<\/p><\/td><\/tr><tr><td><p>Vanderlei Assun\u00e7\u00e3o<\/p><\/td><\/tr><\/tbody><\/table><\/div>\n\t\t\t\t\t<\/div><div class=\"eael-accordion-list\">\n\t\t\t\t\t<div id=\"educao-fsica-licenciatura\" class=\"elementor-tab-title eael-accordion-header\" tabindex=\"0\" data-tab=\"3\" aria-controls=\"elementor-tab-content-2883\"><span class=\"eael-advanced-accordion-icon-closed\"><i aria-hidden=\"true\" class=\"fa-accordion-icon fas fa-plus\"><\/i><\/span><span class=\"eael-advanced-accordion-icon-opened\"><i aria-hidden=\"true\" class=\"fa-accordion-icon fas fa-minus\"><\/i><\/span><span class=\"eael-accordion-tab-title\">Educa\u00e7\u00e3o F\u00edsica Licenciatura<\/span><i aria-hidden=\"true\" class=\"fa-toggle fas fa-angle-right\"><\/i><\/div><div id=\"elementor-tab-content-2883\" class=\"eael-accordion-content clearfix\" data-tab=\"3\" aria-labelledby=\"educao-fsica-licenciatura\"><table><tbody><tr><td><p>Adson William Ribeiro Domingues<\/p><\/td><\/tr><tr><td><p>Daniel Fabio Gardin Santos<\/p><\/td><\/tr><tr><td><p>Edio Silva Lima<\/p><\/td><\/tr><tr><td><p>Elidan Acacio Christino<\/p><\/td><\/tr><tr><td><p>Evandro Augusto Rocha Tavares Rodrigues<\/p><\/td><\/tr><tr><td><p>Fernanda Caroline Rodrigues de Oliveira<\/p><\/td><\/tr><tr><td><p>Gabriel Marques Fernandes<\/p><\/td><\/tr><tr><td><p>Guilherme da Silva Dutra<\/p><\/td><\/tr><tr><td><p>Isabela Beatriz Cardoso da Silva Oliveira<\/p><\/td><\/tr><tr><td><p>Jacqueline Philadelpho Natal<\/p><\/td><\/tr><tr><td><p>Jayme Ferreira Sanches<\/p><\/td><\/tr><tr><td><p>Jeferson Gregorio Candido<\/p><\/td><\/tr><tr><td><p>J\u00e9ssica Pereira de Godoi<\/p><\/td><\/tr><tr><td><p>Jo\u00e3o Vitor Monteiro de Mello<\/p><\/td><\/tr><tr><td><p>Leonardo Faria Ferreira<\/p><\/td><\/tr><tr><td><p>Maicon Julio de Oliveira Alves<\/p><\/td><\/tr><tr><td><p>Maria Luiza Reis<\/p><\/td><\/tr><tr><td><p>Mariana Martins da Costa<\/p><\/td><\/tr><tr><td><p>Matheus Henrique Calixto<\/p><\/td><\/tr><tr><td><p>Matheus Henrique C\u00e1ussero de Matos<\/p><\/td><\/tr><tr><td><p>Michelifer Braga Santos<\/p><\/td><\/tr><tr><td><p>Sandy Natalie da Rosa Matias<\/p><\/td><\/tr><tr><td><p>Stephanie da Silva de Lima<\/p><\/td><\/tr><tr><td><p>Taina Dantas Lopes<\/p><\/td><\/tr><tr><td><p>Thiago Dato<\/p><\/td><\/tr><tr><td><p>Uellison Santos de Jesus<\/p><\/td><\/tr><tr><td><p>Willian Aparecido Corr\u00eaa<\/p><\/td><\/tr><\/tbody><\/table><\/div>\n\t\t\t\t\t<\/div><div class=\"eael-accordion-list\">\n\t\t\t\t\t<div id=\"histria\" class=\"elementor-tab-title eael-accordion-header\" tabindex=\"0\" data-tab=\"4\" aria-controls=\"elementor-tab-content-2884\"><span class=\"eael-advanced-accordion-icon-closed\"><i aria-hidden=\"true\" class=\"fa-accordion-icon fas fa-plus\"><\/i><\/span><span class=\"eael-advanced-accordion-icon-opened\"><i aria-hidden=\"true\" class=\"fa-accordion-icon fas fa-minus\"><\/i><\/span><span class=\"eael-accordion-tab-title\">Hist\u00f3ria<\/span><i aria-hidden=\"true\" class=\"fa-toggle fas fa-angle-right\"><\/i><\/div><div id=\"elementor-tab-content-2884\" class=\"eael-accordion-content clearfix\" data-tab=\"4\" aria-labelledby=\"histria\"><table><tbody><tr><td><p>Caroline Aparecida Prior Francisco<\/p><\/td><\/tr><tr><td><p>Dhynifer Larissa Gutierres Pereira<\/p><\/td><\/tr><tr><td><p>Jo\u00e3o Guilherme Ramos Gomes<\/p><\/td><\/tr><tr><td><p>Jo\u00e3o Victor Camargo dos Santos<\/p><\/td><\/tr><tr><td><p>Lucas Gabriel Dias de Melo<\/p><\/td><\/tr><tr><td><p>Maria Fernanda de Souza Ferreira<\/p><\/td><\/tr><tr><td><p>Victor Rafael Gon\u00e7alves<\/p><\/td><\/tr><tr><td><p>Yuri Rossi Cardoso<\/p><\/td><\/tr><\/tbody><\/table><\/div>\n\t\t\t\t\t<\/div><div class=\"eael-accordion-list\">\n\t\t\t\t\t<div id=\"letras\" class=\"elementor-tab-title eael-accordion-header\" tabindex=\"0\" data-tab=\"5\" aria-controls=\"elementor-tab-content-2885\"><span class=\"eael-advanced-accordion-icon-closed\"><i aria-hidden=\"true\" class=\"fa-accordion-icon fas fa-plus\"><\/i><\/span><span class=\"eael-advanced-accordion-icon-opened\"><i aria-hidden=\"true\" class=\"fa-accordion-icon fas fa-minus\"><\/i><\/span><span class=\"eael-accordion-tab-title\">Letras<\/span><i aria-hidden=\"true\" class=\"fa-toggle fas fa-angle-right\"><\/i><\/div><div id=\"elementor-tab-content-2885\" class=\"eael-accordion-content clearfix\" data-tab=\"5\" aria-labelledby=\"letras\"><table><tbody><tr><td>Filipe Felix Menechini<\/td><\/tr><tr><td>Gabrielle Silva Borges<\/td><\/tr><tr><td>Isabella Maria Manoel de Lima<\/td><\/tr><tr><td>Lis Carolina Papin<\/td><\/tr><tr><td>Maria Helena Carvalho Fermino<\/td><\/tr><tr><td>Maria Neide Silva Teixeira Napolitano<\/td><\/tr><tr><td>Mayara Fonseca Beiro<\/td><\/tr><tr><td>Samuel Machado Oliveira da Silva<\/td><\/tr><tr><td>Sandra Maria Sim\u00e3o de Oliveira<\/td><\/tr><tr><td>Sebastian Am\u00e9rico Batista de Oliveira<\/td><\/tr><\/tbody><\/table><\/div>\n\t\t\t\t\t<\/div><div class=\"eael-accordion-list\">\n\t\t\t\t\t<div id=\"matemtica\" class=\"elementor-tab-title eael-accordion-header\" tabindex=\"0\" data-tab=\"6\" aria-controls=\"elementor-tab-content-2886\"><span class=\"eael-advanced-accordion-icon-closed\"><i aria-hidden=\"true\" class=\"fa-accordion-icon fas fa-plus\"><\/i><\/span><span class=\"eael-advanced-accordion-icon-opened\"><i aria-hidden=\"true\" class=\"fa-accordion-icon fas fa-minus\"><\/i><\/span><span class=\"eael-accordion-tab-title\">Matem\u00e1tica<\/span><i aria-hidden=\"true\" class=\"fa-toggle fas fa-angle-right\"><\/i><\/div><div id=\"elementor-tab-content-2886\" class=\"eael-accordion-content clearfix\" data-tab=\"6\" aria-labelledby=\"matemtica\"><table><tbody><tr><td><p>Aidan Gabriel Nunes Fernandes Soares<\/p><\/td><\/tr><tr><td><p>Ariane Cristina Gomes Soares<\/p><\/td><\/tr><tr><td><p>Carlos Vinicius Garcia Gil<\/p><\/td><\/tr><tr><td><p>Caroline Rafaela Rodrigues<\/p><\/td><\/tr><tr><td><p>Gabriel Peixoto Machado<\/p><\/td><\/tr><tr><td><p>Jo\u00e3o Vitor Pancioni Rolim Pereira<\/p><\/td><\/tr><tr><td><p>Ketily Bianca Eufrasio<\/p><\/td><\/tr><tr><td><p>Nayara Esthephanie Carvalho<\/p><\/td><\/tr><tr><td><p>Welder Fernando de Mello<\/p><\/td><\/tr><\/tbody><\/table><\/div>\n\t\t\t\t\t<\/div><div class=\"eael-accordion-list\">\n\t\t\t\t\t<div id=\"pedagogia\" class=\"elementor-tab-title eael-accordion-header\" tabindex=\"0\" data-tab=\"7\" aria-controls=\"elementor-tab-content-2887\"><span class=\"eael-advanced-accordion-icon-closed\"><i aria-hidden=\"true\" class=\"fa-accordion-icon fas fa-plus\"><\/i><\/span><span class=\"eael-advanced-accordion-icon-opened\"><i aria-hidden=\"true\" class=\"fa-accordion-icon fas fa-minus\"><\/i><\/span><span class=\"eael-accordion-tab-title\">Pedagogia<\/span><i aria-hidden=\"true\" class=\"fa-toggle fas fa-angle-right\"><\/i><\/div><div id=\"elementor-tab-content-2887\" class=\"eael-accordion-content clearfix\" data-tab=\"7\" aria-labelledby=\"pedagogia\"><table><tbody><tr><td><p>Alexsandro Santos Brito de Souza<\/p><\/td><\/tr><tr><td><p>Ana Carolina Bonotto Perote Peres<\/p><\/td><\/tr><tr><td><p>Anna Carolina Xavier da Silva<\/p><\/td><\/tr><tr><td><p>Beatriz Nunes Corr\u00eaa<\/p><\/td><\/tr><tr><td><p>Bianca Bachiega Duarte<\/p><\/td><\/tr><tr><td><p>Brenda Arca Cruz Gomes<\/p><\/td><\/tr><tr><td><p>Camila Pereira Crespo<\/p><\/td><\/tr><tr><td><p>Djulha Maria da Silva<\/p><\/td><\/tr><tr><td><p>Eliete Machado da Silva<\/p><\/td><\/tr><tr><td><p>Emiliany Vit\u00f3ria dos Santos<\/p><\/td><\/tr><tr><td><p>Fernanda Martins<\/p><\/td><\/tr><tr><td><p>Gabriel Bonsaglia Antunes Costa<\/p><\/td><\/tr><tr><td><p>Gl\u00f3ria Sthefani Assis da Silva<\/p><\/td><\/tr><tr><td><p>J\u00e9ssica Leme Florencio Ferruci<\/p><\/td><\/tr><tr><td><p>Josiane Aparecida Mello<\/p><\/td><\/tr><tr><td><p>Juliana Costa da Silva<\/p><\/td><\/tr><tr><td><p>Karen Dias Carvalho<\/p><\/td><\/tr><tr><td><p>Keila Ohana Batista de Oliveira<\/p><\/td><\/tr><tr><td><p>Laura Peixoto Lira<\/p><\/td><\/tr><tr><td><p>Lorena Tegani Teixeira<\/p><\/td><\/tr><tr><td><p>Lorraine Monique Matias Cardoso<\/p><\/td><\/tr><tr><td><p>Marciele Carvalho Oliveira<\/p><\/td><\/tr><tr><td><p>Maria Eduarda Gasparini<\/p><\/td><\/tr><tr><td><p>Mariana Aparecida Correia Lopes<\/p><\/td><\/tr><tr><td><p>Monica Xavier Pedro dos Santos<\/p><\/td><\/tr><tr><td><p>Monique da Silva Cunha<\/p><\/td><\/tr><tr><td><p>Raquel Agda Almeida de Lima<\/p><\/td><\/tr><tr><td><p>Rosana Aparecida Ferreira Bento<\/p><\/td><\/tr><tr><td><p>Sara Bueno Nalim<\/p><\/td><\/tr><tr><td><p>Suellen Ariadny Pereira Parreira<\/p><\/td><\/tr><tr><td><p>Suellen Cristina Massotti Galdino<\/p><\/td><\/tr><tr><td><p>Thais Regina Sena de Oliveira Passarelli<\/p><\/td><\/tr><\/tbody><\/table><\/div>\n\t\t\t\t\t<\/div><\/div>\t\t\t\t<\/div>\n\t\t\t\t<\/div>\n\t\t\t\t\t<\/div>\n\t\t\t\t<\/div>\n\t\t\t\t<\/div>\n\t\t","protected":false},"excerpt":{"rendered":"<p>Question\u00e1rio eletr\u00f4nico Egressos da FREA FIRA Clique aqui ALUNOS EGRESSOS 2022 A 2025 Artes Anisio Gregorio Troia Ferreira Camila Dantas Lopes Prudencio Carolina Braz Marinho Gabriel de Andrade Dias Gustavo dos Santos Pereira Kaynan Mendes Leite Educa\u00e7\u00e3o F\u00edsica Bacharelado Almir Rogerio Maciel Correa de Oliveira Jr. Anderson Augusto Taconha Andre Paulo Rosolen Aparecido Fernandes Junior&hellip; <br \/> <a class=\"read-more\" href=\"https:\/\/www.fira.edu.br\/site\/alunos-egressos\/\">Leia mais<\/a><\/p>\n","protected":false},"author":2,"featured_media":0,"parent":0,"menu_order":0,"comment_status":"closed","ping_status":"closed","template":"","meta":{"_joinchat":[],"footnotes":""},"class_list":["post-15918","page","type-page","status-publish","hentry"],"yoast_head":"<!-- This site is optimized with the Yoast SEO plugin v27.4 - https:\/\/yoast.com\/product\/yoast-seo-wordpress\/ -->\n<title>Alunos Egressos - FACULDADES INTEGRADAS REGIONAIS DE AVAR\u00c9<\/title>\n<meta name=\"robots\" content=\"index, follow, max-snippet:-1, max-image-preview:large, max-video-preview:-1\" \/>\n<link rel=\"canonical\" href=\"https:\/\/www.fira.edu.br\/site\/alunos-egressos\/\" \/>\n<meta property=\"og:locale\" content=\"pt_BR\" \/>\n<meta property=\"og:type\" content=\"article\" \/>\n<meta property=\"og:title\" content=\"Alunos Egressos - FACULDADES INTEGRADAS REGIONAIS DE AVAR\u00c9\" \/>\n<meta property=\"og:description\" content=\"Question\u00e1rio eletr\u00f4nico Egressos da FREA FIRA Clique aqui ALUNOS EGRESSOS 2022 A 2025 Artes Anisio Gregorio Troia Ferreira Camila Dantas Lopes Prudencio Carolina Braz Marinho Gabriel de Andrade Dias Gustavo dos Santos Pereira Kaynan Mendes Leite Educa\u00e7\u00e3o F\u00edsica Bacharelado Almir Rogerio Maciel Correa de Oliveira Jr. Anderson Augusto Taconha Andre Paulo Rosolen Aparecido Fernandes Junior&hellip; Leia mais\" \/>\n<meta property=\"og:url\" content=\"https:\/\/www.fira.edu.br\/site\/alunos-egressos\/\" \/>\n<meta property=\"og:site_name\" content=\"FACULDADES INTEGRADAS REGIONAIS DE AVAR\u00c9\" \/>\n<meta property=\"article:modified_time\" content=\"2025-07-16T16:57:14+00:00\" \/>\n<meta name=\"twitter:label1\" content=\"Est. tempo de leitura\" \/>\n\t<meta name=\"twitter:data1\" content=\"4 minutos\" \/>\n<script type=\"application\/ld+json\" class=\"yoast-schema-graph\">{\"@context\":\"https:\\\/\\\/schema.org\",\"@graph\":[{\"@type\":\"WebPage\",\"@id\":\"https:\\\/\\\/www.fira.edu.br\\\/site\\\/alunos-egressos\\\/\",\"url\":\"https:\\\/\\\/www.fira.edu.br\\\/site\\\/alunos-egressos\\\/\",\"name\":\"Alunos Egressos - FACULDADES INTEGRADAS REGIONAIS DE AVAR\u00c9\",\"isPartOf\":{\"@id\":\"https:\\\/\\\/www.fira.edu.br\\\/site\\\/#website\"},\"datePublished\":\"2025-07-15T20:57:29+00:00\",\"dateModified\":\"2025-07-16T16:57:14+00:00\",\"breadcrumb\":{\"@id\":\"https:\\\/\\\/www.fira.edu.br\\\/site\\\/alunos-egressos\\\/#breadcrumb\"},\"inLanguage\":\"pt-BR\",\"potentialAction\":[{\"@type\":\"ReadAction\",\"target\":[\"https:\\\/\\\/www.fira.edu.br\\\/site\\\/alunos-egressos\\\/\"]}]},{\"@type\":\"BreadcrumbList\",\"@id\":\"https:\\\/\\\/www.fira.edu.br\\\/site\\\/alunos-egressos\\\/#breadcrumb\",\"itemListElement\":[{\"@type\":\"ListItem\",\"position\":1,\"name\":\"In\u00edcio\",\"item\":\"https:\\\/\\\/www.fira.edu.br\\\/site\\\/\"},{\"@type\":\"ListItem\",\"position\":2,\"name\":\"Alunos Egressos\"}]},{\"@type\":\"WebSite\",\"@id\":\"https:\\\/\\\/www.fira.edu.br\\\/site\\\/#website\",\"url\":\"https:\\\/\\\/www.fira.edu.br\\\/site\\\/\",\"name\":\"FACULDADES INTEGRADAS REGIONAIS DE AVAR\u00c9\",\"description\":\"A tradi\u00e7\u00e3o \u00e9 nossa. A oportunidade \u00e9 sua.\",\"publisher\":{\"@id\":\"https:\\\/\\\/www.fira.edu.br\\\/site\\\/#organization\"},\"potentialAction\":[{\"@type\":\"SearchAction\",\"target\":{\"@type\":\"EntryPoint\",\"urlTemplate\":\"https:\\\/\\\/www.fira.edu.br\\\/site\\\/?s={search_term_string}\"},\"query-input\":{\"@type\":\"PropertyValueSpecification\",\"valueRequired\":true,\"valueName\":\"search_term_string\"}}],\"inLanguage\":\"pt-BR\"},{\"@type\":\"Organization\",\"@id\":\"https:\\\/\\\/www.fira.edu.br\\\/site\\\/#organization\",\"name\":\"FACULDADES INTEGRADAS REGIONAIS DE AVAR\u00c9\",\"url\":\"https:\\\/\\\/www.fira.edu.br\\\/site\\\/\",\"logo\":{\"@type\":\"ImageObject\",\"inLanguage\":\"pt-BR\",\"@id\":\"https:\\\/\\\/www.fira.edu.br\\\/site\\\/#\\\/schema\\\/logo\\\/image\\\/\",\"url\":\"https:\\\/\\\/www.fira.edu.br\\\/site\\\/wp-content\\\/uploads\\\/2020\\\/12\\\/fira-teste-.png\",\"contentUrl\":\"https:\\\/\\\/www.fira.edu.br\\\/site\\\/wp-content\\\/uploads\\\/2020\\\/12\\\/fira-teste-.png\",\"width\":105,\"height\":105,\"caption\":\"FACULDADES INTEGRADAS REGIONAIS DE AVAR\u00c9\"},\"image\":{\"@id\":\"https:\\\/\\\/www.fira.edu.br\\\/site\\\/#\\\/schema\\\/logo\\\/image\\\/\"}}]}<\/script>\n<!-- \/ Yoast SEO plugin. -->","yoast_head_json":{"title":"Alunos Egressos - FACULDADES INTEGRADAS REGIONAIS DE AVAR\u00c9","robots":{"index":"index","follow":"follow","max-snippet":"max-snippet:-1","max-image-preview":"max-image-preview:large","max-video-preview":"max-video-preview:-1"},"canonical":"https:\/\/www.fira.edu.br\/site\/alunos-egressos\/","og_locale":"pt_BR","og_type":"article","og_title":"Alunos Egressos - FACULDADES INTEGRADAS REGIONAIS DE AVAR\u00c9","og_description":"Question\u00e1rio eletr\u00f4nico Egressos da FREA FIRA Clique aqui ALUNOS EGRESSOS 2022 A 2025 Artes Anisio Gregorio Troia Ferreira Camila Dantas Lopes Prudencio Carolina Braz Marinho Gabriel de Andrade Dias Gustavo dos Santos Pereira Kaynan Mendes Leite Educa\u00e7\u00e3o F\u00edsica Bacharelado Almir Rogerio Maciel Correa de Oliveira Jr. Anderson Augusto Taconha Andre Paulo Rosolen Aparecido Fernandes Junior&hellip; Leia mais","og_url":"https:\/\/www.fira.edu.br\/site\/alunos-egressos\/","og_site_name":"FACULDADES INTEGRADAS REGIONAIS DE AVAR\u00c9","article_modified_time":"2025-07-16T16:57:14+00:00","twitter_misc":{"Est. tempo de leitura":"4 minutos"},"schema":{"@context":"https:\/\/schema.org","@graph":[{"@type":"WebPage","@id":"https:\/\/www.fira.edu.br\/site\/alunos-egressos\/","url":"https:\/\/www.fira.edu.br\/site\/alunos-egressos\/","name":"Alunos Egressos - FACULDADES INTEGRADAS REGIONAIS DE AVAR\u00c9","isPartOf":{"@id":"https:\/\/www.fira.edu.br\/site\/#website"},"datePublished":"2025-07-15T20:57:29+00:00","dateModified":"2025-07-16T16:57:14+00:00","breadcrumb":{"@id":"https:\/\/www.fira.edu.br\/site\/alunos-egressos\/#breadcrumb"},"inLanguage":"pt-BR","potentialAction":[{"@type":"ReadAction","target":["https:\/\/www.fira.edu.br\/site\/alunos-egressos\/"]}]},{"@type":"BreadcrumbList","@id":"https:\/\/www.fira.edu.br\/site\/alunos-egressos\/#breadcrumb","itemListElement":[{"@type":"ListItem","position":1,"name":"In\u00edcio","item":"https:\/\/www.fira.edu.br\/site\/"},{"@type":"ListItem","position":2,"name":"Alunos Egressos"}]},{"@type":"WebSite","@id":"https:\/\/www.fira.edu.br\/site\/#website","url":"https:\/\/www.fira.edu.br\/site\/","name":"FACULDADES INTEGRADAS REGIONAIS DE AVAR\u00c9","description":"A tradi\u00e7\u00e3o \u00e9 nossa. A oportunidade \u00e9 sua.","publisher":{"@id":"https:\/\/www.fira.edu.br\/site\/#organization"},"potentialAction":[{"@type":"SearchAction","target":{"@type":"EntryPoint","urlTemplate":"https:\/\/www.fira.edu.br\/site\/?s={search_term_string}"},"query-input":{"@type":"PropertyValueSpecification","valueRequired":true,"valueName":"search_term_string"}}],"inLanguage":"pt-BR"},{"@type":"Organization","@id":"https:\/\/www.fira.edu.br\/site\/#organization","name":"FACULDADES INTEGRADAS REGIONAIS DE AVAR\u00c9","url":"https:\/\/www.fira.edu.br\/site\/","logo":{"@type":"ImageObject","inLanguage":"pt-BR","@id":"https:\/\/www.fira.edu.br\/site\/#\/schema\/logo\/image\/","url":"https:\/\/www.fira.edu.br\/site\/wp-content\/uploads\/2020\/12\/fira-teste-.png","contentUrl":"https:\/\/www.fira.edu.br\/site\/wp-content\/uploads\/2020\/12\/fira-teste-.png","width":105,"height":105,"caption":"FACULDADES INTEGRADAS REGIONAIS DE AVAR\u00c9"},"image":{"@id":"https:\/\/www.fira.edu.br\/site\/#\/schema\/logo\/image\/"}}]}},"jetpack_sharing_enabled":true,"_links":{"self":[{"href":"https:\/\/www.fira.edu.br\/site\/wp-json\/wp\/v2\/pages\/15918","targetHints":{"allow":["GET"]}}],"collection":[{"href":"https:\/\/www.fira.edu.br\/site\/wp-json\/wp\/v2\/pages"}],"about":[{"href":"https:\/\/www.fira.edu.br\/site\/wp-json\/wp\/v2\/types\/page"}],"author":[{"embeddable":true,"href":"https:\/\/www.fira.edu.br\/site\/wp-json\/wp\/v2\/users\/2"}],"replies":[{"embeddable":true,"href":"https:\/\/www.fira.edu.br\/site\/wp-json\/wp\/v2\/comments?post=15918"}],"version-history":[{"count":18,"href":"https:\/\/www.fira.edu.br\/site\/wp-json\/wp\/v2\/pages\/15918\/revisions"}],"predecessor-version":[{"id":15939,"href":"https:\/\/www.fira.edu.br\/site\/wp-json\/wp\/v2\/pages\/15918\/revisions\/15939"}],"wp:attachment":[{"href":"https:\/\/www.fira.edu.br\/site\/wp-json\/wp\/v2\/media?parent=15918"}],"curies":[{"name":"wp","href":"https:\/\/api.w.org\/{rel}","templated":true}]}}