{"id":163,"date":"2013-02-19T13:24:08","date_gmt":"2013-02-19T13:24:08","guid":{"rendered":"http:\/\/www.fira.edu.br\/site\/?page_id=163-old"},"modified":"2024-03-15T01:30:58","modified_gmt":"2024-03-15T01:30:58","slug":"pedagogia","status":"publish","type":"page","link":"https:\/\/www.fira.edu.br\/site\/pedagogia\/","title":{"rendered":"Pedagogia"},"content":{"rendered":"\t\t<div data-elementor-type=\"wp-page\" data-elementor-id=\"163\" class=\"elementor elementor-163\">\n\t\t\t\t<div class=\"elementor-element elementor-element-67c78843 e-flex e-con-boxed e-con e-parent\" data-id=\"67c78843\" data-element_type=\"container\" data-e-type=\"container\" data-settings=\"{&quot;background_background&quot;:&quot;classic&quot;}\">\n\t\t\t\t\t<div class=\"e-con-inner\">\n\t\t\t\t<div class=\"elementor-element elementor-element-6415d5d3 elementor-view-default elementor-widget elementor-widget-icon\" data-id=\"6415d5d3\" data-element_type=\"widget\" data-e-type=\"widget\" data-widget_type=\"icon.default\">\n\t\t\t\t<div class=\"elementor-widget-container\">\n\t\t\t\t\t\t\t<div class=\"elementor-icon-wrapper\">\n\t\t\t<div class=\"elementor-icon\">\n\t\t\t<i aria-hidden=\"true\" class=\"icon icon-spell-check\"><\/i>\t\t\t<\/div>\n\t\t<\/div>\n\t\t\t\t\t\t<\/div>\n\t\t\t\t<\/div>\n\t\t\t\t<div class=\"elementor-element elementor-element-232b97ed elementor-widget elementor-widget-heading\" data-id=\"232b97ed\" data-element_type=\"widget\" data-e-type=\"widget\" data-widget_type=\"heading.default\">\n\t\t\t\t<div class=\"elementor-widget-container\">\n\t\t\t\t\t<h2 class=\"elementor-heading-title elementor-size-default\">Pedagogia<\/h2>\t\t\t\t<\/div>\n\t\t\t\t<\/div>\n\t\t\t\t\t<\/div>\n\t\t\t\t<\/div>\n\t\t<div class=\"elementor-element elementor-element-4018bd7d e-flex e-con-boxed e-con e-parent\" data-id=\"4018bd7d\" data-element_type=\"container\" data-e-type=\"container\">\n\t\t\t\t\t<div class=\"e-con-inner\">\n\t\t\t\t<div class=\"elementor-element elementor-element-74479351 elementor-widget elementor-widget-text-editor\" data-id=\"74479351\" data-element_type=\"widget\" data-e-type=\"widget\" data-widget_type=\"text-editor.default\">\n\t\t\t\t<div class=\"elementor-widget-container\">\n\t\t\t\t\t\t\t\t\t<p><strong>Licenciatura em Pedagogia<\/strong><\/p><p>Objetivos principais<br \/>1)Formar profissionais competentes e conscientes do exerc\u00edcio de suas atividades para o exerc\u00edcio do Magist\u00e9rio na Educa\u00e7\u00e3o Infantil, nas S\u00e9ries Iniciais do Ensino Fundamental, nas Disciplinas Pedag\u00f3gicas do Ensino M\u00e9dio e para a Administra\u00e7\u00e3o Escolar, al\u00e9m de desenvolver pesquisas em Educa\u00e7\u00e3o;<br \/>2)Proporcionar ao profissional uma forma\u00e7\u00e3o s\u00f3lida de conte\u00fados da \u00e1rea, aliada a um conhecimento interdisciplinar, contextualizado, valorizador da autonomia intelectual e do desenvolvimento de compet\u00eancias, cognitivas e habilidades.<\/p><p>Mercado de trabalho<br \/>O curso de Pedagogia forma profissionais que podem lecionar na Educa\u00e7\u00e3o Infantil, nas s\u00e9ries iniciais do Ensino Fundamental e, na falta de professor habilitado, podem ministrar aulas de disciplinas pedag\u00f3gicas no Ensino M\u00e9dio. Al\u00e9m disso, o curso d\u00e1 o direito de que o profissional exer\u00e7a a Administra\u00e7\u00e3o e a Coordena\u00e7\u00e3o escolar. Hoje o \u00e2mbito da Pedagogia se expandiu, abrangendo o setor de recursos humanos de empresas p\u00fablicas e privadas, al\u00e9m da \u00e1rea hospitalar.<\/p><p>Dura\u00e7\u00e3o do curso: 04 anos (08 semestres)<\/p>\t\t\t\t\t\t\t\t<\/div>\n\t\t\t\t<\/div>\n\t\t\t\t<div class=\"elementor-element elementor-element-32d32819 elementor-widget elementor-widget-eael-creative-button\" data-id=\"32d32819\" data-element_type=\"widget\" data-e-type=\"widget\" data-widget_type=\"eael-creative-button.default\">\n\t\t\t\t<div class=\"elementor-widget-container\">\n\t\t\t\t\t        <div class=\"eael-creative-button-wrapper\">\n\n            <a class=\"eael-creative-button eael-creative-button--wayra eael-cb-icon-position-left\" href=\"https:\/\/www.fira.edu.br\/site\/wp-content\/uploads\/2024\/03\/MATRIZ-CURRICULAR-PEDAGOGIA-FIRA.pdf\" target=\"_blank\" data-text=\"\">\n            \t    \n                <div class=\"creative-button-inner\">\n\n                                            <span class=\"eael-creative-button-icon-left\"><i aria-hidden=\"true\" class=\"fas fa-graduation-cap\"><\/i><\/span>                    \n                    <span class=\"cretive-button-text\">Matriz Curricular <\/span>\n\n                                    <\/div>\n\t                        <\/a>\n        <\/div>\n        \t\t\t\t<\/div>\n\t\t\t\t<\/div>\n\t\t\t\t\t<\/div>\n\t\t\t\t<\/div>\n\t\t<div class=\"elementor-element elementor-element-59bb7e36 e-flex e-con-boxed e-con e-parent\" data-id=\"59bb7e36\" data-element_type=\"container\" data-e-type=\"container\">\n\t\t\t\t\t<div class=\"e-con-inner\">\n\t\t\t\t<div class=\"elementor-element elementor-element-4f5fb03b elementor-widget elementor-widget-image\" data-id=\"4f5fb03b\" data-element_type=\"widget\" data-e-type=\"widget\" data-widget_type=\"image.default\">\n\t\t\t\t<div class=\"elementor-widget-container\">\n\t\t\t\t\t\t\t\t\t\t\t\t\t\t\t<img fetchpriority=\"high\" decoding=\"async\" width=\"768\" height=\"960\" src=\"https:\/\/www.fira.edu.br\/site\/wp-content\/uploads\/2021\/11\/pedagogia-fira-2021-768x960.jpg\" class=\"attachment-medium_large size-medium_large wp-image-13435\" alt=\"Matriz Curricular Curso de Pedagogia\" srcset=\"https:\/\/www.fira.edu.br\/site\/wp-content\/uploads\/2021\/11\/pedagogia-fira-2021-768x960.jpg 768w, https:\/\/www.fira.edu.br\/site\/wp-content\/uploads\/2021\/11\/pedagogia-fira-2021-240x300.jpg 240w, https:\/\/www.fira.edu.br\/site\/wp-content\/uploads\/2021\/11\/pedagogia-fira-2021-819x1024.jpg 819w, https:\/\/www.fira.edu.br\/site\/wp-content\/uploads\/2021\/11\/pedagogia-fira-2021-1024x1280.jpg 1024w, https:\/\/www.fira.edu.br\/site\/wp-content\/uploads\/2021\/11\/pedagogia-fira-2021-864x1080.jpg 864w, https:\/\/www.fira.edu.br\/site\/wp-content\/uploads\/2021\/11\/pedagogia-fira-2021.jpg 1080w\" sizes=\"(max-width: 768px) 100vw, 768px\" \/>\t\t\t\t\t\t\t\t\t\t\t\t\t\t\t<\/div>\n\t\t\t\t<\/div>\n\t\t\t\t\t<\/div>\n\t\t\t\t<\/div>\n\t\t\t\t<\/div>\n\t\t","protected":false},"excerpt":{"rendered":"<p>Pedagogia Licenciatura em Pedagogia Objetivos principais1)Formar profissionais competentes e conscientes do exerc\u00edcio de suas atividades para o exerc\u00edcio do Magist\u00e9rio na Educa\u00e7\u00e3o Infantil, nas S\u00e9ries Iniciais do Ensino Fundamental, nas Disciplinas Pedag\u00f3gicas do Ensino M\u00e9dio e para a Administra\u00e7\u00e3o Escolar, al\u00e9m de desenvolver pesquisas em Educa\u00e7\u00e3o;2)Proporcionar ao profissional uma forma\u00e7\u00e3o s\u00f3lida de conte\u00fados da \u00e1rea,&hellip; <br \/> <a class=\"read-more\" href=\"https:\/\/www.fira.edu.br\/site\/pedagogia\/\">Leia mais<\/a><\/p>\n","protected":false},"author":2,"featured_media":13435,"parent":0,"menu_order":0,"comment_status":"closed","ping_status":"closed","template":"","meta":{"_joinchat":[],"footnotes":""},"class_list":["post-163","page","type-page","status-publish","has-post-thumbnail","hentry"],"yoast_head":"<!-- This site is optimized with the Yoast SEO plugin v27.3 - https:\/\/yoast.com\/product\/yoast-seo-wordpress\/ -->\n<title>Pedagogia - FIRA - FACULDADES INTEGRADAS REGIONAIS DE AVAR\u00c9<\/title>\n<meta name=\"description\" content=\"Venha fazer pedagogia na FIRA. Acesse para obter maiores informa\u00e7\u00f5es.\" \/>\n<meta name=\"robots\" content=\"index, follow, max-snippet:-1, max-image-preview:large, max-video-preview:-1\" \/>\n<link rel=\"canonical\" href=\"https:\/\/www.fira.edu.br\/site\/pedagogia\/\" \/>\n<meta property=\"og:locale\" content=\"pt_BR\" \/>\n<meta property=\"og:type\" content=\"article\" \/>\n<meta property=\"og:title\" content=\"Pedagogia - FIRA - FACULDADES INTEGRADAS REGIONAIS DE AVAR\u00c9\" \/>\n<meta property=\"og:description\" content=\"Venha fazer pedagogia na FIRA. Acesse para obter maiores informa\u00e7\u00f5es.\" \/>\n<meta property=\"og:url\" content=\"https:\/\/www.fira.edu.br\/site\/pedagogia\/\" \/>\n<meta property=\"og:site_name\" content=\"FACULDADES INTEGRADAS REGIONAIS DE AVAR\u00c9\" \/>\n<meta property=\"article:modified_time\" content=\"2024-03-15T01:30:58+00:00\" \/>\n<meta property=\"og:image\" content=\"https:\/\/www.fira.edu.br\/site\/wp-content\/uploads\/2021\/11\/pedagogia-fira-2021.jpg\" \/>\n\t<meta property=\"og:image:width\" content=\"1080\" \/>\n\t<meta property=\"og:image:height\" content=\"1350\" \/>\n\t<meta property=\"og:image:type\" content=\"image\/jpeg\" \/>\n<meta name=\"twitter:label1\" content=\"Est. tempo de leitura\" \/>\n\t<meta name=\"twitter:data1\" content=\"2 minutos\" \/>\n<script type=\"application\/ld+json\" class=\"yoast-schema-graph\">{\"@context\":\"https:\\\/\\\/schema.org\",\"@graph\":[{\"@type\":\"WebPage\",\"@id\":\"https:\\\/\\\/www.fira.edu.br\\\/site\\\/pedagogia\\\/\",\"url\":\"https:\\\/\\\/www.fira.edu.br\\\/site\\\/pedagogia\\\/\",\"name\":\"Pedagogia - FIRA - FACULDADES INTEGRADAS REGIONAIS DE AVAR\u00c9\",\"isPartOf\":{\"@id\":\"https:\\\/\\\/www.fira.edu.br\\\/site\\\/#website\"},\"primaryImageOfPage\":{\"@id\":\"https:\\\/\\\/www.fira.edu.br\\\/site\\\/pedagogia\\\/#primaryimage\"},\"image\":{\"@id\":\"https:\\\/\\\/www.fira.edu.br\\\/site\\\/pedagogia\\\/#primaryimage\"},\"thumbnailUrl\":\"https:\\\/\\\/www.fira.edu.br\\\/site\\\/wp-content\\\/uploads\\\/2021\\\/11\\\/pedagogia-fira-2021.jpg\",\"datePublished\":\"2013-02-19T13:24:08+00:00\",\"dateModified\":\"2024-03-15T01:30:58+00:00\",\"description\":\"Venha fazer pedagogia na FIRA. Acesse para obter maiores informa\u00e7\u00f5es.\",\"breadcrumb\":{\"@id\":\"https:\\\/\\\/www.fira.edu.br\\\/site\\\/pedagogia\\\/#breadcrumb\"},\"inLanguage\":\"pt-BR\",\"potentialAction\":[{\"@type\":\"ReadAction\",\"target\":[\"https:\\\/\\\/www.fira.edu.br\\\/site\\\/pedagogia\\\/\"]}]},{\"@type\":\"ImageObject\",\"inLanguage\":\"pt-BR\",\"@id\":\"https:\\\/\\\/www.fira.edu.br\\\/site\\\/pedagogia\\\/#primaryimage\",\"url\":\"https:\\\/\\\/www.fira.edu.br\\\/site\\\/wp-content\\\/uploads\\\/2021\\\/11\\\/pedagogia-fira-2021.jpg\",\"contentUrl\":\"https:\\\/\\\/www.fira.edu.br\\\/site\\\/wp-content\\\/uploads\\\/2021\\\/11\\\/pedagogia-fira-2021.jpg\",\"width\":1080,\"height\":1350,\"caption\":\"Matriz Curricular Curso de Pedagogia\"},{\"@type\":\"BreadcrumbList\",\"@id\":\"https:\\\/\\\/www.fira.edu.br\\\/site\\\/pedagogia\\\/#breadcrumb\",\"itemListElement\":[{\"@type\":\"ListItem\",\"position\":1,\"name\":\"In\u00edcio\",\"item\":\"https:\\\/\\\/www.fira.edu.br\\\/site\\\/\"},{\"@type\":\"ListItem\",\"position\":2,\"name\":\"Pedagogia\"}]},{\"@type\":\"WebSite\",\"@id\":\"https:\\\/\\\/www.fira.edu.br\\\/site\\\/#website\",\"url\":\"https:\\\/\\\/www.fira.edu.br\\\/site\\\/\",\"name\":\"FACULDADES INTEGRADAS REGIONAIS DE AVAR\u00c9\",\"description\":\"A tradi\u00e7\u00e3o \u00e9 nossa. A oportunidade \u00e9 sua.\",\"publisher\":{\"@id\":\"https:\\\/\\\/www.fira.edu.br\\\/site\\\/#organization\"},\"potentialAction\":[{\"@type\":\"SearchAction\",\"target\":{\"@type\":\"EntryPoint\",\"urlTemplate\":\"https:\\\/\\\/www.fira.edu.br\\\/site\\\/?s={search_term_string}\"},\"query-input\":{\"@type\":\"PropertyValueSpecification\",\"valueRequired\":true,\"valueName\":\"search_term_string\"}}],\"inLanguage\":\"pt-BR\"},{\"@type\":\"Organization\",\"@id\":\"https:\\\/\\\/www.fira.edu.br\\\/site\\\/#organization\",\"name\":\"FACULDADES INTEGRADAS REGIONAIS DE AVAR\u00c9\",\"url\":\"https:\\\/\\\/www.fira.edu.br\\\/site\\\/\",\"logo\":{\"@type\":\"ImageObject\",\"inLanguage\":\"pt-BR\",\"@id\":\"https:\\\/\\\/www.fira.edu.br\\\/site\\\/#\\\/schema\\\/logo\\\/image\\\/\",\"url\":\"https:\\\/\\\/www.fira.edu.br\\\/site\\\/wp-content\\\/uploads\\\/2020\\\/12\\\/fira-teste-.png\",\"contentUrl\":\"https:\\\/\\\/www.fira.edu.br\\\/site\\\/wp-content\\\/uploads\\\/2020\\\/12\\\/fira-teste-.png\",\"width\":105,\"height\":105,\"caption\":\"FACULDADES INTEGRADAS REGIONAIS DE AVAR\u00c9\"},\"image\":{\"@id\":\"https:\\\/\\\/www.fira.edu.br\\\/site\\\/#\\\/schema\\\/logo\\\/image\\\/\"}}]}<\/script>\n<!-- \/ Yoast SEO plugin. -->","yoast_head_json":{"title":"Pedagogia - FIRA - FACULDADES INTEGRADAS REGIONAIS DE AVAR\u00c9","description":"Venha fazer pedagogia na FIRA. Acesse para obter maiores informa\u00e7\u00f5es.","robots":{"index":"index","follow":"follow","max-snippet":"max-snippet:-1","max-image-preview":"max-image-preview:large","max-video-preview":"max-video-preview:-1"},"canonical":"https:\/\/www.fira.edu.br\/site\/pedagogia\/","og_locale":"pt_BR","og_type":"article","og_title":"Pedagogia - FIRA - FACULDADES INTEGRADAS REGIONAIS DE AVAR\u00c9","og_description":"Venha fazer pedagogia na FIRA. Acesse para obter maiores informa\u00e7\u00f5es.","og_url":"https:\/\/www.fira.edu.br\/site\/pedagogia\/","og_site_name":"FACULDADES INTEGRADAS REGIONAIS DE AVAR\u00c9","article_modified_time":"2024-03-15T01:30:58+00:00","og_image":[{"width":1080,"height":1350,"url":"https:\/\/www.fira.edu.br\/site\/wp-content\/uploads\/2021\/11\/pedagogia-fira-2021.jpg","type":"image\/jpeg"}],"twitter_misc":{"Est. tempo de leitura":"2 minutos"},"schema":{"@context":"https:\/\/schema.org","@graph":[{"@type":"WebPage","@id":"https:\/\/www.fira.edu.br\/site\/pedagogia\/","url":"https:\/\/www.fira.edu.br\/site\/pedagogia\/","name":"Pedagogia - FIRA - FACULDADES INTEGRADAS REGIONAIS DE AVAR\u00c9","isPartOf":{"@id":"https:\/\/www.fira.edu.br\/site\/#website"},"primaryImageOfPage":{"@id":"https:\/\/www.fira.edu.br\/site\/pedagogia\/#primaryimage"},"image":{"@id":"https:\/\/www.fira.edu.br\/site\/pedagogia\/#primaryimage"},"thumbnailUrl":"https:\/\/www.fira.edu.br\/site\/wp-content\/uploads\/2021\/11\/pedagogia-fira-2021.jpg","datePublished":"2013-02-19T13:24:08+00:00","dateModified":"2024-03-15T01:30:58+00:00","description":"Venha fazer pedagogia na FIRA. Acesse para obter maiores informa\u00e7\u00f5es.","breadcrumb":{"@id":"https:\/\/www.fira.edu.br\/site\/pedagogia\/#breadcrumb"},"inLanguage":"pt-BR","potentialAction":[{"@type":"ReadAction","target":["https:\/\/www.fira.edu.br\/site\/pedagogia\/"]}]},{"@type":"ImageObject","inLanguage":"pt-BR","@id":"https:\/\/www.fira.edu.br\/site\/pedagogia\/#primaryimage","url":"https:\/\/www.fira.edu.br\/site\/wp-content\/uploads\/2021\/11\/pedagogia-fira-2021.jpg","contentUrl":"https:\/\/www.fira.edu.br\/site\/wp-content\/uploads\/2021\/11\/pedagogia-fira-2021.jpg","width":1080,"height":1350,"caption":"Matriz Curricular Curso de Pedagogia"},{"@type":"BreadcrumbList","@id":"https:\/\/www.fira.edu.br\/site\/pedagogia\/#breadcrumb","itemListElement":[{"@type":"ListItem","position":1,"name":"In\u00edcio","item":"https:\/\/www.fira.edu.br\/site\/"},{"@type":"ListItem","position":2,"name":"Pedagogia"}]},{"@type":"WebSite","@id":"https:\/\/www.fira.edu.br\/site\/#website","url":"https:\/\/www.fira.edu.br\/site\/","name":"FACULDADES INTEGRADAS REGIONAIS DE AVAR\u00c9","description":"A tradi\u00e7\u00e3o \u00e9 nossa. A oportunidade \u00e9 sua.","publisher":{"@id":"https:\/\/www.fira.edu.br\/site\/#organization"},"potentialAction":[{"@type":"SearchAction","target":{"@type":"EntryPoint","urlTemplate":"https:\/\/www.fira.edu.br\/site\/?s={search_term_string}"},"query-input":{"@type":"PropertyValueSpecification","valueRequired":true,"valueName":"search_term_string"}}],"inLanguage":"pt-BR"},{"@type":"Organization","@id":"https:\/\/www.fira.edu.br\/site\/#organization","name":"FACULDADES INTEGRADAS REGIONAIS DE AVAR\u00c9","url":"https:\/\/www.fira.edu.br\/site\/","logo":{"@type":"ImageObject","inLanguage":"pt-BR","@id":"https:\/\/www.fira.edu.br\/site\/#\/schema\/logo\/image\/","url":"https:\/\/www.fira.edu.br\/site\/wp-content\/uploads\/2020\/12\/fira-teste-.png","contentUrl":"https:\/\/www.fira.edu.br\/site\/wp-content\/uploads\/2020\/12\/fira-teste-.png","width":105,"height":105,"caption":"FACULDADES INTEGRADAS REGIONAIS DE AVAR\u00c9"},"image":{"@id":"https:\/\/www.fira.edu.br\/site\/#\/schema\/logo\/image\/"}}]}},"jetpack_sharing_enabled":true,"_links":{"self":[{"href":"https:\/\/www.fira.edu.br\/site\/wp-json\/wp\/v2\/pages\/163","targetHints":{"allow":["GET"]}}],"collection":[{"href":"https:\/\/www.fira.edu.br\/site\/wp-json\/wp\/v2\/pages"}],"about":[{"href":"https:\/\/www.fira.edu.br\/site\/wp-json\/wp\/v2\/types\/page"}],"author":[{"embeddable":true,"href":"https:\/\/www.fira.edu.br\/site\/wp-json\/wp\/v2\/users\/2"}],"replies":[{"embeddable":true,"href":"https:\/\/www.fira.edu.br\/site\/wp-json\/wp\/v2\/comments?post=163"}],"version-history":[{"count":20,"href":"https:\/\/www.fira.edu.br\/site\/wp-json\/wp\/v2\/pages\/163\/revisions"}],"predecessor-version":[{"id":15356,"href":"https:\/\/www.fira.edu.br\/site\/wp-json\/wp\/v2\/pages\/163\/revisions\/15356"}],"wp:featuredmedia":[{"embeddable":true,"href":"https:\/\/www.fira.edu.br\/site\/wp-json\/wp\/v2\/media\/13435"}],"wp:attachment":[{"href":"https:\/\/www.fira.edu.br\/site\/wp-json\/wp\/v2\/media?parent=163"}],"curies":[{"name":"wp","href":"https:\/\/api.w.org\/{rel}","templated":true}]}}