{"id":56,"date":"2013-02-19T17:12:00","date_gmt":"2013-02-19T17:12:00","guid":{"rendered":"http:\/\/www.fira.edu.br\/site\/?page_id=56-old"},"modified":"2024-02-27T23:25:45","modified_gmt":"2024-02-27T23:25:45","slug":"quem-somos","status":"publish","type":"page","link":"https:\/\/www.fira.edu.br\/site\/quem-somos\/","title":{"rendered":"Quem Somos"},"content":{"rendered":"<p><strong>Faculdades Integradas Regionais de Avar\u00e9 &#8211; FIRA | FREA<\/strong><\/p>\n<p>Autorizada pelo Decreto Estadual de 14 de agosto de 1969 como Faculdades de Ci\u00eancias e Letras de Avar\u00e9 e em 16 de janeiro de 1973, pelo Decreto n\u00ba. 71709, foi autorizado o funcionamento da Escola superior de Educa\u00e7\u00e3o F\u00edsica de Avar\u00e9. Atrav\u00e9s da Portaria CEE GP 202, de 24 de outubro de 2001, ocorreu a unifica\u00e7\u00e3o das duas Faculdades, que foi denominada Faculdades Integradas Regionais de Avar\u00e9 (FIRA).\u00a0Em 2015, a Portaria CEE GP N\u00ba. 392, de 30 novembro de 2005, credenciou por cinco anos o Instituto Superior de Educa\u00e7\u00e3o das Faculdades Integradas Regionais de Avar\u00e9.<\/p>\n<p>As Faculdades mant\u00e9m Cursos de Licenciatura em Artes, Ci\u00eancias Biol\u00f3gicas, Educa\u00e7\u00e3o F\u00edsica, Hist\u00f3ria, Letras, Matem\u00e1tica, Pedagogia e Qu\u00edmica. Al\u00e9m disto, possui Cursos de P\u00f3s-Gradua\u00e7\u00e3o em diversas \u00e1reas do conhecimento.<\/p>\n<p>A FIRA est\u00e1 instalada em um terreno de 18.400 M\u00b2 no centro da cidade de Avar\u00e9. Seu pr\u00e9dio abriga: 36 salas de aula, 6 laborat\u00f3rios atendendo as \u00e1reas de Ci\u00eancias Biol\u00f3gicas, Ci\u00eancias Exatas, \u00a0Pedagogia, Laborat\u00f3rio de Inform\u00e1tica e Biblioteca. A FIRA oferece, tamb\u00e9m, um centro esportivo com uma quadra poliesportiva coberta e outra n\u00e3o coberta, al\u00e9m de sala de muscula\u00e7\u00e3o, sala de espelho.<\/p>\n\n\t\t<style type=\"text\/css\">\n\t\t\t#gallery-1 {\n\t\t\t\tmargin: auto;\n\t\t\t}\n\t\t\t#gallery-1 .gallery-item {\n\t\t\t\tfloat: left;\n\t\t\t\tmargin-top: 10px;\n\t\t\t\ttext-align: center;\n\t\t\t\twidth: 25%;\n\t\t\t}\n\t\t\t#gallery-1 img {\n\t\t\t\tborder: 2px solid #cfcfcf;\n\t\t\t}\n\t\t\t#gallery-1 .gallery-caption {\n\t\t\t\tmargin-left: 0;\n\t\t\t}\n\t\t\t\/* see gallery_shortcode() in wp-includes\/media.php *\/\n\t\t<\/style>\n\t\t<div id='gallery-1' class='gallery galleryid-56 gallery-columns-4 gallery-size-thumbnail'><dl class='gallery-item'>\n\t\t\t<dt class='gallery-icon landscape'>\n\t\t\t\t<a href='https:\/\/www.fira.edu.br\/site\/wp-content\/uploads\/2013\/02\/frea_fotos-01.jpg'><img decoding=\"async\" width=\"150\" height=\"150\" src=\"https:\/\/www.fira.edu.br\/site\/wp-content\/uploads\/2013\/02\/frea_fotos-01-150x150.jpg\" class=\"attachment-thumbnail size-thumbnail\" alt=\"\" \/><\/a>\n\t\t\t<\/dt><\/dl><dl class='gallery-item'>\n\t\t\t<dt class='gallery-icon landscape'>\n\t\t\t\t<a href='https:\/\/www.fira.edu.br\/site\/wp-content\/uploads\/2013\/02\/frea_fotos-02.jpg'><img decoding=\"async\" width=\"150\" height=\"150\" src=\"https:\/\/www.fira.edu.br\/site\/wp-content\/uploads\/2013\/02\/frea_fotos-02-150x150.jpg\" class=\"attachment-thumbnail size-thumbnail\" alt=\"\" \/><\/a>\n\t\t\t<\/dt><\/dl><dl class='gallery-item'>\n\t\t\t<dt class='gallery-icon landscape'>\n\t\t\t\t<a href='https:\/\/www.fira.edu.br\/site\/wp-content\/uploads\/2013\/02\/frea_fotos-03.jpg'><img decoding=\"async\" width=\"150\" height=\"150\" src=\"https:\/\/www.fira.edu.br\/site\/wp-content\/uploads\/2013\/02\/frea_fotos-03-150x150.jpg\" class=\"attachment-thumbnail size-thumbnail\" alt=\"\" \/><\/a>\n\t\t\t<\/dt><\/dl><dl class='gallery-item'>\n\t\t\t<dt class='gallery-icon landscape'>\n\t\t\t\t<a href='https:\/\/www.fira.edu.br\/site\/wp-content\/uploads\/2013\/02\/frea_fotos-04.jpg'><img loading=\"lazy\" decoding=\"async\" width=\"150\" height=\"150\" src=\"https:\/\/www.fira.edu.br\/site\/wp-content\/uploads\/2013\/02\/frea_fotos-04-150x150.jpg\" class=\"attachment-thumbnail size-thumbnail\" alt=\"\" \/><\/a>\n\t\t\t<\/dt><\/dl><br style=\"clear: both\" \/>\n\t\t<\/div>\n\n","protected":false},"excerpt":{"rendered":"<p>Faculdades Integradas Regionais de Avar\u00e9 &#8211; FIRA | FREA Autorizada pelo Decreto Estadual de 14 de agosto de 1969 como Faculdades de Ci\u00eancias e Letras de Avar\u00e9 e em 16 de janeiro de 1973, pelo Decreto n\u00ba. 71709, foi autorizado o funcionamento da Escola superior de Educa\u00e7\u00e3o F\u00edsica de Avar\u00e9. Atrav\u00e9s da Portaria CEE GP&hellip; <br \/> <a class=\"read-more\" href=\"https:\/\/www.fira.edu.br\/site\/quem-somos\/\">Leia mais<\/a><\/p>\n","protected":false},"author":2,"featured_media":0,"parent":0,"menu_order":0,"comment_status":"closed","ping_status":"closed","template":"","meta":{"_joinchat":[],"footnotes":""},"class_list":["post-56","page","type-page","status-publish","hentry"],"yoast_head":"<!-- This site is optimized with the Yoast SEO plugin v27.5 - https:\/\/yoast.com\/product\/yoast-seo-wordpress\/ -->\n<title>Quem Somos - FIRA - FACULDADES INTEGRADAS REGIONAIS DE AVAR\u00c9<\/title>\n<meta name=\"description\" content=\"Quem Somos. Conhe\u00e7a a nossa hist\u00f3ria.\" \/>\n<meta name=\"robots\" content=\"index, follow, max-snippet:-1, max-image-preview:large, max-video-preview:-1\" \/>\n<link rel=\"canonical\" href=\"https:\/\/www.fira.edu.br\/site\/quem-somos\/\" \/>\n<meta property=\"og:locale\" content=\"pt_BR\" \/>\n<meta property=\"og:type\" content=\"article\" \/>\n<meta property=\"og:title\" content=\"Quem Somos - FIRA - FACULDADES INTEGRADAS REGIONAIS DE AVAR\u00c9\" \/>\n<meta property=\"og:description\" content=\"Quem Somos. Conhe\u00e7a a nossa hist\u00f3ria.\" \/>\n<meta property=\"og:url\" content=\"https:\/\/www.fira.edu.br\/site\/quem-somos\/\" \/>\n<meta property=\"og:site_name\" content=\"FACULDADES INTEGRADAS REGIONAIS DE AVAR\u00c9\" \/>\n<meta property=\"article:modified_time\" content=\"2024-02-27T23:25:45+00:00\" \/>\n<meta property=\"og:image\" content=\"https:\/\/www.fira.edu.br\/site\/wp-content\/uploads\/2013\/02\/frea_fotos-01-150x150.jpg\" \/>\n<meta name=\"twitter:label1\" content=\"Est. tempo de leitura\" \/>\n\t<meta name=\"twitter:data1\" content=\"2 minutos\" \/>\n<script type=\"application\/ld+json\" class=\"yoast-schema-graph\">{\"@context\":\"https:\\\/\\\/schema.org\",\"@graph\":[{\"@type\":\"WebPage\",\"@id\":\"https:\\\/\\\/www.fira.edu.br\\\/site\\\/quem-somos\\\/\",\"url\":\"https:\\\/\\\/www.fira.edu.br\\\/site\\\/quem-somos\\\/\",\"name\":\"Quem Somos - FIRA - FACULDADES INTEGRADAS REGIONAIS DE AVAR\u00c9\",\"isPartOf\":{\"@id\":\"https:\\\/\\\/www.fira.edu.br\\\/site\\\/#website\"},\"datePublished\":\"2013-02-19T17:12:00+00:00\",\"dateModified\":\"2024-02-27T23:25:45+00:00\",\"description\":\"Quem Somos. Conhe\u00e7a a nossa hist\u00f3ria.\",\"breadcrumb\":{\"@id\":\"https:\\\/\\\/www.fira.edu.br\\\/site\\\/quem-somos\\\/#breadcrumb\"},\"inLanguage\":\"pt-BR\",\"potentialAction\":[{\"@type\":\"ReadAction\",\"target\":[\"https:\\\/\\\/www.fira.edu.br\\\/site\\\/quem-somos\\\/\"]}]},{\"@type\":\"BreadcrumbList\",\"@id\":\"https:\\\/\\\/www.fira.edu.br\\\/site\\\/quem-somos\\\/#breadcrumb\",\"itemListElement\":[{\"@type\":\"ListItem\",\"position\":1,\"name\":\"In\u00edcio\",\"item\":\"https:\\\/\\\/www.fira.edu.br\\\/site\\\/\"},{\"@type\":\"ListItem\",\"position\":2,\"name\":\"Quem Somos\"}]},{\"@type\":\"WebSite\",\"@id\":\"https:\\\/\\\/www.fira.edu.br\\\/site\\\/#website\",\"url\":\"https:\\\/\\\/www.fira.edu.br\\\/site\\\/\",\"name\":\"FACULDADES INTEGRADAS REGIONAIS DE AVAR\u00c9\",\"description\":\"A tradi\u00e7\u00e3o \u00e9 nossa. A oportunidade \u00e9 sua.\",\"publisher\":{\"@id\":\"https:\\\/\\\/www.fira.edu.br\\\/site\\\/#organization\"},\"potentialAction\":[{\"@type\":\"SearchAction\",\"target\":{\"@type\":\"EntryPoint\",\"urlTemplate\":\"https:\\\/\\\/www.fira.edu.br\\\/site\\\/?s={search_term_string}\"},\"query-input\":{\"@type\":\"PropertyValueSpecification\",\"valueRequired\":true,\"valueName\":\"search_term_string\"}}],\"inLanguage\":\"pt-BR\"},{\"@type\":\"Organization\",\"@id\":\"https:\\\/\\\/www.fira.edu.br\\\/site\\\/#organization\",\"name\":\"FACULDADES INTEGRADAS REGIONAIS DE AVAR\u00c9\",\"url\":\"https:\\\/\\\/www.fira.edu.br\\\/site\\\/\",\"logo\":{\"@type\":\"ImageObject\",\"inLanguage\":\"pt-BR\",\"@id\":\"https:\\\/\\\/www.fira.edu.br\\\/site\\\/#\\\/schema\\\/logo\\\/image\\\/\",\"url\":\"https:\\\/\\\/www.fira.edu.br\\\/site\\\/wp-content\\\/uploads\\\/2020\\\/12\\\/fira-teste-.png\",\"contentUrl\":\"https:\\\/\\\/www.fira.edu.br\\\/site\\\/wp-content\\\/uploads\\\/2020\\\/12\\\/fira-teste-.png\",\"width\":105,\"height\":105,\"caption\":\"FACULDADES INTEGRADAS REGIONAIS DE AVAR\u00c9\"},\"image\":{\"@id\":\"https:\\\/\\\/www.fira.edu.br\\\/site\\\/#\\\/schema\\\/logo\\\/image\\\/\"}}]}<\/script>\n<!-- \/ Yoast SEO plugin. -->","yoast_head_json":{"title":"Quem Somos - FIRA - FACULDADES INTEGRADAS REGIONAIS DE AVAR\u00c9","description":"Quem Somos. Conhe\u00e7a a nossa hist\u00f3ria.","robots":{"index":"index","follow":"follow","max-snippet":"max-snippet:-1","max-image-preview":"max-image-preview:large","max-video-preview":"max-video-preview:-1"},"canonical":"https:\/\/www.fira.edu.br\/site\/quem-somos\/","og_locale":"pt_BR","og_type":"article","og_title":"Quem Somos - FIRA - FACULDADES INTEGRADAS REGIONAIS DE AVAR\u00c9","og_description":"Quem Somos. Conhe\u00e7a a nossa hist\u00f3ria.","og_url":"https:\/\/www.fira.edu.br\/site\/quem-somos\/","og_site_name":"FACULDADES INTEGRADAS REGIONAIS DE AVAR\u00c9","article_modified_time":"2024-02-27T23:25:45+00:00","og_image":[{"url":"https:\/\/www.fira.edu.br\/site\/wp-content\/uploads\/2013\/02\/frea_fotos-01-150x150.jpg","type":"","width":"","height":""}],"twitter_misc":{"Est. tempo de leitura":"2 minutos"},"schema":{"@context":"https:\/\/schema.org","@graph":[{"@type":"WebPage","@id":"https:\/\/www.fira.edu.br\/site\/quem-somos\/","url":"https:\/\/www.fira.edu.br\/site\/quem-somos\/","name":"Quem Somos - FIRA - FACULDADES INTEGRADAS REGIONAIS DE AVAR\u00c9","isPartOf":{"@id":"https:\/\/www.fira.edu.br\/site\/#website"},"datePublished":"2013-02-19T17:12:00+00:00","dateModified":"2024-02-27T23:25:45+00:00","description":"Quem Somos. Conhe\u00e7a a nossa hist\u00f3ria.","breadcrumb":{"@id":"https:\/\/www.fira.edu.br\/site\/quem-somos\/#breadcrumb"},"inLanguage":"pt-BR","potentialAction":[{"@type":"ReadAction","target":["https:\/\/www.fira.edu.br\/site\/quem-somos\/"]}]},{"@type":"BreadcrumbList","@id":"https:\/\/www.fira.edu.br\/site\/quem-somos\/#breadcrumb","itemListElement":[{"@type":"ListItem","position":1,"name":"In\u00edcio","item":"https:\/\/www.fira.edu.br\/site\/"},{"@type":"ListItem","position":2,"name":"Quem Somos"}]},{"@type":"WebSite","@id":"https:\/\/www.fira.edu.br\/site\/#website","url":"https:\/\/www.fira.edu.br\/site\/","name":"FACULDADES INTEGRADAS REGIONAIS DE AVAR\u00c9","description":"A tradi\u00e7\u00e3o \u00e9 nossa. A oportunidade \u00e9 sua.","publisher":{"@id":"https:\/\/www.fira.edu.br\/site\/#organization"},"potentialAction":[{"@type":"SearchAction","target":{"@type":"EntryPoint","urlTemplate":"https:\/\/www.fira.edu.br\/site\/?s={search_term_string}"},"query-input":{"@type":"PropertyValueSpecification","valueRequired":true,"valueName":"search_term_string"}}],"inLanguage":"pt-BR"},{"@type":"Organization","@id":"https:\/\/www.fira.edu.br\/site\/#organization","name":"FACULDADES INTEGRADAS REGIONAIS DE AVAR\u00c9","url":"https:\/\/www.fira.edu.br\/site\/","logo":{"@type":"ImageObject","inLanguage":"pt-BR","@id":"https:\/\/www.fira.edu.br\/site\/#\/schema\/logo\/image\/","url":"https:\/\/www.fira.edu.br\/site\/wp-content\/uploads\/2020\/12\/fira-teste-.png","contentUrl":"https:\/\/www.fira.edu.br\/site\/wp-content\/uploads\/2020\/12\/fira-teste-.png","width":105,"height":105,"caption":"FACULDADES INTEGRADAS REGIONAIS DE AVAR\u00c9"},"image":{"@id":"https:\/\/www.fira.edu.br\/site\/#\/schema\/logo\/image\/"}}]}},"jetpack_sharing_enabled":true,"_links":{"self":[{"href":"https:\/\/www.fira.edu.br\/site\/wp-json\/wp\/v2\/pages\/56","targetHints":{"allow":["GET"]}}],"collection":[{"href":"https:\/\/www.fira.edu.br\/site\/wp-json\/wp\/v2\/pages"}],"about":[{"href":"https:\/\/www.fira.edu.br\/site\/wp-json\/wp\/v2\/types\/page"}],"author":[{"embeddable":true,"href":"https:\/\/www.fira.edu.br\/site\/wp-json\/wp\/v2\/users\/2"}],"replies":[{"embeddable":true,"href":"https:\/\/www.fira.edu.br\/site\/wp-json\/wp\/v2\/comments?post=56"}],"version-history":[{"count":14,"href":"https:\/\/www.fira.edu.br\/site\/wp-json\/wp\/v2\/pages\/56\/revisions"}],"predecessor-version":[{"id":5280,"href":"https:\/\/www.fira.edu.br\/site\/wp-json\/wp\/v2\/pages\/56\/revisions\/5280"}],"wp:attachment":[{"href":"https:\/\/www.fira.edu.br\/site\/wp-json\/wp\/v2\/media?parent=56"}],"curies":[{"name":"wp","href":"https:\/\/api.w.org\/{rel}","templated":true}]}}