{"id":75,"date":"2013-02-18T14:20:29","date_gmt":"2013-02-18T14:20:29","guid":{"rendered":"http:\/\/www.fira.edu.br\/site\/?page_id=75-old"},"modified":"2020-12-15T19:23:57","modified_gmt":"2020-12-15T19:23:57","slug":"links-before-import","status":"publish","type":"page","link":"https:\/\/www.fira.edu.br\/site\/links-before-import\/","title":{"rendered":"Links"},"content":{"rendered":"<p>Links recomendados:<\/p>\n<p>&nbsp;<\/p>\n<table>\n<tbody>\n<tr>\n<td><a href=\"http:\/\/www.scielo.org\/php\/index.php\" target=\"_blank\" rel=\"noopener\"><img decoding=\"async\" class=\"alignnone wp-image-71 size-full\" src=\"https:\/\/www.fira.edu.br\/site\/wp-content\/uploads\/2013\/02\/scielo.jpg\" alt=\"SCIELO\" width=\"200\" height=\"150\" \/><\/a><\/td>\n<td><a href=\"http:\/\/lattes.cnpq.br\/\" target=\"_blank\" rel=\"noopener\"><img decoding=\"async\" class=\"alignnone wp-image-70 size-full\" src=\"https:\/\/www.fira.edu.br\/site\/wp-content\/uploads\/2013\/02\/plataforma_lattes.jpg\" alt=\"Plataforma Lattes\" width=\"200\" height=\"150\" \/><\/a><\/td>\n<td><a href=\"http:\/\/rexlab.ufsc.br\/\" target=\"_blank\" rel=\"noopener\"><img decoding=\"async\" class=\"alignnone wp-image-69 size-full\" src=\"https:\/\/www.fira.edu.br\/site\/wp-content\/uploads\/2013\/02\/more.jpg\" alt=\"Mecanismo On-line de Refer\u00eancia Bibiogr\u00e1fica\" width=\"200\" height=\"150\" \/><\/a><\/td>\n<\/tr>\n<tr>\n<td><a href=\"http:\/\/portal.mec.gov.br\/index.html\" target=\"_blank\" rel=\"noopener\"><img loading=\"lazy\" decoding=\"async\" class=\"alignnone wp-image-68 size-full\" src=\"https:\/\/www.fira.edu.br\/site\/wp-content\/uploads\/2013\/02\/mec.jpg\" alt=\"Minist\u00e9rio da Educa\u00e7\u00e3o\" width=\"200\" height=\"150\" \/><\/a><\/td>\n<td><a href=\"http:\/\/www.capes.gov.br\/\" target=\"_blank\" rel=\"noopener\"><img loading=\"lazy\" decoding=\"async\" class=\"alignnone wp-image-64 size-full\" src=\"https:\/\/www.fira.edu.br\/site\/wp-content\/uploads\/2013\/02\/capes.jpg\" alt=\"CAPES\" width=\"200\" height=\"150\" \/><\/a><\/td>\n<td><a href=\"http:\/\/www.dominiopublico.gov.br\/\" target=\"_blank\" rel=\"noopener\"><img loading=\"lazy\" decoding=\"async\" class=\"alignnone wp-image-65 size-full\" src=\"https:\/\/www.fira.edu.br\/site\/wp-content\/uploads\/2013\/02\/dom_publico.jpg\" alt=\"Dom\u00ednio P\u00fablico\" width=\"200\" height=\"150\" \/><\/a><\/td>\n<\/tr>\n<tr>\n<td><a href=\"http:\/\/freire.capes.gov.br\/\" target=\"_blank\" rel=\"noopener\"><img loading=\"lazy\" decoding=\"async\" class=\"alignnone wp-image-66 size-full\" src=\"https:\/\/www.fira.edu.br\/site\/wp-content\/uploads\/2013\/02\/freire.jpg\" alt=\"Plataforma Freire\" width=\"200\" height=\"150\" \/><\/a><\/td>\n<td><a href=\"http:\/\/scholar.google.com.br\/\" target=\"_blank\" rel=\"noopener\"><img loading=\"lazy\" decoding=\"async\" class=\"alignnone wp-image-67 size-full\" src=\"https:\/\/www.fira.edu.br\/site\/wp-content\/uploads\/2013\/02\/google_academico.jpg\" alt=\"Google Acad\u00eamico\" width=\"200\" height=\"150\" \/><\/a><\/td>\n<td><a href=\"http:\/\/inep.gov.br\/web\/guest\/provas-e-gabaritos3\" target=\"_blank\" rel=\"noopener\"><img loading=\"lazy\" decoding=\"async\" class=\"aligncenter wp-image-5905 size-full\" src=\"https:\/\/www.fira.edu.br\/site\/wp-content\/uploads\/2013\/02\/enade-.jpg\" alt=\"\" width=\"200\" height=\"150\" srcset=\"https:\/\/www.fira.edu.br\/site\/wp-content\/uploads\/2013\/02\/enade-.jpg 200w, https:\/\/www.fira.edu.br\/site\/wp-content\/uploads\/2013\/02\/enade--24x18.jpg 24w, https:\/\/www.fira.edu.br\/site\/wp-content\/uploads\/2013\/02\/enade--36x27.jpg 36w, https:\/\/www.fira.edu.br\/site\/wp-content\/uploads\/2013\/02\/enade--48x36.jpg 48w\" sizes=\"(max-width: 200px) 100vw, 200px\" \/><\/a><\/td>\n<\/tr>\n<\/tbody>\n<\/table>\n<p>&nbsp;<\/p>\n","protected":false},"excerpt":{"rendered":"<p>Links recomendados: &nbsp; &nbsp;<\/p>\n","protected":false},"author":2,"featured_media":0,"parent":0,"menu_order":0,"comment_status":"closed","ping_status":"closed","template":"","meta":{"_joinchat":[],"footnotes":""},"class_list":["post-75","page","type-page","status-publish","hentry"],"yoast_head":"<!-- This site is optimized with the Yoast SEO plugin v27.3 - https:\/\/yoast.com\/product\/yoast-seo-wordpress\/ -->\n<title>Links - FREA - FACULDADES INTEGRADAS REGIONAIS DE AVAR\u00c9<\/title>\n<meta name=\"description\" content=\"Links recomendados.\" \/>\n<meta name=\"robots\" content=\"index, follow, max-snippet:-1, max-image-preview:large, max-video-preview:-1\" \/>\n<link rel=\"canonical\" href=\"https:\/\/www.fira.edu.br\/site\/links-before-import\/\" \/>\n<meta property=\"og:locale\" content=\"pt_BR\" \/>\n<meta property=\"og:type\" content=\"article\" \/>\n<meta property=\"og:title\" content=\"Links - FREA - FACULDADES INTEGRADAS REGIONAIS DE AVAR\u00c9\" \/>\n<meta property=\"og:description\" content=\"Links recomendados.\" \/>\n<meta property=\"og:url\" content=\"https:\/\/www.fira.edu.br\/site\/links-before-import\/\" \/>\n<meta property=\"og:site_name\" content=\"FACULDADES INTEGRADAS REGIONAIS DE AVAR\u00c9\" \/>\n<meta property=\"article:modified_time\" content=\"2020-12-15T19:23:57+00:00\" \/>\n<meta property=\"og:image\" content=\"http:\/\/www.fira.edu.br\/site\/wp-content\/uploads\/2013\/02\/scielo.jpg\" \/>\n<script type=\"application\/ld+json\" class=\"yoast-schema-graph\">{\"@context\":\"https:\\\/\\\/schema.org\",\"@graph\":[{\"@type\":\"WebPage\",\"@id\":\"https:\\\/\\\/www.fira.edu.br\\\/site\\\/links-before-import\\\/\",\"url\":\"https:\\\/\\\/www.fira.edu.br\\\/site\\\/links-before-import\\\/\",\"name\":\"Links - FREA - FACULDADES INTEGRADAS REGIONAIS DE AVAR\u00c9\",\"isPartOf\":{\"@id\":\"https:\\\/\\\/www.fira.edu.br\\\/site\\\/#website\"},\"primaryImageOfPage\":{\"@id\":\"https:\\\/\\\/www.fira.edu.br\\\/site\\\/links-before-import\\\/#primaryimage\"},\"image\":{\"@id\":\"https:\\\/\\\/www.fira.edu.br\\\/site\\\/links-before-import\\\/#primaryimage\"},\"thumbnailUrl\":\"http:\\\/\\\/www.fira.edu.br\\\/site\\\/wp-content\\\/uploads\\\/2013\\\/02\\\/scielo.jpg\",\"datePublished\":\"2013-02-18T14:20:29+00:00\",\"dateModified\":\"2020-12-15T19:23:57+00:00\",\"description\":\"Links recomendados.\",\"breadcrumb\":{\"@id\":\"https:\\\/\\\/www.fira.edu.br\\\/site\\\/links-before-import\\\/#breadcrumb\"},\"inLanguage\":\"pt-BR\",\"potentialAction\":[{\"@type\":\"ReadAction\",\"target\":[\"https:\\\/\\\/www.fira.edu.br\\\/site\\\/links-before-import\\\/\"]}]},{\"@type\":\"ImageObject\",\"inLanguage\":\"pt-BR\",\"@id\":\"https:\\\/\\\/www.fira.edu.br\\\/site\\\/links-before-import\\\/#primaryimage\",\"url\":\"http:\\\/\\\/www.fira.edu.br\\\/site\\\/wp-content\\\/uploads\\\/2013\\\/02\\\/scielo.jpg\",\"contentUrl\":\"http:\\\/\\\/www.fira.edu.br\\\/site\\\/wp-content\\\/uploads\\\/2013\\\/02\\\/scielo.jpg\"},{\"@type\":\"BreadcrumbList\",\"@id\":\"https:\\\/\\\/www.fira.edu.br\\\/site\\\/links-before-import\\\/#breadcrumb\",\"itemListElement\":[{\"@type\":\"ListItem\",\"position\":1,\"name\":\"In\u00edcio\",\"item\":\"https:\\\/\\\/www.fira.edu.br\\\/site\\\/\"},{\"@type\":\"ListItem\",\"position\":2,\"name\":\"Links\"}]},{\"@type\":\"WebSite\",\"@id\":\"https:\\\/\\\/www.fira.edu.br\\\/site\\\/#website\",\"url\":\"https:\\\/\\\/www.fira.edu.br\\\/site\\\/\",\"name\":\"FACULDADES INTEGRADAS REGIONAIS DE AVAR\u00c9\",\"description\":\"A tradi\u00e7\u00e3o \u00e9 nossa. A oportunidade \u00e9 sua.\",\"publisher\":{\"@id\":\"https:\\\/\\\/www.fira.edu.br\\\/site\\\/#organization\"},\"potentialAction\":[{\"@type\":\"SearchAction\",\"target\":{\"@type\":\"EntryPoint\",\"urlTemplate\":\"https:\\\/\\\/www.fira.edu.br\\\/site\\\/?s={search_term_string}\"},\"query-input\":{\"@type\":\"PropertyValueSpecification\",\"valueRequired\":true,\"valueName\":\"search_term_string\"}}],\"inLanguage\":\"pt-BR\"},{\"@type\":\"Organization\",\"@id\":\"https:\\\/\\\/www.fira.edu.br\\\/site\\\/#organization\",\"name\":\"FACULDADES INTEGRADAS REGIONAIS DE AVAR\u00c9\",\"url\":\"https:\\\/\\\/www.fira.edu.br\\\/site\\\/\",\"logo\":{\"@type\":\"ImageObject\",\"inLanguage\":\"pt-BR\",\"@id\":\"https:\\\/\\\/www.fira.edu.br\\\/site\\\/#\\\/schema\\\/logo\\\/image\\\/\",\"url\":\"https:\\\/\\\/www.fira.edu.br\\\/site\\\/wp-content\\\/uploads\\\/2020\\\/12\\\/fira-teste-.png\",\"contentUrl\":\"https:\\\/\\\/www.fira.edu.br\\\/site\\\/wp-content\\\/uploads\\\/2020\\\/12\\\/fira-teste-.png\",\"width\":105,\"height\":105,\"caption\":\"FACULDADES INTEGRADAS REGIONAIS DE AVAR\u00c9\"},\"image\":{\"@id\":\"https:\\\/\\\/www.fira.edu.br\\\/site\\\/#\\\/schema\\\/logo\\\/image\\\/\"}}]}<\/script>\n<!-- \/ Yoast SEO plugin. -->","yoast_head_json":{"title":"Links - FREA - FACULDADES INTEGRADAS REGIONAIS DE AVAR\u00c9","description":"Links recomendados.","robots":{"index":"index","follow":"follow","max-snippet":"max-snippet:-1","max-image-preview":"max-image-preview:large","max-video-preview":"max-video-preview:-1"},"canonical":"https:\/\/www.fira.edu.br\/site\/links-before-import\/","og_locale":"pt_BR","og_type":"article","og_title":"Links - FREA - FACULDADES INTEGRADAS REGIONAIS DE AVAR\u00c9","og_description":"Links recomendados.","og_url":"https:\/\/www.fira.edu.br\/site\/links-before-import\/","og_site_name":"FACULDADES INTEGRADAS REGIONAIS DE AVAR\u00c9","article_modified_time":"2020-12-15T19:23:57+00:00","og_image":[{"url":"http:\/\/www.fira.edu.br\/site\/wp-content\/uploads\/2013\/02\/scielo.jpg","type":"","width":"","height":""}],"schema":{"@context":"https:\/\/schema.org","@graph":[{"@type":"WebPage","@id":"https:\/\/www.fira.edu.br\/site\/links-before-import\/","url":"https:\/\/www.fira.edu.br\/site\/links-before-import\/","name":"Links - FREA - FACULDADES INTEGRADAS REGIONAIS DE AVAR\u00c9","isPartOf":{"@id":"https:\/\/www.fira.edu.br\/site\/#website"},"primaryImageOfPage":{"@id":"https:\/\/www.fira.edu.br\/site\/links-before-import\/#primaryimage"},"image":{"@id":"https:\/\/www.fira.edu.br\/site\/links-before-import\/#primaryimage"},"thumbnailUrl":"http:\/\/www.fira.edu.br\/site\/wp-content\/uploads\/2013\/02\/scielo.jpg","datePublished":"2013-02-18T14:20:29+00:00","dateModified":"2020-12-15T19:23:57+00:00","description":"Links recomendados.","breadcrumb":{"@id":"https:\/\/www.fira.edu.br\/site\/links-before-import\/#breadcrumb"},"inLanguage":"pt-BR","potentialAction":[{"@type":"ReadAction","target":["https:\/\/www.fira.edu.br\/site\/links-before-import\/"]}]},{"@type":"ImageObject","inLanguage":"pt-BR","@id":"https:\/\/www.fira.edu.br\/site\/links-before-import\/#primaryimage","url":"http:\/\/www.fira.edu.br\/site\/wp-content\/uploads\/2013\/02\/scielo.jpg","contentUrl":"http:\/\/www.fira.edu.br\/site\/wp-content\/uploads\/2013\/02\/scielo.jpg"},{"@type":"BreadcrumbList","@id":"https:\/\/www.fira.edu.br\/site\/links-before-import\/#breadcrumb","itemListElement":[{"@type":"ListItem","position":1,"name":"In\u00edcio","item":"https:\/\/www.fira.edu.br\/site\/"},{"@type":"ListItem","position":2,"name":"Links"}]},{"@type":"WebSite","@id":"https:\/\/www.fira.edu.br\/site\/#website","url":"https:\/\/www.fira.edu.br\/site\/","name":"FACULDADES INTEGRADAS REGIONAIS DE AVAR\u00c9","description":"A tradi\u00e7\u00e3o \u00e9 nossa. A oportunidade \u00e9 sua.","publisher":{"@id":"https:\/\/www.fira.edu.br\/site\/#organization"},"potentialAction":[{"@type":"SearchAction","target":{"@type":"EntryPoint","urlTemplate":"https:\/\/www.fira.edu.br\/site\/?s={search_term_string}"},"query-input":{"@type":"PropertyValueSpecification","valueRequired":true,"valueName":"search_term_string"}}],"inLanguage":"pt-BR"},{"@type":"Organization","@id":"https:\/\/www.fira.edu.br\/site\/#organization","name":"FACULDADES INTEGRADAS REGIONAIS DE AVAR\u00c9","url":"https:\/\/www.fira.edu.br\/site\/","logo":{"@type":"ImageObject","inLanguage":"pt-BR","@id":"https:\/\/www.fira.edu.br\/site\/#\/schema\/logo\/image\/","url":"https:\/\/www.fira.edu.br\/site\/wp-content\/uploads\/2020\/12\/fira-teste-.png","contentUrl":"https:\/\/www.fira.edu.br\/site\/wp-content\/uploads\/2020\/12\/fira-teste-.png","width":105,"height":105,"caption":"FACULDADES INTEGRADAS REGIONAIS DE AVAR\u00c9"},"image":{"@id":"https:\/\/www.fira.edu.br\/site\/#\/schema\/logo\/image\/"}}]}},"jetpack_sharing_enabled":false,"_links":{"self":[{"href":"https:\/\/www.fira.edu.br\/site\/wp-json\/wp\/v2\/pages\/75","targetHints":{"allow":["GET"]}}],"collection":[{"href":"https:\/\/www.fira.edu.br\/site\/wp-json\/wp\/v2\/pages"}],"about":[{"href":"https:\/\/www.fira.edu.br\/site\/wp-json\/wp\/v2\/types\/page"}],"author":[{"embeddable":true,"href":"https:\/\/www.fira.edu.br\/site\/wp-json\/wp\/v2\/users\/2"}],"replies":[{"embeddable":true,"href":"https:\/\/www.fira.edu.br\/site\/wp-json\/wp\/v2\/comments?post=75"}],"version-history":[{"count":10,"href":"https:\/\/www.fira.edu.br\/site\/wp-json\/wp\/v2\/pages\/75\/revisions"}],"predecessor-version":[{"id":12318,"href":"https:\/\/www.fira.edu.br\/site\/wp-json\/wp\/v2\/pages\/75\/revisions\/12318"}],"wp:attachment":[{"href":"https:\/\/www.fira.edu.br\/site\/wp-json\/wp\/v2\/media?parent=75"}],"curies":[{"name":"wp","href":"https:\/\/api.w.org\/{rel}","templated":true}]}}