{"id":80,"date":"2013-02-18T14:23:12","date_gmt":"2013-02-18T14:23:12","guid":{"rendered":"http:\/\/www.fira.edu.br\/site\/?page_id=80-old"},"modified":"2023-02-14T19:26:31","modified_gmt":"2023-02-14T19:26:31","slug":"administracao","status":"publish","type":"page","link":"https:\/\/www.fira.edu.br\/site\/administracao\/","title":{"rendered":"Administra\u00e7\u00e3o"},"content":{"rendered":"<p><strong>Conhe\u00e7a os membros da administra\u00e7\u00e3o.<\/strong><\/p>\n<p>Presidente: <strong>Edson Gabriel da Silva<\/strong><br \/>\nDiretor Executivo:\u00a0<strong>Luiz Mourato Neto<br \/>\n<\/strong>Diretor Financeiro: <strong>Rog\u00e9rio Silvestre<br \/>\n<\/strong>Secret\u00e1ria Geral:<strong> Regina Helena de Faria Ferrazini<br \/>\n<\/strong>Diretora Pedag\u00f3gica: <strong>Profa. <\/strong><strong>Lucilene Patr\u00edcia Mazzolin<br \/>\n<\/strong>Coordenador dos Cursos de Ci\u00eancias Biol\u00f3gicas, Matem\u00e1tica e Eventos:\u00a0<strong><br \/>\n<\/strong>Coordenadora dos Cursos de Artes, Hist\u00f3ria, Letras e Pedagogia:\u00a0<strong>Profa.\u00a0<\/strong><b>Ros\u00e2ngela\u00a0Aparecida Araujo Ferreira<\/b><br \/>\nCoordenadora dos Cursos de Educa\u00e7\u00e3o F\u00edsica (Licenciatura e Bacharelado): <strong>Luiz Carlos Alves Junior<\/strong><br \/>\nSecret\u00e1rio da Coordena\u00e7\u00e3o:<strong> M\u00e1rcio Sanches<\/strong><\/p>\n<p>&nbsp;<\/p>\n<p>&nbsp;<\/p>\n","protected":false},"excerpt":{"rendered":"<p>Conhe\u00e7a os membros da administra\u00e7\u00e3o. Presidente: Edson Gabriel da Silva Diretor Executivo:\u00a0Luiz Mourato Neto Diretor Financeiro: Rog\u00e9rio Silvestre Secret\u00e1ria Geral: Regina Helena de Faria Ferrazini Diretora Pedag\u00f3gica: Profa. Lucilene Patr\u00edcia Mazzolin Coordenador dos Cursos de Ci\u00eancias Biol\u00f3gicas, Matem\u00e1tica e Eventos:\u00a0 Coordenadora dos Cursos de Artes, Hist\u00f3ria, Letras e Pedagogia:\u00a0Profa.\u00a0Ros\u00e2ngela\u00a0Aparecida Araujo Ferreira Coordenadora dos Cursos de&hellip; <br \/> <a class=\"read-more\" href=\"https:\/\/www.fira.edu.br\/site\/administracao\/\">Leia mais<\/a><\/p>\n","protected":false},"author":2,"featured_media":0,"parent":0,"menu_order":0,"comment_status":"closed","ping_status":"closed","template":"","meta":{"_joinchat":[],"footnotes":""},"class_list":["post-80","page","type-page","status-publish","hentry"],"yoast_head":"<!-- This site is optimized with the Yoast SEO plugin v27.4 - https:\/\/yoast.com\/product\/yoast-seo-wordpress\/ -->\n<title>Administra\u00e7\u00e3o - FIRA - FACULDADES INTEGRADAS REGIONAIS DE AVAR\u00c9<\/title>\n<meta name=\"description\" content=\"Conhe\u00e7as os membros da administra\u00e7\u00e3o.\" \/>\n<meta name=\"robots\" content=\"index, follow, max-snippet:-1, max-image-preview:large, max-video-preview:-1\" \/>\n<link rel=\"canonical\" href=\"https:\/\/www.fira.edu.br\/site\/administracao\/\" \/>\n<meta property=\"og:locale\" content=\"pt_BR\" \/>\n<meta property=\"og:type\" content=\"article\" \/>\n<meta property=\"og:title\" content=\"Administra\u00e7\u00e3o - FIRA - FACULDADES INTEGRADAS REGIONAIS DE AVAR\u00c9\" \/>\n<meta property=\"og:description\" content=\"Conhe\u00e7as os membros da administra\u00e7\u00e3o.\" \/>\n<meta property=\"og:url\" content=\"https:\/\/www.fira.edu.br\/site\/administracao\/\" \/>\n<meta property=\"og:site_name\" content=\"FACULDADES INTEGRADAS REGIONAIS DE AVAR\u00c9\" \/>\n<meta property=\"article:modified_time\" content=\"2023-02-14T19:26:31+00:00\" \/>\n<meta name=\"twitter:label1\" content=\"Est. tempo de leitura\" \/>\n\t<meta name=\"twitter:data1\" content=\"1 minuto\" \/>\n<script type=\"application\/ld+json\" class=\"yoast-schema-graph\">{\"@context\":\"https:\\\/\\\/schema.org\",\"@graph\":[{\"@type\":\"WebPage\",\"@id\":\"https:\\\/\\\/www.fira.edu.br\\\/site\\\/administracao\\\/\",\"url\":\"https:\\\/\\\/www.fira.edu.br\\\/site\\\/administracao\\\/\",\"name\":\"Administra\u00e7\u00e3o - FIRA - FACULDADES INTEGRADAS REGIONAIS DE AVAR\u00c9\",\"isPartOf\":{\"@id\":\"https:\\\/\\\/www.fira.edu.br\\\/site\\\/#website\"},\"datePublished\":\"2013-02-18T14:23:12+00:00\",\"dateModified\":\"2023-02-14T19:26:31+00:00\",\"description\":\"Conhe\u00e7as os membros da administra\u00e7\u00e3o.\",\"breadcrumb\":{\"@id\":\"https:\\\/\\\/www.fira.edu.br\\\/site\\\/administracao\\\/#breadcrumb\"},\"inLanguage\":\"pt-BR\",\"potentialAction\":[{\"@type\":\"ReadAction\",\"target\":[\"https:\\\/\\\/www.fira.edu.br\\\/site\\\/administracao\\\/\"]}]},{\"@type\":\"BreadcrumbList\",\"@id\":\"https:\\\/\\\/www.fira.edu.br\\\/site\\\/administracao\\\/#breadcrumb\",\"itemListElement\":[{\"@type\":\"ListItem\",\"position\":1,\"name\":\"In\u00edcio\",\"item\":\"https:\\\/\\\/www.fira.edu.br\\\/site\\\/\"},{\"@type\":\"ListItem\",\"position\":2,\"name\":\"Administra\u00e7\u00e3o\"}]},{\"@type\":\"WebSite\",\"@id\":\"https:\\\/\\\/www.fira.edu.br\\\/site\\\/#website\",\"url\":\"https:\\\/\\\/www.fira.edu.br\\\/site\\\/\",\"name\":\"FACULDADES INTEGRADAS REGIONAIS DE AVAR\u00c9\",\"description\":\"A tradi\u00e7\u00e3o \u00e9 nossa. A oportunidade \u00e9 sua.\",\"publisher\":{\"@id\":\"https:\\\/\\\/www.fira.edu.br\\\/site\\\/#organization\"},\"potentialAction\":[{\"@type\":\"SearchAction\",\"target\":{\"@type\":\"EntryPoint\",\"urlTemplate\":\"https:\\\/\\\/www.fira.edu.br\\\/site\\\/?s={search_term_string}\"},\"query-input\":{\"@type\":\"PropertyValueSpecification\",\"valueRequired\":true,\"valueName\":\"search_term_string\"}}],\"inLanguage\":\"pt-BR\"},{\"@type\":\"Organization\",\"@id\":\"https:\\\/\\\/www.fira.edu.br\\\/site\\\/#organization\",\"name\":\"FACULDADES INTEGRADAS REGIONAIS DE AVAR\u00c9\",\"url\":\"https:\\\/\\\/www.fira.edu.br\\\/site\\\/\",\"logo\":{\"@type\":\"ImageObject\",\"inLanguage\":\"pt-BR\",\"@id\":\"https:\\\/\\\/www.fira.edu.br\\\/site\\\/#\\\/schema\\\/logo\\\/image\\\/\",\"url\":\"https:\\\/\\\/www.fira.edu.br\\\/site\\\/wp-content\\\/uploads\\\/2020\\\/12\\\/fira-teste-.png\",\"contentUrl\":\"https:\\\/\\\/www.fira.edu.br\\\/site\\\/wp-content\\\/uploads\\\/2020\\\/12\\\/fira-teste-.png\",\"width\":105,\"height\":105,\"caption\":\"FACULDADES INTEGRADAS REGIONAIS DE AVAR\u00c9\"},\"image\":{\"@id\":\"https:\\\/\\\/www.fira.edu.br\\\/site\\\/#\\\/schema\\\/logo\\\/image\\\/\"}}]}<\/script>\n<!-- \/ Yoast SEO plugin. -->","yoast_head_json":{"title":"Administra\u00e7\u00e3o - FIRA - FACULDADES INTEGRADAS REGIONAIS DE AVAR\u00c9","description":"Conhe\u00e7as os membros da administra\u00e7\u00e3o.","robots":{"index":"index","follow":"follow","max-snippet":"max-snippet:-1","max-image-preview":"max-image-preview:large","max-video-preview":"max-video-preview:-1"},"canonical":"https:\/\/www.fira.edu.br\/site\/administracao\/","og_locale":"pt_BR","og_type":"article","og_title":"Administra\u00e7\u00e3o - FIRA - FACULDADES INTEGRADAS REGIONAIS DE AVAR\u00c9","og_description":"Conhe\u00e7as os membros da administra\u00e7\u00e3o.","og_url":"https:\/\/www.fira.edu.br\/site\/administracao\/","og_site_name":"FACULDADES INTEGRADAS REGIONAIS DE AVAR\u00c9","article_modified_time":"2023-02-14T19:26:31+00:00","twitter_misc":{"Est. tempo de leitura":"1 minuto"},"schema":{"@context":"https:\/\/schema.org","@graph":[{"@type":"WebPage","@id":"https:\/\/www.fira.edu.br\/site\/administracao\/","url":"https:\/\/www.fira.edu.br\/site\/administracao\/","name":"Administra\u00e7\u00e3o - FIRA - FACULDADES INTEGRADAS REGIONAIS DE AVAR\u00c9","isPartOf":{"@id":"https:\/\/www.fira.edu.br\/site\/#website"},"datePublished":"2013-02-18T14:23:12+00:00","dateModified":"2023-02-14T19:26:31+00:00","description":"Conhe\u00e7as os membros da administra\u00e7\u00e3o.","breadcrumb":{"@id":"https:\/\/www.fira.edu.br\/site\/administracao\/#breadcrumb"},"inLanguage":"pt-BR","potentialAction":[{"@type":"ReadAction","target":["https:\/\/www.fira.edu.br\/site\/administracao\/"]}]},{"@type":"BreadcrumbList","@id":"https:\/\/www.fira.edu.br\/site\/administracao\/#breadcrumb","itemListElement":[{"@type":"ListItem","position":1,"name":"In\u00edcio","item":"https:\/\/www.fira.edu.br\/site\/"},{"@type":"ListItem","position":2,"name":"Administra\u00e7\u00e3o"}]},{"@type":"WebSite","@id":"https:\/\/www.fira.edu.br\/site\/#website","url":"https:\/\/www.fira.edu.br\/site\/","name":"FACULDADES INTEGRADAS REGIONAIS DE AVAR\u00c9","description":"A tradi\u00e7\u00e3o \u00e9 nossa. A oportunidade \u00e9 sua.","publisher":{"@id":"https:\/\/www.fira.edu.br\/site\/#organization"},"potentialAction":[{"@type":"SearchAction","target":{"@type":"EntryPoint","urlTemplate":"https:\/\/www.fira.edu.br\/site\/?s={search_term_string}"},"query-input":{"@type":"PropertyValueSpecification","valueRequired":true,"valueName":"search_term_string"}}],"inLanguage":"pt-BR"},{"@type":"Organization","@id":"https:\/\/www.fira.edu.br\/site\/#organization","name":"FACULDADES INTEGRADAS REGIONAIS DE AVAR\u00c9","url":"https:\/\/www.fira.edu.br\/site\/","logo":{"@type":"ImageObject","inLanguage":"pt-BR","@id":"https:\/\/www.fira.edu.br\/site\/#\/schema\/logo\/image\/","url":"https:\/\/www.fira.edu.br\/site\/wp-content\/uploads\/2020\/12\/fira-teste-.png","contentUrl":"https:\/\/www.fira.edu.br\/site\/wp-content\/uploads\/2020\/12\/fira-teste-.png","width":105,"height":105,"caption":"FACULDADES INTEGRADAS REGIONAIS DE AVAR\u00c9"},"image":{"@id":"https:\/\/www.fira.edu.br\/site\/#\/schema\/logo\/image\/"}}]}},"jetpack_sharing_enabled":true,"_links":{"self":[{"href":"https:\/\/www.fira.edu.br\/site\/wp-json\/wp\/v2\/pages\/80","targetHints":{"allow":["GET"]}}],"collection":[{"href":"https:\/\/www.fira.edu.br\/site\/wp-json\/wp\/v2\/pages"}],"about":[{"href":"https:\/\/www.fira.edu.br\/site\/wp-json\/wp\/v2\/types\/page"}],"author":[{"embeddable":true,"href":"https:\/\/www.fira.edu.br\/site\/wp-json\/wp\/v2\/users\/2"}],"replies":[{"embeddable":true,"href":"https:\/\/www.fira.edu.br\/site\/wp-json\/wp\/v2\/comments?post=80"}],"version-history":[{"count":21,"href":"https:\/\/www.fira.edu.br\/site\/wp-json\/wp\/v2\/pages\/80\/revisions"}],"predecessor-version":[{"id":13960,"href":"https:\/\/www.fira.edu.br\/site\/wp-json\/wp\/v2\/pages\/80\/revisions\/13960"}],"wp:attachment":[{"href":"https:\/\/www.fira.edu.br\/site\/wp-json\/wp\/v2\/media?parent=80"}],"curies":[{"name":"wp","href":"https:\/\/api.w.org\/{rel}","templated":true}]}}

Administração

<p><strong>Conheça os membros da administração.</strong></p>
<p>Presidente: <strong>Edson Gabriel da Silva</strong><br />
Diretor Executivo: <strong>Luiz Mourato Neto<br />
</strong>Diretor Financeiro: <strong>Rogério Silvestre<br />
</strong>Secretária Geral:<strong> Regina Helena de Faria Ferrazini<br />
</strong>Diretora Pedagógica: <strong>Profa. </strong><strong>Lucilene Patrícia Mazzolin<br />
</strong>Coordenador dos Cursos de Ciências Biológicas, Matemática e Eventos: <strong><br />
</strong>Coordenadora dos Cursos de Artes, História, Letras e Pedagogia: <strong>Profa. </strong><b>Rosângela Aparecida Araujo Ferreira</b><br />
Coordenadora dos Cursos de Educação Física (Licenciatura e Bacharelado): <strong>Luiz Carlos Alves Junior</strong><br />
Secretário da Coordenação:<strong> Márcio Sanches</strong></p>
<p>&nbsp;</p>
<p>&nbsp;</p>

<p>Conheça os membros da administração. Presidente: Edson Gabriel da Silva Diretor Executivo: Luiz Mourato Neto Diretor Financeiro: Rogério Silvestre Secretária Geral: Regina Helena de Faria Ferrazini Diretora Pedagógica: Profa. Lucilene Patrícia Mazzolin Coordenador dos Cursos de Ciências Biológicas, Matemática e Eventos:  Coordenadora dos Cursos de Artes, História, Letras e Pedagogia: Profa. Rosângela Aparecida Araujo Ferreira Coordenadora dos Cursos de&hellip; <br /> <a class="read-more" href="https://www.fira.edu.br/site/administracao/">Leia mais</a></p>

<!-- This site is optimized with the Yoast SEO plugin v27.4 - https://yoast.com/product/yoast-seo-wordpress/ -->
<title>Administração - FIRA - FACULDADES INTEGRADAS REGIONAIS DE AVARÉ</title>
<meta name="description" content="Conheças os membros da administração." />
<meta name="robots" content="index, follow, max-snippet:-1, max-image-preview:large, max-video-preview:-1" />
<link rel="canonical" href="https://www.fira.edu.br/site/administracao/" />
<meta property="og:locale" content="pt_BR" />
<meta property="og:type" content="article" />
<meta property="og:title" content="Administração - FIRA - FACULDADES INTEGRADAS REGIONAIS DE AVARÉ" />
<meta property="og:description" content="Conheças os membros da administração." />
<meta property="og:url" content="https://www.fira.edu.br/site/administracao/" />
<meta property="og:site_name" content="FACULDADES INTEGRADAS REGIONAIS DE AVARÉ" />
<meta property="article:modified_time" content="2023-02-14T19:26:31+00:00" />
<meta name="twitter:label1" content="Est. tempo de leitura" />
	<meta name="twitter:data1" content="1 minuto" />
<script type="application/ld+json" class="yoast-schema-graph">{"@context":"https:\/\/schema.org","@graph":[{"@type":"WebPage","@id":"https:\/\/www.fira.edu.br\/site\/administracao\/","url":"https:\/\/www.fira.edu.br\/site\/administracao\/","name":"Administração - FIRA - FACULDADES INTEGRADAS REGIONAIS DE AVARÉ","isPartOf":{"@id":"https:\/\/www.fira.edu.br\/site\/#website"},"datePublished":"2013-02-18T14:23:12+00:00","dateModified":"2023-02-14T19:26:31+00:00","description":"Conheças os membros da administração.","breadcrumb":{"@id":"https:\/\/www.fira.edu.br\/site\/administracao\/#breadcrumb"},"inLanguage":"pt-BR","potentialAction":[{"@type":"ReadAction","target":["https:\/\/www.fira.edu.br\/site\/administracao\/"]}]},{"@type":"BreadcrumbList","@id":"https:\/\/www.fira.edu.br\/site\/administracao\/#breadcrumb","itemListElement":[{"@type":"ListItem","position":1,"name":"Início","item":"https:\/\/www.fira.edu.br\/site\/"},{"@type":"ListItem","position":2,"name":"Administração"}]},{"@type":"WebSite","@id":"https:\/\/www.fira.edu.br\/site\/#website","url":"https:\/\/www.fira.edu.br\/site\/","name":"FACULDADES INTEGRADAS REGIONAIS DE AVARÉ","description":"A tradição é nossa. A oportunidade é sua.","publisher":{"@id":"https:\/\/www.fira.edu.br\/site\/#organization"},"potentialAction":[{"@type":"SearchAction","target":{"@type":"EntryPoint","urlTemplate":"https:\/\/www.fira.edu.br\/site\/?s={search_term_string}"},"query-input":{"@type":"PropertyValueSpecification","valueRequired":true,"valueName":"search_term_string"}}],"inLanguage":"pt-BR"},{"@type":"Organization","@id":"https:\/\/www.fira.edu.br\/site\/#organization","name":"FACULDADES INTEGRADAS REGIONAIS DE AVARÉ","url":"https:\/\/www.fira.edu.br\/site\/","logo":{"@type":"ImageObject","inLanguage":"pt-BR","@id":"https:\/\/www.fira.edu.br\/site\/#\/schema\/logo\/image\/","url":"https:\/\/www.fira.edu.br\/site\/wp-content\/uploads\/2020\/12\/fira-teste-.png","contentUrl":"https:\/\/www.fira.edu.br\/site\/wp-content\/uploads\/2020\/12\/fira-teste-.png","width":105,"height":105,"caption":"FACULDADES INTEGRADAS REGIONAIS DE AVARÉ"},"image":{"@id":"https:\/\/www.fira.edu.br\/site\/#\/schema\/logo\/image\/"}}]}</script>
<!-- / Yoast SEO plugin. -->

Administração - FIRA - FACULDADES INTEGRADAS REGIONAIS DE AVARÉ

Conheças os membros da administração.

FACULDADES INTEGRADAS REGIONAIS DE AVARÉ

Início

A tradição é nossa. A oportunidade é sua.
